{"id":1036,"date":"2015-07-07T19:22:18","date_gmt":"2015-07-07T19:22:18","guid":{"rendered":"https:\/\/www.bazarmerlin.com\/inicio\/?post_type=product&#038;p=1036"},"modified":"2022-11-04T23:57:11","modified_gmt":"2022-11-04T23:57:11","slug":"figura-kwan-yin-en-resina-diosa-de-misericordia-y-amor","status":"publish","type":"product","link":"https:\/\/www.bazarmerlin.com\/inicio\/producto\/figura-kwan-yin-en-resina-diosa-de-misericordia-y-amor\/","title":{"rendered":"Figura Kwan Yin En Resina &#8211; Diosa De Misericordia Y Amor"},"content":{"rendered":"<p><strong>HERMOSA FIGURA DE KWAN YIN (QUAN YIN) EN RESINA<\/strong><\/p>\n<p>&nbsp;<\/p>\n<p>&#8220;ENVIO GRATIS A TODO M\u00c9XICO&#8221;<\/p>\n<p>&#8211; Medidas aproximadas: 23 cm de alto<br \/>\n&#8211; Material Resina con destellos dorados<br \/>\n&#8220;La mejor calidad del mercado&#8221;<br \/>\n&#8211; Resuelve todas tus dudas antes de ofertar<\/p>\n<p>Es la Diosa de la Misericordia para el budismo chino y el Buda de la Compasi\u00f3n para el budismo tibetano. Guardiana del mundo, ayuda a toda persona en peligro que la invoque.<\/p>\n<p>Es la protectora de los ni\u00f1os y las mujeres, especialmente de las embarazadas. Patrona de las mujeres y del parto. Kwan Yin, escucha las oraciones de todos aquellos que desean tener hijos.<\/p>\n<p>Es la diosa de los que desean ser padres. Es la guardiana de todos los hogares y orfanatos. Brinda su amorosa protecci\u00f3n a las madres solteras y sus hijos ileg\u00edtimos, as\u00ed como las futuras madres, sean estas ayudadas o no por el padre de la criatura, acogi\u00e9ndose a su amorosa protecci\u00f3n.<\/p>\n<p>&nbsp;<\/p>\n<p>&nbsp;<\/p>\n<p><strong>BAZAR MERLIN<\/strong><br \/>\n<strong>El Lugar M\u00e1s M\u00edstico de Guadalajara<\/strong><br \/>\n<strong>ENVIAMOS A TODO M\u00c9XICO<\/strong><\/p>\n<!-- AddThis Advanced Settings generic via filter on the_content --><!-- AddThis Share Buttons generic via filter on the_content -->","protected":false},"excerpt":{"rendered":"<p>HERMOSA FIGURA DE KWAN YIN (QUAN YIN) EN RESINA &nbsp; &#8220;ENVIO GRATIS A TODO M\u00c9XICO&#8221; &#8211; Medidas aproximadas: 23 cm de alto &#8211; Material Resina con destellos dorados &#8220;La mejor calidad del mercado&#8221; &#8211; Resuelve todas tus dudas antes de ofertar Es la Diosa de la Misericordia para el budismo chino y el Buda de&hellip;<!-- AddThis Advanced Settings generic via filter on get_the_excerpt --><!-- AddThis Share Buttons generic via filter on get_the_excerpt --><\/p>\n","protected":false},"featured_media":10667,"template":"","meta":[],"product_cat":[12],"product_tag":[695,694],"_links":{"self":[{"href":"https:\/\/www.bazarmerlin.com\/inicio\/wp-json\/wp\/v2\/product\/1036"}],"collection":[{"href":"https:\/\/www.bazarmerlin.com\/inicio\/wp-json\/wp\/v2\/product"}],"about":[{"href":"https:\/\/www.bazarmerlin.com\/inicio\/wp-json\/wp\/v2\/types\/product"}],"wp:featuredmedia":[{"embeddable":true,"href":"https:\/\/www.bazarmerlin.com\/inicio\/wp-json\/wp\/v2\/media\/10667"}],"wp:attachment":[{"href":"https:\/\/www.bazarmerlin.com\/inicio\/wp-json\/wp\/v2\/media?parent=1036"}],"wp:term":[{"taxonomy":"product_cat","embeddable":true,"href":"https:\/\/www.bazarmerlin.com\/inicio\/wp-json\/wp\/v2\/product_cat?post=1036"},{"taxonomy":"product_tag","embeddable":true,"href":"https:\/\/www.bazarmerlin.com\/inicio\/wp-json\/wp\/v2\/product_tag?post=1036"}],"curies":[{"name":"wp","href":"https:\/\/api.w.org\/{rel}","templated":true}]}}