{"id":1048,"date":"2015-07-07T19:36:02","date_gmt":"2015-07-07T19:36:02","guid":{"rendered":"https:\/\/www.bazarmerlin.com\/inicio\/?post_type=product&#038;p=1048"},"modified":"2025-04-23T18:23:24","modified_gmt":"2025-04-23T18:23:24","slug":"anillo-atlante-bimetal-oro-10-kilates-y-plata-925","status":"publish","type":"product","link":"https:\/\/www.bazarmerlin.com\/inicio\/producto\/anillo-atlante-bimetal-oro-10-kilates-y-plata-925\/","title":{"rendered":"Anillo Atlante Bimetal En Oro 10 Kilates Y Plata &#8211; Artesanal"},"content":{"rendered":"<h3><strong>ANILLO ATLANTE ORO DE 10K Y PLATA LEY .925<\/strong><br \/>\n<strong>ANILLO ATLANTE ARTESANAL<\/strong><\/h3>\n<p>&nbsp;<\/p>\n<p>AHORA M\u00c1S EFICAZ Y MEJORADO EN SUS DETALLES ARTESANALES<\/p>\n<p>ANILLO MUY PODEROSO DEBIDO A SU SIMBOLOG\u00cdA ESOT\u00c9RICA Y MILENARIA.<\/p>\n<p>TE SIRVE PARA:<\/p>\n<p>&#8211; PROTEGERTE contra vibraciones negativas, accidentes, maleficio, mala suerte y cualquier trabajo de magia.<\/p>\n<p>&#8211; ABRIRTE CAMINOS:<br \/>\nEn todo lo que emprendas, mejora tus cuestiones amorosas, laborales y econ\u00f3micas.<\/p>\n<p>&#8211; DESARROLLA:<br \/>\nTu premonici\u00f3n y telepat\u00eda extrasensorial.<\/p>\n<p>ADEM\u00c1S, NUESTROS CLIENTES QUE HAN PORTADO NUESTROS ANILLOS ATLANTE HAN COMENTADO QUE:<\/p>\n<p>*Disminuye o elimina perturbaciones psicol\u00f3gicas, aumenta el buen humor y la autoestima.<br \/>\n*Protege contra accidentes inminentes.<br \/>\n*Propicia mayores ventas y \u00e9xito en los negocios.<br \/>\n*Incrementa la econom\u00eda, disminuye deudas y propicia el ahorro del dinero.<br \/>\n*Acelera la sanaci\u00f3n de enfermedades.<br \/>\n*Potencia la memoria, lo cual favorece a repeler enfermedades como el Aizheimer.<\/p>\n<p>Las 6 figuras geom\u00e9tricas o aristas, son las que permiten capturar, acomular, potenciar y emitir energ\u00eda c\u00f3smica, en forma de vibraciones electromagn\u00e9ticas, formando una red que condensa la energ\u00eda redistribuyendo en ambos sentidos hacia los tri\u00e1ngulos, por medio de leyes y fen\u00f3menos a\u00fan desconocidos, pero comprobados por m\u00faltiples experiencias con la c\u00e1mara de DGV. (C\u00e1mara kirlian).<\/p>\n<p>El anillo Atlante tiene 4 orificios diametralmente opuestos, son las v\u00edas a trav\u00e9s de las cuales fluyen las energ\u00edas, las positivas hacia el interior, por los orificios de los tri\u00e1ngulos is\u00f3sceles y las energ\u00edas hacia el exterior por los otros dos, formando as\u00ed un c\u00edrculo bioenergetico que transforma permanentemente las energ\u00edas negativas en positivas, qu\u00e9 fluyen y se multiplican a trav\u00e9s de la l\u00ednea del infinito.<\/p>\n<p>En el interior del anillo est\u00e1 la figura del infinito tambi\u00e9n llamada lemniscasta, es la figura que describe la forma de vibraci\u00f3n de la energ\u00eda, cuya funci\u00f3n es servir de multiplicador, suministrando energ\u00eda positiva y extrayendo energ\u00eda negativa, el s\u00edmbolo describe la vibraci\u00f3n de la energ\u00eda transfiriendo esta energ\u00eda a los cuatro energ\u00e9ticos vitales como, los chakras, sobre los cuales act\u00faa el anillo. No tiene principio ni fin.<\/p>\n<p>La &#8220;onda de forma Luxor&#8221;. Es el relieve central que se encuentra en el Anillo Atlante. Las tres l\u00edneas forman una rejilla que absorbe las energ\u00edas.<\/p>\n<p>&nbsp;<\/p>\n<p>&nbsp;<\/p>\n<p><strong>BAZAR MERLIN<\/strong><br \/>\n<strong>El Lugar M\u00e1s M\u00edstico de Guadalajara<\/strong><br \/>\n<strong>ENVIAMOS A TODO M\u00c9XICO<\/strong><\/p>\n<!-- AddThis Advanced Settings generic via filter on the_content --><!-- AddThis Share Buttons generic via filter on the_content -->","protected":false},"excerpt":{"rendered":"<p>ANILLO ATLANTE ORO DE 10K Y PLATA LEY .925 ANILLO ATLANTE ARTESANAL &nbsp; AHORA M\u00c1S EFICAZ Y MEJORADO EN SUS DETALLES ARTESANALES ANILLO MUY PODEROSO DEBIDO A SU SIMBOLOG\u00cdA ESOT\u00c9RICA Y MILENARIA. TE SIRVE PARA: &#8211; PROTEGERTE contra vibraciones negativas, accidentes, maleficio, mala suerte y cualquier trabajo de magia. &#8211; ABRIRTE CAMINOS: En todo lo&hellip;<!-- AddThis Advanced Settings generic via filter on get_the_excerpt --><!-- AddThis Share Buttons generic via filter on get_the_excerpt --><\/p>\n","protected":false},"featured_media":11067,"template":"","meta":[],"product_cat":[23],"product_tag":[699,700],"_links":{"self":[{"href":"https:\/\/www.bazarmerlin.com\/inicio\/wp-json\/wp\/v2\/product\/1048"}],"collection":[{"href":"https:\/\/www.bazarmerlin.com\/inicio\/wp-json\/wp\/v2\/product"}],"about":[{"href":"https:\/\/www.bazarmerlin.com\/inicio\/wp-json\/wp\/v2\/types\/product"}],"wp:featuredmedia":[{"embeddable":true,"href":"https:\/\/www.bazarmerlin.com\/inicio\/wp-json\/wp\/v2\/media\/11067"}],"wp:attachment":[{"href":"https:\/\/www.bazarmerlin.com\/inicio\/wp-json\/wp\/v2\/media?parent=1048"}],"wp:term":[{"taxonomy":"product_cat","embeddable":true,"href":"https:\/\/www.bazarmerlin.com\/inicio\/wp-json\/wp\/v2\/product_cat?post=1048"},{"taxonomy":"product_tag","embeddable":true,"href":"https:\/\/www.bazarmerlin.com\/inicio\/wp-json\/wp\/v2\/product_tag?post=1048"}],"curies":[{"name":"wp","href":"https:\/\/api.w.org\/{rel}","templated":true}]}}