{"id":1076,"date":"2015-07-08T18:55:20","date_gmt":"2015-07-08T18:55:20","guid":{"rendered":"https:\/\/www.bazarmerlin.com\/inicio\/?post_type=product&#038;p=1076"},"modified":"2023-01-03T00:58:40","modified_gmt":"2023-01-03T00:58:40","slug":"cuarzo-amatista-o-morado-por-kilo-importado-de-brasil","status":"publish","type":"product","link":"https:\/\/www.bazarmerlin.com\/inicio\/producto\/cuarzo-amatista-o-morado-por-kilo-importado-de-brasil\/","title":{"rendered":"Cuarzo Amatista O Morado Por Kilo &#8211; Importado De Brasil"},"content":{"rendered":"<p><strong>CUARZO TRANSPARENTE POR KILO<\/strong><\/p>\n<p>&nbsp;<\/p>\n<p>Usados para sanaci\u00f3n a todo nivel, MEDITACI\u00d3N, REPROGRAMACI\u00d3N, TRANSFORMACI\u00d3N Y PROTECCI\u00d3N.<\/p>\n<p>Son los mejores transmisores y generadores energ\u00e9ticos.<br \/>\nDetecta y remueve bloqueos energ\u00e9ticos apartando las frecuencias negativas.<br \/>\nAumenta los poderes ps\u00edquicos y puede cruzar de una dimensi\u00f3n a otra.<br \/>\nTiene poderosas cualidades curativas, atrae y trasmite energ\u00eda, y se utiliza para armonizar el aura.<br \/>\nBen\u00e9fico en el chakra card\u00edaco. Aumenta los poderes ps\u00edquicos y es un elemento<br \/>\nmagn\u00edfico para concentrarse, meditar y comunicarse telep\u00e1ticamente con otras personas.<br \/>\nPoderoso en la protecci\u00f3n personal. Para efectos de curaci\u00f3n es importante el tama\u00f1o del cristal.<br \/>\nTiene tonos, sonidos, vibraciones y energ\u00edas que dan protecci\u00f3n y luz contra toda negatividad.<br \/>\nEL CUARZO ES UN PODEROSO AGENTE CURATIVO, abarca el espectro de energ\u00eda,<br \/>\ndisipa la energ\u00eda negativa del cuerpo y del ambiente, amplifica, transmite y activa la energ\u00eda positiva,<br \/>\napropiado para la meditaci\u00f3n, act\u00faa sobre todos los chakras.<\/p>\n<p>&nbsp;<\/p>\n<p>&nbsp;<\/p>\n<p><strong>BAZAR MERLIN<\/strong><br \/>\n<strong>El Lugar M\u00e1s M\u00edstico de Guadalajara<\/strong><br \/>\n<strong>ENVIAMOS A TODO M\u00c9XICO&#8230;<\/strong><\/p>\n<!-- AddThis Advanced Settings generic via filter on the_content --><!-- AddThis Share Buttons generic via filter on the_content -->","protected":false},"excerpt":{"rendered":"<p>CUARZO TRANSPARENTE POR KILO &nbsp; Usados para sanaci\u00f3n a todo nivel, MEDITACI\u00d3N, REPROGRAMACI\u00d3N, TRANSFORMACI\u00d3N Y PROTECCI\u00d3N. Son los mejores transmisores y generadores energ\u00e9ticos. Detecta y remueve bloqueos energ\u00e9ticos apartando las frecuencias negativas. Aumenta los poderes ps\u00edquicos y puede cruzar de una dimensi\u00f3n a otra. Tiene poderosas cualidades curativas, atrae y trasmite energ\u00eda, y se utiliza&hellip;<!-- AddThis Advanced Settings generic via filter on get_the_excerpt --><!-- AddThis Share Buttons generic via filter on get_the_excerpt --><\/p>\n","protected":false},"featured_media":11325,"template":"","meta":[],"product_cat":[11],"product_tag":[708,705],"_links":{"self":[{"href":"https:\/\/www.bazarmerlin.com\/inicio\/wp-json\/wp\/v2\/product\/1076"}],"collection":[{"href":"https:\/\/www.bazarmerlin.com\/inicio\/wp-json\/wp\/v2\/product"}],"about":[{"href":"https:\/\/www.bazarmerlin.com\/inicio\/wp-json\/wp\/v2\/types\/product"}],"wp:featuredmedia":[{"embeddable":true,"href":"https:\/\/www.bazarmerlin.com\/inicio\/wp-json\/wp\/v2\/media\/11325"}],"wp:attachment":[{"href":"https:\/\/www.bazarmerlin.com\/inicio\/wp-json\/wp\/v2\/media?parent=1076"}],"wp:term":[{"taxonomy":"product_cat","embeddable":true,"href":"https:\/\/www.bazarmerlin.com\/inicio\/wp-json\/wp\/v2\/product_cat?post=1076"},{"taxonomy":"product_tag","embeddable":true,"href":"https:\/\/www.bazarmerlin.com\/inicio\/wp-json\/wp\/v2\/product_tag?post=1076"}],"curies":[{"name":"wp","href":"https:\/\/api.w.org\/{rel}","templated":true}]}}