{"id":1086,"date":"2015-07-08T19:10:35","date_gmt":"2015-07-08T19:10:35","guid":{"rendered":"https:\/\/www.bazarmerlin.com\/inicio\/?post_type=product&#038;p=1086"},"modified":"2022-11-15T00:11:35","modified_gmt":"2022-11-15T00:11:35","slug":"medalla-de-san-martin-caballero-proteccion","status":"publish","type":"product","link":"https:\/\/www.bazarmerlin.com\/inicio\/producto\/medalla-de-san-martin-caballero-proteccion\/","title":{"rendered":"Talisman De San Mart\u00edn Caballero &#8211; Protecci\u00f3n"},"content":{"rendered":"<div style=\"text-align: center;\">\n<div style=\"text-align: center;\">\n<div style=\"text-align: left;\"><a href=\"https:\/\/www.bazarmerlin.com\/inicio\/wp-content\/uploads\/2015\/07\/medalla_san_martin_caballero_diseno.jpg\"><br \/>\n<\/a><strong>TALISMAN DE SAN MART\u00cdN CABALLERO &#8211;<\/strong><br \/>\n<strong>PROTECCI\u00d3N Y REFORZADO CON PENTAGRAMA<\/strong><\/div>\n<div style=\"text-align: left;\">Hecho en 7 Metales y Encapsulado en Resina.OJO: En cuanto haces tu compra nos ponemos de acuerdo para decirte<br \/>\nque COLORES TENEMOS EN EXISTENCIA y puedas tu seleccionar.La Medalla San Mart\u00edn Caballero es un poderoso amuleto para atraer felicidad y prosperidad a tu vida. Para la suerte en el negocio, trabajo, e inversiones.La medalla est\u00e1 hecha con una aleaci\u00f3n de oro y cobre utilizada por los espa\u00f1oles en la Am\u00e9rica precolombina. Esta aleaci\u00f3n convierte al metal en m\u00e1s resistente y era utilizado para la fabricaci\u00f3n de objetos religiosos.Un Amuleto es un objeto, ya sea natural o artificial. Con tu fe depositada en \u00e9l, m\u00e1s sus poderes m\u00e1gicos, conseguir\u00e1s atraer hacia ti Buenas energ\u00edas, Protecci\u00f3n, Felicidad, Suerte o Trabajo.En el reverso de todas nuestras medallas encontrar\u00e1s un Tetragramaton, poderoso Amuleto contra la Magia negra, Energ\u00edas negativas y malos esp\u00edritus. Poderoso protector, s\u00edmbolo del Equilibrio espiritual, f\u00edsico y mental.<\/div>\n<\/div>\n<\/div>\n<p>&nbsp;<\/p>\n<p>&nbsp;<\/p>\n<div style=\"text-align: center;\">\n<div style=\"text-align: center;\">\n<div style=\"text-align: left;\">\n<p><strong>BAZAR MERLIN<\/strong><br \/>\n<strong>El Lugar M\u00e1s M\u00edstico de Guadalajara<\/strong><br \/>\n<strong>ENVIAMOS A TODO M\u00c9XICO\u2026<\/strong><\/p>\n<\/div>\n<\/div>\n<\/div>\n<p>&nbsp;<\/p>\n<!-- AddThis Advanced Settings generic via filter on the_content --><!-- AddThis Share Buttons generic via filter on the_content -->","protected":false},"excerpt":{"rendered":"<p>TALISMAN DE SAN MART\u00cdN CABALLERO &#8211; PROTECCI\u00d3N Y REFORZADO CON PENTAGRAMA Hecho en 7 Metales y Encapsulado en Resina.OJO: En cuanto haces tu compra nos ponemos de acuerdo para decirte que COLORES TENEMOS EN EXISTENCIA y puedas tu seleccionar.La Medalla San Mart\u00edn Caballero es un poderoso amuleto para atraer felicidad y prosperidad a tu vida.&hellip;<!-- AddThis Advanced Settings generic via filter on get_the_excerpt --><!-- AddThis Share Buttons generic via filter on get_the_excerpt --><\/p>\n","protected":false},"featured_media":10742,"template":"","meta":[],"product_cat":[12],"product_tag":[57,716],"_links":{"self":[{"href":"https:\/\/www.bazarmerlin.com\/inicio\/wp-json\/wp\/v2\/product\/1086"}],"collection":[{"href":"https:\/\/www.bazarmerlin.com\/inicio\/wp-json\/wp\/v2\/product"}],"about":[{"href":"https:\/\/www.bazarmerlin.com\/inicio\/wp-json\/wp\/v2\/types\/product"}],"wp:featuredmedia":[{"embeddable":true,"href":"https:\/\/www.bazarmerlin.com\/inicio\/wp-json\/wp\/v2\/media\/10742"}],"wp:attachment":[{"href":"https:\/\/www.bazarmerlin.com\/inicio\/wp-json\/wp\/v2\/media?parent=1086"}],"wp:term":[{"taxonomy":"product_cat","embeddable":true,"href":"https:\/\/www.bazarmerlin.com\/inicio\/wp-json\/wp\/v2\/product_cat?post=1086"},{"taxonomy":"product_tag","embeddable":true,"href":"https:\/\/www.bazarmerlin.com\/inicio\/wp-json\/wp\/v2\/product_tag?post=1086"}],"curies":[{"name":"wp","href":"https:\/\/api.w.org\/{rel}","templated":true}]}}