{"id":1092,"date":"2022-05-20T12:44:58","date_gmt":"2022-05-20T12:44:58","guid":{"rendered":"https:\/\/www.bazarmerlin.com\/inicio\/?post_type=product&#038;p=1092"},"modified":"2022-11-08T00:45:58","modified_gmt":"2022-11-08T00:45:58","slug":"medalla-san-benito-encapsulada-en-resina-contra-maleficios","status":"publish","type":"product","link":"https:\/\/www.bazarmerlin.com\/inicio\/producto\/medalla-san-benito-encapsulada-en-resina-contra-maleficios\/","title":{"rendered":"Medalla De San Benito En Chapa De Oro &#8211; Fondo O Resina Negra"},"content":{"rendered":"<div style=\"text-align: center;\">\n<div style=\"text-align: left;\"><strong>MEDALLA SAN BENITO EN RESINA<\/strong><\/div>\n<div style=\"text-align: left;\"><em><strong>Consagrada y Preparada.<\/strong><\/em><\/div>\n<div><\/div>\n<\/div>\n<p><em>LA MEJOR PROTECCION CONTRA MALEFICIOS Y MAL DE OJO.<\/em><\/p>\n<p>Esta hermosa Medalla se encuentra por el frente con la imagen del Santo Patriarca y por la vuelta la Cruz de San Benito con las letras iniciales de la siguiente oraci\u00f3n:<\/p>\n<p>Crux Sancti Patris Benedicti<br \/>\nCruz del Santo Padre Benito<\/p>\n<p>Crux Sacra Sit Mihi Lux<br \/>\nMi luz sea la cruz santa,<\/p>\n<p>Non Draco Sit Mihi Dux<br \/>\nNo sea el demonio mi gu\u00eda<\/p>\n<p>Vade Retro Satina<br \/>\n\u00a1Ap\u00e1rtate, Satan\u00e1s!<\/p>\n<p>Numquam Suade Mihi Vana<br \/>\nNo sugieras cosas vanas,<\/p>\n<p>Sunt Mala Quae Libas<br \/>\nPues maldad es lo que brindas<\/p>\n<p>Ipse Venena Bibas<br \/>\nBebe t\u00fa mismo el veneno.<\/p>\n<p>La Medalla de San Benito ha sido propagada por el mundo desde hace m\u00e1s de 300 a\u00f1os por su gran poder y fuerza espiritual que tiene a quien la porte, especialmente portada por los Monjes Benedictos cubre por su eficacia ante cualquier Demonio y sus manifestaciones; en defensa contra Maleficios de cualquier genero, contra enfermedades, como previene cualquier tipo de accidente en casa, veh\u00edculos o negocios, ayuda a atraer el \u00e9xito a quien la porte por el poder de su simbolog\u00eda.<\/p>\n<p>&nbsp;<\/p>\n<p>&nbsp;<\/p>\n<p><strong>BAZAR MERLIN<\/strong><br \/>\n<strong>El Lugar M\u00e1s M\u00edstico de Guadalajara<\/strong><br \/>\n<strong>ENVIAMOS A TODO M\u00c9XICO<\/strong>&#8230;<\/p>\n<!-- AddThis Advanced Settings generic via filter on the_content --><!-- AddThis Share Buttons generic via filter on the_content -->","protected":false},"excerpt":{"rendered":"<p>MEDALLA SAN BENITO EN RESINA Consagrada y Preparada. LA MEJOR PROTECCION CONTRA MALEFICIOS Y MAL DE OJO. Esta hermosa Medalla se encuentra por el frente con la imagen del Santo Patriarca y por la vuelta la Cruz de San Benito con las letras iniciales de la siguiente oraci\u00f3n: Crux Sancti Patris Benedicti Cruz del Santo&hellip;<!-- AddThis Advanced Settings generic via filter on get_the_excerpt --><!-- AddThis Share Buttons generic via filter on get_the_excerpt --><\/p>\n","protected":false},"featured_media":10677,"template":"","meta":[],"product_cat":[12],"product_tag":[720,719],"_links":{"self":[{"href":"https:\/\/www.bazarmerlin.com\/inicio\/wp-json\/wp\/v2\/product\/1092"}],"collection":[{"href":"https:\/\/www.bazarmerlin.com\/inicio\/wp-json\/wp\/v2\/product"}],"about":[{"href":"https:\/\/www.bazarmerlin.com\/inicio\/wp-json\/wp\/v2\/types\/product"}],"wp:featuredmedia":[{"embeddable":true,"href":"https:\/\/www.bazarmerlin.com\/inicio\/wp-json\/wp\/v2\/media\/10677"}],"wp:attachment":[{"href":"https:\/\/www.bazarmerlin.com\/inicio\/wp-json\/wp\/v2\/media?parent=1092"}],"wp:term":[{"taxonomy":"product_cat","embeddable":true,"href":"https:\/\/www.bazarmerlin.com\/inicio\/wp-json\/wp\/v2\/product_cat?post=1092"},{"taxonomy":"product_tag","embeddable":true,"href":"https:\/\/www.bazarmerlin.com\/inicio\/wp-json\/wp\/v2\/product_tag?post=1092"}],"curies":[{"name":"wp","href":"https:\/\/api.w.org\/{rel}","templated":true}]}}