{"id":1143,"date":"2015-07-09T22:18:11","date_gmt":"2015-07-09T22:18:11","guid":{"rendered":"https:\/\/www.bazarmerlin.com\/inicio\/?post_type=product&#038;p=1143"},"modified":"2022-10-31T23:03:38","modified_gmt":"2022-10-31T23:03:38","slug":"amuleto-o-talisman-billete-de-100-dolares-abundancia","status":"publish","type":"product","link":"https:\/\/www.bazarmerlin.com\/inicio\/producto\/amuleto-o-talisman-billete-de-100-dolares-abundancia\/","title":{"rendered":"Amuleto O Talisman Billete De 100 Dolares &#8211; Abundancia"},"content":{"rendered":"<p><strong>AMULETO BILLETE DE 100 DOLARES<\/strong><br \/>\n<strong>ATRAE ABUNDANCIA Y DINERO A TU VIDA<\/strong><\/p>\n<p>&nbsp;<\/p>\n<p>Hermoso billete de la suerte de metal plastificado. Para traerlo en tu bolso o billetera<\/p>\n<p>La tradici\u00f3n de llevar un dolar en la cartera, en el bolso \u00f3 por los bolsillos, se ha popularizado de tal manera que casi nadie se ha fijado en las caracter\u00edsticas particulares del billete para hallar las cualidades m\u00e1gicas a las que atribuyen sus poderes de atracci\u00f3n y abundancia<\/p>\n<p>Recuerde que quien carga un d\u00f3lar en o monedero atraer\u00e1 la prosperidad y dinero.<\/p>\n<p>PUEDE SER TUYO RECUERDA QUE ES DE LA SUERTE.<\/p>\n<p>&nbsp;<\/p>\n<p>&nbsp;<\/p>\n<p>&nbsp;<\/p>\n<p><strong>BAZAR\u00a0<\/strong><b>MERL\u00cdN<\/b><br \/>\n<strong>El Lugar M\u00e1s M\u00edstico de Guadalajara<\/strong><br \/>\n<strong>ENVIAMOS A TODO M\u00c9XICO&#8230;<\/strong><\/p>\n<!-- AddThis Advanced Settings generic via filter on the_content --><!-- AddThis Share Buttons generic via filter on the_content -->","protected":false},"excerpt":{"rendered":"<p>AMULETO BILLETE DE 100 DOLARES ATRAE ABUNDANCIA Y DINERO A TU VIDA &nbsp; Hermoso billete de la suerte de metal plastificado. Para traerlo en tu bolso o billetera La tradici\u00f3n de llevar un dolar en la cartera, en el bolso \u00f3 por los bolsillos, se ha popularizado de tal manera que casi nadie se ha&hellip;<!-- AddThis Advanced Settings generic via filter on get_the_excerpt --><!-- AddThis Share Buttons generic via filter on get_the_excerpt --><\/p>\n","protected":false},"featured_media":10595,"template":"","meta":[],"product_cat":[12],"product_tag":[131,747],"_links":{"self":[{"href":"https:\/\/www.bazarmerlin.com\/inicio\/wp-json\/wp\/v2\/product\/1143"}],"collection":[{"href":"https:\/\/www.bazarmerlin.com\/inicio\/wp-json\/wp\/v2\/product"}],"about":[{"href":"https:\/\/www.bazarmerlin.com\/inicio\/wp-json\/wp\/v2\/types\/product"}],"wp:featuredmedia":[{"embeddable":true,"href":"https:\/\/www.bazarmerlin.com\/inicio\/wp-json\/wp\/v2\/media\/10595"}],"wp:attachment":[{"href":"https:\/\/www.bazarmerlin.com\/inicio\/wp-json\/wp\/v2\/media?parent=1143"}],"wp:term":[{"taxonomy":"product_cat","embeddable":true,"href":"https:\/\/www.bazarmerlin.com\/inicio\/wp-json\/wp\/v2\/product_cat?post=1143"},{"taxonomy":"product_tag","embeddable":true,"href":"https:\/\/www.bazarmerlin.com\/inicio\/wp-json\/wp\/v2\/product_tag?post=1143"}],"curies":[{"name":"wp","href":"https:\/\/api.w.org\/{rel}","templated":true}]}}