{"id":1178,"date":"2015-07-09T23:33:19","date_gmt":"2015-07-09T23:33:19","guid":{"rendered":"https:\/\/www.bazarmerlin.com\/inicio\/?post_type=product&#038;p=1178"},"modified":"2026-04-01T20:48:01","modified_gmt":"2026-04-01T20:48:01","slug":"diapason-7-notas-terapeuticos-para-chakras-armonia-perfecta-herramientas-de-sanacion-y-terapia-de-sonido-para-meditacion-y-equilibrio-energetico","status":"publish","type":"product","link":"https:\/\/www.bazarmerlin.com\/inicio\/producto\/diapason-7-notas-terapeuticos-para-chakras-armonia-perfecta-herramientas-de-sanacion-y-terapia-de-sonido-para-meditacion-y-equilibrio-energetico\/","title":{"rendered":"Diapas\u00f3n 7 Notas Terap\u00e9uticos para Chakras Armon\u00eda Perfecta | Herramientas de Sanaci\u00f3n y Terapia de Sonido para Meditaci\u00f3n y Equilibrio Energ\u00e9tico"},"content":{"rendered":"<p><span class=\"a-text-bold\">Imagina tener el poder de afinar tu cuerpo y tu esp\u00edritu como un instrumento musical. Descubre la &#8220;Armon\u00eda Perfecta&#8221; con este profesional diapas\u00f3n 7 notas.<\/span><\/p>\n<p>Cada uno de los siete chakras de nuestro cuerpo vibra en una frecuencia \u00fanica. El estr\u00e9s, las emociones y los bloqueos pueden &#8220;desafinarlos&#8221;, afectando nuestro bienestar. Este set te proporciona la frecuencia exacta para cada chakra, permiti\u00e9ndote, a trav\u00e9s de la resonancia, devolver cada centro energ\u00e9tico a su estado de equilibrio y salud \u00f3ptima.<\/p>\n<p><span class=\"a-text-bold\">Tu Orquesta Personal de Sanaci\u00f3n Energ\u00e9tica:<\/span><\/p>\n<p>Este diapas\u00f3n completo te permite trabajar de forma espec\u00edfica en cada centro energ\u00e9tico:<\/p>\n<ul class=\"a-unordered-list a-vertical\">\n<li><span class=\"a-list-item\"><span class=\"a-text-bold\">1\u00ba Nota Ra\u00edz (Muladhara):<\/span>\u00a0Para enraizamiento, seguridad y estabilidad.<\/span><\/li>\n<li><span class=\"a-list-item\"><span class=\"a-text-bold\">2\u00ba Nota Sacro (Svadhisthana):<\/span>\u00a0Para creatividad, emociones y placer.<\/span><\/li>\n<li><span class=\"a-list-item\"><span class=\"a-text-bold\">3\u00ba Nota Plexo Solar (Manipura):<\/span>\u00a0Para poder personal, voluntad y confianza.<\/span><\/li>\n<li><span class=\"a-list-item\"><span class=\"a-text-bold\">4\u00ba Nota Coraz\u00f3n (Anahata):<\/span>\u00a0Para amor, compasi\u00f3n y relaciones.<\/span><\/li>\n<li><span class=\"a-list-item\"><span class=\"a-text-bold\">5\u00ba Nota Garganta (Vishuddha):<\/span>\u00a0Para comunicaci\u00f3n y expresi\u00f3n aut\u00e9ntica.<\/span><\/li>\n<li><span class=\"a-list-item\"><span class=\"a-text-bold\">6\u00ba Nota Tercer Ojo (Ajna):<\/span>\u00a0Para intuici\u00f3n, percepci\u00f3n y sabidur\u00eda.<\/span><\/li>\n<li><span class=\"a-list-item\"><span class=\"a-text-bold\">7\u00ba Nota Corona (Sahasrara):<\/span>\u00a0Para conexi\u00f3n espiritual y conciencia universal.<\/span><\/li>\n<\/ul>\n<p><span class=\"a-text-bold\">Calidad que Inspira Confianza<\/span><\/p>\n<p><span class=\"a-text-bold\">Toma el control de tu bienestar vibracional.<\/span><\/p>\n<p>&nbsp;<\/p>\n<p><strong>MERL\u00cdN<\/strong><br \/>\n<strong>El Lugar M\u00e1s M\u00edstico<\/strong><br \/>\n<strong>ENVIAMOS A TODO M\u00c9XICO <\/strong><\/p>\n<!-- AddThis Advanced Settings generic via filter on the_content --><!-- AddThis Share Buttons generic via filter on the_content -->","protected":false},"excerpt":{"rendered":"<p>Imagina tener el poder de afinar tu cuerpo y tu esp\u00edritu como un instrumento musical. Descubre la &#8220;Armon\u00eda Perfecta&#8221; con este profesional diapas\u00f3n 7 notas. Cada uno de los siete chakras de nuestro cuerpo vibra en una frecuencia \u00fanica. El estr\u00e9s, las emociones y los bloqueos pueden &#8220;desafinarlos&#8221;, afectando nuestro bienestar. Este set te proporciona&hellip;<!-- AddThis Advanced Settings generic via filter on get_the_excerpt --><!-- AddThis Share Buttons generic via filter on get_the_excerpt --><\/p>\n","protected":false},"featured_media":14311,"template":"","meta":[],"product_cat":[16],"product_tag":[765,764],"_links":{"self":[{"href":"https:\/\/www.bazarmerlin.com\/inicio\/wp-json\/wp\/v2\/product\/1178"}],"collection":[{"href":"https:\/\/www.bazarmerlin.com\/inicio\/wp-json\/wp\/v2\/product"}],"about":[{"href":"https:\/\/www.bazarmerlin.com\/inicio\/wp-json\/wp\/v2\/types\/product"}],"wp:featuredmedia":[{"embeddable":true,"href":"https:\/\/www.bazarmerlin.com\/inicio\/wp-json\/wp\/v2\/media\/14311"}],"wp:attachment":[{"href":"https:\/\/www.bazarmerlin.com\/inicio\/wp-json\/wp\/v2\/media?parent=1178"}],"wp:term":[{"taxonomy":"product_cat","embeddable":true,"href":"https:\/\/www.bazarmerlin.com\/inicio\/wp-json\/wp\/v2\/product_cat?post=1178"},{"taxonomy":"product_tag","embeddable":true,"href":"https:\/\/www.bazarmerlin.com\/inicio\/wp-json\/wp\/v2\/product_tag?post=1178"}],"curies":[{"name":"wp","href":"https:\/\/api.w.org\/{rel}","templated":true}]}}