{"id":1216,"date":"2015-07-10T17:02:18","date_gmt":"2015-07-10T17:02:18","guid":{"rendered":"https:\/\/www.bazarmerlin.com\/inicio\/?post_type=product&#038;p=1216"},"modified":"2022-12-20T23:55:38","modified_gmt":"2022-12-20T23:55:38","slug":"el-libro-de-san-cipriano-invocaciones-exorcismos-filtros","status":"publish","type":"product","link":"https:\/\/www.bazarmerlin.com\/inicio\/producto\/el-libro-de-san-cipriano-invocaciones-exorcismos-filtros\/","title":{"rendered":"Libro De San Cipriano &#8211; Invocaciones, Exorcismos, Filtros"},"content":{"rendered":"<p><strong>EL LIBRO DE SAN CIPRIANO\u00a0<\/strong><br \/>\n<strong>EL TESORO DEL HECHICERO 153 pag.<\/strong><\/p>\n<p>&nbsp;<\/p>\n<p>Presentamos un libro de valor inestimable, el &#8220;tratado completo de la verdadera magia&#8221; escrito por el monje Jon\u00e1s Sufurino, bibliotecario del convento del broken, monta\u00f1a donde seg\u00fan antiguas leyendas, los diablos y las brujas celebraban sus aquelarres y danzas macabras.<\/p>\n<p>En este libro encontrar\u00e1s informaci\u00f3n acerca de:<\/p>\n<p>*INVOCACIONES<br \/>\n*EXORCISMOS<br \/>\n*FILTROS<br \/>\n*ENCANTAMIENTOS<br \/>\n*HECHICER\u00cdA<br \/>\n*ESCUELA DE SORTILEGIOS<br \/>\n*LA GALLINA NEGRA<br \/>\n*EL PACTO DE SANGRE<\/p>\n<p>Este es un tratado de excepcional importancia y que si se estudia con verdadero inter\u00e9s podr\u00e1s aprenderse muchas cosas \u00fatiles y provechosas.<\/p>\n<p>&nbsp;<\/p>\n<p>&nbsp;<\/p>\n<p><strong>BAZAR MERLIN<\/strong><br \/>\n<strong>El Lugar M\u00e1s M\u00edstico de Guadalajara<\/strong><br \/>\n<strong>ENVIAMOS A TODO M\u00c9XICO<\/strong><\/p>\n<!-- AddThis Advanced Settings generic via filter on the_content --><!-- AddThis Share Buttons generic via filter on the_content -->","protected":false},"excerpt":{"rendered":"<p>EL LIBRO DE SAN CIPRIANO\u00a0 EL TESORO DEL HECHICERO 153 pag. &nbsp; Presentamos un libro de valor inestimable, el &#8220;tratado completo de la verdadera magia&#8221; escrito por el monje Jon\u00e1s Sufurino, bibliotecario del convento del broken, monta\u00f1a donde seg\u00fan antiguas leyendas, los diablos y las brujas celebraban sus aquelarres y danzas macabras. En este libro&hellip;<!-- AddThis Advanced Settings generic via filter on get_the_excerpt --><!-- AddThis Share Buttons generic via filter on get_the_excerpt --><\/p>\n","protected":false},"featured_media":11189,"template":"","meta":[],"product_cat":[13],"product_tag":[771,772,770,769],"_links":{"self":[{"href":"https:\/\/www.bazarmerlin.com\/inicio\/wp-json\/wp\/v2\/product\/1216"}],"collection":[{"href":"https:\/\/www.bazarmerlin.com\/inicio\/wp-json\/wp\/v2\/product"}],"about":[{"href":"https:\/\/www.bazarmerlin.com\/inicio\/wp-json\/wp\/v2\/types\/product"}],"wp:featuredmedia":[{"embeddable":true,"href":"https:\/\/www.bazarmerlin.com\/inicio\/wp-json\/wp\/v2\/media\/11189"}],"wp:attachment":[{"href":"https:\/\/www.bazarmerlin.com\/inicio\/wp-json\/wp\/v2\/media?parent=1216"}],"wp:term":[{"taxonomy":"product_cat","embeddable":true,"href":"https:\/\/www.bazarmerlin.com\/inicio\/wp-json\/wp\/v2\/product_cat?post=1216"},{"taxonomy":"product_tag","embeddable":true,"href":"https:\/\/www.bazarmerlin.com\/inicio\/wp-json\/wp\/v2\/product_tag?post=1216"}],"curies":[{"name":"wp","href":"https:\/\/api.w.org\/{rel}","templated":true}]}}