{"id":1252,"date":"2015-07-10T18:15:15","date_gmt":"2015-07-10T18:15:15","guid":{"rendered":"https:\/\/www.bazarmerlin.com\/inicio\/?post_type=product&#038;p=1252"},"modified":"2023-01-10T00:58:20","modified_gmt":"2023-01-10T00:58:20","slug":"locion-de-canela-contra-las-influencias-negativas-y-maldades","status":"publish","type":"product","link":"https:\/\/www.bazarmerlin.com\/inicio\/producto\/locion-de-canela-contra-las-influencias-negativas-y-maldades\/","title":{"rendered":"Loci\u00f3n De Canela &#8211; Dinero, Amor Y Proteccion"},"content":{"rendered":"<p><strong>LOCI\u00d3N DE CANELA<\/strong><br \/>\n<strong>DINERO FORTUNA Y PODER<\/strong><\/p>\n<p>&nbsp;<\/p>\n<p>Esta poderosa loci\u00f3n, aplic\u00e1ndola todos los d\u00edas te ayudara a prosperar en cualquier negocio. Como lograr atraer el amor y dinero de forma mas f\u00e1cil.<\/p>\n<p>Loci\u00f3n Genuina \u00fatil para:<\/p>\n<p>*Las influencias Negativas<br \/>\n*Limpiar y despojar<br \/>\n*Atraer la Buena Suerte<\/p>\n<p>&nbsp;<\/p>\n<p>&nbsp;<\/p>\n<p><strong>BAZAR MERLIN<\/strong><br \/>\n<strong>El Lugar M\u00e1s M\u00edstico de Guadalajara<\/strong><br \/>\n<strong>ENVIAMOS A TODO M\u00c9XICO<\/strong><\/p>\n<!-- AddThis Advanced Settings generic via filter on the_content --><!-- AddThis Share Buttons generic via filter on the_content -->","protected":false},"excerpt":{"rendered":"<p>LOCI\u00d3N DE CANELA DINERO FORTUNA Y PODER &nbsp; Esta poderosa loci\u00f3n, aplic\u00e1ndola todos los d\u00edas te ayudara a prosperar en cualquier negocio. Como lograr atraer el amor y dinero de forma mas f\u00e1cil. Loci\u00f3n Genuina \u00fatil para: *Las influencias Negativas *Limpiar y despojar *Atraer la Buena Suerte &nbsp; &nbsp; BAZAR MERLIN El Lugar M\u00e1s M\u00edstico&hellip;<!-- AddThis Advanced Settings generic via filter on get_the_excerpt --><!-- AddThis Share Buttons generic via filter on get_the_excerpt --><\/p>\n","protected":false},"featured_media":8119,"template":"","meta":[],"product_cat":[20],"product_tag":[794,264,793],"_links":{"self":[{"href":"https:\/\/www.bazarmerlin.com\/inicio\/wp-json\/wp\/v2\/product\/1252"}],"collection":[{"href":"https:\/\/www.bazarmerlin.com\/inicio\/wp-json\/wp\/v2\/product"}],"about":[{"href":"https:\/\/www.bazarmerlin.com\/inicio\/wp-json\/wp\/v2\/types\/product"}],"wp:featuredmedia":[{"embeddable":true,"href":"https:\/\/www.bazarmerlin.com\/inicio\/wp-json\/wp\/v2\/media\/8119"}],"wp:attachment":[{"href":"https:\/\/www.bazarmerlin.com\/inicio\/wp-json\/wp\/v2\/media?parent=1252"}],"wp:term":[{"taxonomy":"product_cat","embeddable":true,"href":"https:\/\/www.bazarmerlin.com\/inicio\/wp-json\/wp\/v2\/product_cat?post=1252"},{"taxonomy":"product_tag","embeddable":true,"href":"https:\/\/www.bazarmerlin.com\/inicio\/wp-json\/wp\/v2\/product_tag?post=1252"}],"curies":[{"name":"wp","href":"https:\/\/api.w.org\/{rel}","templated":true}]}}