{"id":1289,"date":"2015-07-11T17:44:42","date_gmt":"2015-07-11T17:44:42","guid":{"rendered":"https:\/\/www.bazarmerlin.com\/inicio\/?post_type=product&#038;p=1289"},"modified":"2022-12-21T23:41:25","modified_gmt":"2022-12-21T23:41:25","slug":"sanacion-con-angeles-como-trabajar-con-ellos-doreen-virtue","status":"publish","type":"product","link":"https:\/\/www.bazarmerlin.com\/inicio\/producto\/sanacion-con-angeles-como-trabajar-con-ellos-doreen-virtue\/","title":{"rendered":"Libro Sanaci\u00f3n Con \u00c1ngeles &#8211; Doreen Virtue"},"content":{"rendered":"<p><strong>LIBRO SANACI\u00d3N CON \u00c1NGELES<\/strong><br \/>\n<strong>DOREEN VIRTUE<\/strong><\/p>\n<p>&nbsp;<\/p>\n<p>DE LA DRA. DOREEN VIRTUE, AUTORA DEL BEST-SELLER &#8220;TERAPIA CON \u00c1NGELES\u201d<\/p>\n<p>Aprende M\u00c9TODOS esot\u00e9ricos y pr\u00e1cticos para trabajar con LOS \u00c1NGELES y ayudarte a SANAR tus RELACIONES, TU CUERPO, TU CARRERA Y TUS PROBLEMAS FAMILIARES<\/p>\n<p>Explorar\u00e1s el Fascinante Mundo de los \u00c1NGELES NATURALEZA DE LA y sabr\u00e1s c\u00f3mo te ayudan a SANAR A TUS MASCOTAS, AL MUNDO Y A TI.<\/p>\n<p>Descubre el SIGNIFICADO ANG\u00c9LICO de n\u00fameros como 111, c\u00f3mo tus VIDAS PASADAS est\u00e1n relacionadas con los PROBLEMAS DE TU VIDA PRESENTE, y por qu\u00e9 a veces los \u00c1NGELES ENCARNAN EN FORMA DE HUMANOS Se incluyen tambi\u00e9n afirmaciones para MEJORAR LA CONFIANZA EN TI MISMO, as\u00ed como PODEROSAS ORACIONES a los \u00e1ngeles para que te ayuden a ENCONTRAR TU ALMA GEMELA, CORREGIR LOS PROBLEMAS DE CONDUCTA DE TUS HIJOS y SANAR LAS PENAS<\/p>\n<p>&nbsp;<\/p>\n<p>&nbsp;<\/p>\n<p><strong>BAZAR MERLIN<\/strong><br \/>\n<strong>El Lugar M\u00e1s M\u00edstico de Guadalajara<\/strong><br \/>\n<strong>ENVIAMOS A TODO M\u00c9XICO<\/strong><\/p>\n<!-- AddThis Advanced Settings generic via filter on the_content --><!-- AddThis Share Buttons generic via filter on the_content -->","protected":false},"excerpt":{"rendered":"<p>LIBRO SANACI\u00d3N CON \u00c1NGELES DOREEN VIRTUE &nbsp; DE LA DRA. DOREEN VIRTUE, AUTORA DEL BEST-SELLER &#8220;TERAPIA CON \u00c1NGELES\u201d Aprende M\u00c9TODOS esot\u00e9ricos y pr\u00e1cticos para trabajar con LOS \u00c1NGELES y ayudarte a SANAR tus RELACIONES, TU CUERPO, TU CARRERA Y TUS PROBLEMAS FAMILIARES Explorar\u00e1s el Fascinante Mundo de los \u00c1NGELES NATURALEZA DE LA y sabr\u00e1s c\u00f3mo&hellip;<!-- AddThis Advanced Settings generic via filter on get_the_excerpt --><!-- AddThis Share Buttons generic via filter on get_the_excerpt --><\/p>\n","protected":false},"featured_media":11209,"template":"","meta":[],"product_cat":[13],"product_tag":[129,809],"_links":{"self":[{"href":"https:\/\/www.bazarmerlin.com\/inicio\/wp-json\/wp\/v2\/product\/1289"}],"collection":[{"href":"https:\/\/www.bazarmerlin.com\/inicio\/wp-json\/wp\/v2\/product"}],"about":[{"href":"https:\/\/www.bazarmerlin.com\/inicio\/wp-json\/wp\/v2\/types\/product"}],"wp:featuredmedia":[{"embeddable":true,"href":"https:\/\/www.bazarmerlin.com\/inicio\/wp-json\/wp\/v2\/media\/11209"}],"wp:attachment":[{"href":"https:\/\/www.bazarmerlin.com\/inicio\/wp-json\/wp\/v2\/media?parent=1289"}],"wp:term":[{"taxonomy":"product_cat","embeddable":true,"href":"https:\/\/www.bazarmerlin.com\/inicio\/wp-json\/wp\/v2\/product_cat?post=1289"},{"taxonomy":"product_tag","embeddable":true,"href":"https:\/\/www.bazarmerlin.com\/inicio\/wp-json\/wp\/v2\/product_tag?post=1289"}],"curies":[{"name":"wp","href":"https:\/\/api.w.org\/{rel}","templated":true}]}}