{"id":1350,"date":"2015-07-13T22:58:05","date_gmt":"2015-07-13T22:58:05","guid":{"rendered":"https:\/\/www.bazarmerlin.com\/inicio\/?post_type=product&#038;p=1350"},"modified":"2022-12-15T23:38:48","modified_gmt":"2022-12-15T23:38:48","slug":"tesoro-de-oraciones-corona-mistica","status":"publish","type":"product","link":"https:\/\/www.bazarmerlin.com\/inicio\/producto\/tesoro-de-oraciones-corona-mistica\/","title":{"rendered":"Corona M\u00edstica &#8211; Tesoro De Oraciones"},"content":{"rendered":"<h3><strong>TESORO DE ORACIONES CORONA M\u00cdSTICA<\/strong><\/h3>\n<p>&nbsp;<\/p>\n<p>La fe es capaz de MOVER MONTA\u00d1AS, lograr cosas imposibles, sanar la mente, el cuerpo y el esp\u00edritu, a trav\u00e9s del inmenso poder de la oraci\u00f3n.<\/p>\n<p>Desde principios de nuestra era, la veneraci\u00f3n a Nuestro Se\u00f1or Jesucristo ha sido el consuelo de los afligidos, la esperanza de los desesperados, la luz en el oscuro camino de los infortunados, y un b\u00e1lsamo divino para todos los problemas que la vida nos plantea.<\/p>\n<p>Este bello libro recoge las m\u00e1s hermosas, poderosas oraciones curativas; contiene plegarias para bendecir nuestras casas, negocios y bienes, as\u00ed como para cubrir a nuestros seres queridos y a nosotros mismo con la luz de Dios.<\/p>\n<p>En sus p\u00e1ginas encontrar\u00e1 tambi\u00e9n rezos para hacer peticiones, y conjuros para exorcizar a los malignos causantes de las m\u00e1s distintas dolencias corporales y espirituales. Es una obra que exalta la devoluci\u00f3n, y que no debe falta en ning\u00fan hogar cristiano.<\/p>\n<p>&nbsp;<\/p>\n<p>&nbsp;<\/p>\n<p>&nbsp;<\/p>\n<p><strong>BAZAR MERLIN<\/strong><br \/>\n<strong>El Lugar M\u00e1s M\u00edstico de Guadalajara<\/strong><br \/>\n<strong>ENVIAMOS A TODO M\u00c9XICO<\/strong><\/p>\n<!-- AddThis Advanced Settings generic via filter on the_content --><!-- AddThis Share Buttons generic via filter on the_content -->","protected":false},"excerpt":{"rendered":"<p>TESORO DE ORACIONES CORONA M\u00cdSTICA &nbsp; La fe es capaz de MOVER MONTA\u00d1AS, lograr cosas imposibles, sanar la mente, el cuerpo y el esp\u00edritu, a trav\u00e9s del inmenso poder de la oraci\u00f3n. Desde principios de nuestra era, la veneraci\u00f3n a Nuestro Se\u00f1or Jesucristo ha sido el consuelo de los afligidos, la esperanza de los desesperados,&hellip;<!-- AddThis Advanced Settings generic via filter on get_the_excerpt --><!-- AddThis Share Buttons generic via filter on get_the_excerpt --><\/p>\n","protected":false},"featured_media":11107,"template":"","meta":[],"product_cat":[13],"product_tag":[837,838],"_links":{"self":[{"href":"https:\/\/www.bazarmerlin.com\/inicio\/wp-json\/wp\/v2\/product\/1350"}],"collection":[{"href":"https:\/\/www.bazarmerlin.com\/inicio\/wp-json\/wp\/v2\/product"}],"about":[{"href":"https:\/\/www.bazarmerlin.com\/inicio\/wp-json\/wp\/v2\/types\/product"}],"wp:featuredmedia":[{"embeddable":true,"href":"https:\/\/www.bazarmerlin.com\/inicio\/wp-json\/wp\/v2\/media\/11107"}],"wp:attachment":[{"href":"https:\/\/www.bazarmerlin.com\/inicio\/wp-json\/wp\/v2\/media?parent=1350"}],"wp:term":[{"taxonomy":"product_cat","embeddable":true,"href":"https:\/\/www.bazarmerlin.com\/inicio\/wp-json\/wp\/v2\/product_cat?post=1350"},{"taxonomy":"product_tag","embeddable":true,"href":"https:\/\/www.bazarmerlin.com\/inicio\/wp-json\/wp\/v2\/product_tag?post=1350"}],"curies":[{"name":"wp","href":"https:\/\/api.w.org\/{rel}","templated":true}]}}