{"id":1394,"date":"2022-05-06T03:02:32","date_gmt":"2022-05-06T03:02:32","guid":{"rendered":"https:\/\/www.bazarmerlin.com\/inicio\/?post_type=product&#038;p=1394"},"modified":"2022-10-05T00:04:30","modified_gmt":"2022-10-05T00:04:30","slug":"jabon-quita-maldicion-aleja-malas-vibraciones-y-envidias","status":"publish","type":"product","link":"https:\/\/www.bazarmerlin.com\/inicio\/producto\/jabon-quita-maldicion-aleja-malas-vibraciones-y-envidias\/","title":{"rendered":"Jab\u00f3n Quita Maldici\u00f3n &#8211; Aleja Malas Vibraciones Y Envidias"},"content":{"rendered":"<div style=\"text-align: center;\">\n<div style=\"text-align: center;\">\n<div style=\"text-align: left;\">\n<p><strong>PODEROSO JAB\u00d3N QUITA MALDICI\u00d3N<\/strong><\/p>\n<p>&nbsp;<\/p>\n<p><em>IDEAL CONTRA BRUJER\u00cdA Y TRABAJOS<\/em><\/p>\n<p>Este poderoso jab\u00f3n corta toda la mala suerte y quita cualquier trabajo negro que le hayan impuesto, PROTEGIENDO ademas de las malas vibras y los pensamientos destructivos orginados a veces por uno mismo.<\/p>\n<p>Rompe con cualquier maldici\u00f3n o da\u00f1o en tu persona ALEJA MALAS VIBRAS, ENVIDIAS Y TE PROTEGE DE ENEMIGOS.<\/p>\n<p>Util\u00edzalo todos los d\u00edas como jab\u00f3n normal y obtendr\u00e1s en tu vida TRIUNFO, FORTUNA Y PROTECCI\u00d3N.<\/p>\n<p>Elaborado especialmente por santeros y ESENCIAS M\u00cdSTICAS que te ayudaran a abrirte los caminos en todos los aspectos<\/p>\n<p>Los Jabones Esot\u00e9ricos son preparados con productos, esencias y extractos especiales. Cuando tienes un problema que crees de dif\u00edcil soluci\u00f3n es bueno recurrir a los rituales de magia, estos siempre nos ayudan a LOGRAR EXITOSAMENTE LOS OBJETIVOS QUE QUEREMOS CONSEGUIR<\/p>\n<p>Las limpiezas o rituales con jabones sirven para uso diario tanto del cuerpo como de las manos y toda tu energ\u00eda c\u00f3smica y \u00e1urica equilibrando tus chakras para as\u00ed cambiar de forma inmediata tu suerte. Su fabricaci\u00f3n y su composici\u00f3n son de forma 100% artesanal por lo que llevan la esencia y EXTRACTO NATURAL PARA EQUILIBRAR TU ENERG\u00cdA, en algunos jabones hierbas en su interior.<\/p>\n<\/div>\n<\/div>\n<\/div>\n<p>&nbsp;<\/p>\n<p>&nbsp;<\/p>\n<div style=\"text-align: center;\">\n<div style=\"text-align: center;\">\n<div style=\"text-align: left;\">\n<p><strong>BAZAR MERLIN<\/strong><br \/>\n<strong>El Lugar M\u00e1s M\u00edstico de Guadalajara<\/strong><br \/>\n<strong>ENVIAMOS A TODO M\u00c9XICO&#8230;<\/strong><\/p>\n<\/div>\n<\/div>\n<\/div>\n<!-- AddThis Advanced Settings generic via filter on the_content --><!-- AddThis Share Buttons generic via filter on the_content -->","protected":false},"excerpt":{"rendered":"<p>PODEROSO JAB\u00d3N QUITA MALDICI\u00d3N &nbsp; IDEAL CONTRA BRUJER\u00cdA Y TRABAJOS Este poderoso jab\u00f3n corta toda la mala suerte y quita cualquier trabajo negro que le hayan impuesto, PROTEGIENDO ademas de las malas vibras y los pensamientos destructivos orginados a veces por uno mismo. Rompe con cualquier maldici\u00f3n o da\u00f1o en tu persona ALEJA MALAS VIBRAS,&hellip;<!-- AddThis Advanced Settings generic via filter on get_the_excerpt --><!-- AddThis Share Buttons generic via filter on get_the_excerpt --><\/p>\n","protected":false},"featured_media":10248,"template":"","meta":[],"product_cat":[14],"product_tag":[871,870],"_links":{"self":[{"href":"https:\/\/www.bazarmerlin.com\/inicio\/wp-json\/wp\/v2\/product\/1394"}],"collection":[{"href":"https:\/\/www.bazarmerlin.com\/inicio\/wp-json\/wp\/v2\/product"}],"about":[{"href":"https:\/\/www.bazarmerlin.com\/inicio\/wp-json\/wp\/v2\/types\/product"}],"wp:featuredmedia":[{"embeddable":true,"href":"https:\/\/www.bazarmerlin.com\/inicio\/wp-json\/wp\/v2\/media\/10248"}],"wp:attachment":[{"href":"https:\/\/www.bazarmerlin.com\/inicio\/wp-json\/wp\/v2\/media?parent=1394"}],"wp:term":[{"taxonomy":"product_cat","embeddable":true,"href":"https:\/\/www.bazarmerlin.com\/inicio\/wp-json\/wp\/v2\/product_cat?post=1394"},{"taxonomy":"product_tag","embeddable":true,"href":"https:\/\/www.bazarmerlin.com\/inicio\/wp-json\/wp\/v2\/product_tag?post=1394"}],"curies":[{"name":"wp","href":"https:\/\/api.w.org\/{rel}","templated":true}]}}