{"id":141,"date":"2015-06-19T23:04:46","date_gmt":"2015-06-19T23:04:46","guid":{"rendered":"https:\/\/www.bazarmerlin.com\/inicio\/?post_type=product&#038;p=141"},"modified":"2022-12-29T00:26:51","modified_gmt":"2022-12-29T00:26:51","slug":"pendulo-profesional-en-acero-con-testigo-o-compartimiento","status":"publish","type":"product","link":"https:\/\/www.bazarmerlin.com\/inicio\/producto\/pendulo-profesional-en-acero-con-testigo-o-compartimiento\/","title":{"rendered":"Pendulo Profesional En Acero Con Testigo O Compartimiento"},"content":{"rendered":"<p><strong>P\u00c9NDULO PROFESIONAL EN ACERO CON TESTIGO O COMPARTIMIENTO<\/strong><br \/>\n<strong>DIMENSIONES ALTURA: 3.5 CM<\/strong><\/p>\n<p>&nbsp;<\/p>\n<p>Para adivinaci\u00f3n, b\u00fasqueda de metales y curaci\u00f3n.<\/p>\n<div class=\"contentArea\">\n<div class=\"bodyContent\">Este p\u00e9ndulo est\u00e1 fabricado en el peso indicado para que sus movimientos sean los correctos a la hora de utilizarlo.<\/div>\n<div><\/div>\n<div class=\"bodyContent\">EL P\u00c9NDULO ES UN INSTRUMENTO DE RADIESTESIA QUE TE AYUDA A:<\/div>\n<div><\/div>\n<div class=\"bodyContent\">* Detectar energ\u00edas positivas o negativas de alg\u00fan \u00e1rea<\/div>\n<div class=\"bodyContent\">* Buscar metales<\/div>\n<div class=\"bodyContent\">* Localizar corrientes de agua<\/div>\n<div class=\"bodyContent\">* Hacer preguntas como m\u00e9todo de adivinacion<\/div>\n<\/div>\n<div><\/div>\n<div>La radiestesia es utilizada para la detecci\u00f3n y medici\u00f3n del espectro completo de radiaciones, sea mineral, animal, vegetal o humano. Existen muchas herramientas radiest\u00e9sicas pero la m\u00e1s usada es el p\u00e9ndulo.<\/div>\n<div>La radiestesia es un nuevo modo de usar nuestra mente, mejora la concentraci\u00f3n, aporta estabilidad emocional, desarrolla la intuici\u00f3n.<\/div>\n<div><\/div>\n<div><\/div>\n<div>INCLUYE TOTALMENTE GRATIS LA GUIA SENCILLA DE USO, DONDE TE EXPLICAREMOS:<\/div>\n<div>* C\u00f3mo Limpiarlo<\/div>\n<div>* C\u00f3mo Trabajar con \u00e9l<\/div>\n<div>* C\u00f3mo usarlo para adivinar<\/div>\n<div>* C\u00f3mo usarlo para curar<\/div>\n<div>* B\u00fasqueda de objetos perdidos<\/div>\n<div>* C\u00f3mo tomar decisiones conectas<\/div>\n<div><\/div>\n<div><\/div>\n<div><\/div>\n<div><strong>BAZAR\u00a0<\/strong><b>MERL\u00cdN<\/b><br \/>\n<strong>El Lugar M\u00e1s M\u00edstico de Guadalajara<\/strong><br \/>\n<strong>ENVIAMOS A TODO M\u00c9XICO<\/strong><\/div>\n<!-- AddThis Advanced Settings generic via filter on the_content --><!-- AddThis Share Buttons generic via filter on the_content -->","protected":false},"excerpt":{"rendered":"<p>P\u00c9NDULO PROFESIONAL EN ACERO CON TESTIGO O COMPARTIMIENTO DIMENSIONES ALTURA: 3.5 CM &nbsp; Para adivinaci\u00f3n, b\u00fasqueda de metales y curaci\u00f3n. Este p\u00e9ndulo est\u00e1 fabricado en el peso indicado para que sus movimientos sean los correctos a la hora de utilizarlo. EL P\u00c9NDULO ES UN INSTRUMENTO DE RADIESTESIA QUE TE AYUDA A: * Detectar energ\u00edas positivas&hellip;<!-- AddThis Advanced Settings generic via filter on get_the_excerpt --><!-- AddThis Share Buttons generic via filter on get_the_excerpt --><\/p>\n","protected":false},"featured_media":11281,"template":"","meta":[],"product_cat":[21],"product_tag":[429],"_links":{"self":[{"href":"https:\/\/www.bazarmerlin.com\/inicio\/wp-json\/wp\/v2\/product\/141"}],"collection":[{"href":"https:\/\/www.bazarmerlin.com\/inicio\/wp-json\/wp\/v2\/product"}],"about":[{"href":"https:\/\/www.bazarmerlin.com\/inicio\/wp-json\/wp\/v2\/types\/product"}],"wp:featuredmedia":[{"embeddable":true,"href":"https:\/\/www.bazarmerlin.com\/inicio\/wp-json\/wp\/v2\/media\/11281"}],"wp:attachment":[{"href":"https:\/\/www.bazarmerlin.com\/inicio\/wp-json\/wp\/v2\/media?parent=141"}],"wp:term":[{"taxonomy":"product_cat","embeddable":true,"href":"https:\/\/www.bazarmerlin.com\/inicio\/wp-json\/wp\/v2\/product_cat?post=141"},{"taxonomy":"product_tag","embeddable":true,"href":"https:\/\/www.bazarmerlin.com\/inicio\/wp-json\/wp\/v2\/product_tag?post=141"}],"curies":[{"name":"wp","href":"https:\/\/api.w.org\/{rel}","templated":true}]}}