{"id":1445,"date":"2015-07-14T23:00:46","date_gmt":"2015-07-14T23:00:46","guid":{"rendered":"https:\/\/www.bazarmerlin.com\/inicio\/?post_type=product&#038;p=1445"},"modified":"2022-10-05T00:02:40","modified_gmt":"2022-10-05T00:02:40","slug":"jabon-patchouli-prosperidad-y-amor","status":"publish","type":"product","link":"https:\/\/www.bazarmerlin.com\/inicio\/producto\/jabon-patchouli-prosperidad-y-amor\/","title":{"rendered":"Jab\u00f3n Patchouli Prosperidad Y Amor"},"content":{"rendered":"<p><strong>PODEROSO JAB\u00d3N PATCHOULI<\/strong><\/p>\n<p>&nbsp;<\/p>\n<p>Atrae Prosperidad Y Amor<\/p>\n<p>Poderoso jab\u00f3n de pachul\u00ed elaborado especialmente por santeros de alto poder con hierbas tratadas y aceites esenciales como destilados del cuarzo.<\/p>\n<p>Este maravilloso jab\u00f3n util\u00edzalo diariamente y pronto ver\u00e1s como la prosperidad y el amor llegan pronto tu vida ya que contiene poder aceite esencial 100% puro de pachul\u00ed que junto con las cualidades del destilado de cuarzo, ayudar\u00e1 a equilibrar todos tus chacras y limpiar por completo todo lo negativo de una forma f\u00e1cil r\u00e1pida y agradable.<\/p>\n<p>Los Jabones Esot\u00e9ricos son preparados con productos, esencias y extractos especiales. Cuando tienes un problema que crees de dif\u00edcil soluci\u00f3n es bueno recurrir a los rituales de magia, estos siempre nos ayudan a lograr exitosamente los objetivos que queremos conseguir.<\/p>\n<p>Las limpiezas o rituales con jabones sirven para uso diario tanto del cuerpo como de las manos y toda tu energ\u00eda c\u00f3smica y aurica equilibrando tus chakras para as\u00ed cambiar de forma inmediata tu suerte. Su fabricaci\u00f3n y su composici\u00f3n son de forma 100% artesanal por lo que llevan la esencia y extracto natural para equilibrar tu energ\u00eda, en algunos jabones hierbas en su interior.<\/p>\n<p>&nbsp;<\/p>\n<p>&nbsp;<\/p>\n<p><strong>BAZAR MERL\u00cdN<\/strong><br \/>\n<strong>El Lugar M\u00e1s M\u00edstico de Guadalajara<\/strong><br \/>\n<strong>ENVIAMOS A TODO M\u00c9XICO\u00a0<\/strong><\/p>\n<!-- AddThis Advanced Settings generic via filter on the_content --><!-- AddThis Share Buttons generic via filter on the_content -->","protected":false},"excerpt":{"rendered":"<p>PODEROSO JAB\u00d3N PATCHOULI &nbsp; Atrae Prosperidad Y Amor Poderoso jab\u00f3n de pachul\u00ed elaborado especialmente por santeros de alto poder con hierbas tratadas y aceites esenciales como destilados del cuarzo. Este maravilloso jab\u00f3n util\u00edzalo diariamente y pronto ver\u00e1s como la prosperidad y el amor llegan pronto tu vida ya que contiene poder aceite esencial 100% puro&hellip;<!-- AddThis Advanced Settings generic via filter on get_the_excerpt --><!-- AddThis Share Buttons generic via filter on get_the_excerpt --><\/p>\n","protected":false},"featured_media":10247,"template":"","meta":[],"product_cat":[14],"product_tag":[897],"_links":{"self":[{"href":"https:\/\/www.bazarmerlin.com\/inicio\/wp-json\/wp\/v2\/product\/1445"}],"collection":[{"href":"https:\/\/www.bazarmerlin.com\/inicio\/wp-json\/wp\/v2\/product"}],"about":[{"href":"https:\/\/www.bazarmerlin.com\/inicio\/wp-json\/wp\/v2\/types\/product"}],"wp:featuredmedia":[{"embeddable":true,"href":"https:\/\/www.bazarmerlin.com\/inicio\/wp-json\/wp\/v2\/media\/10247"}],"wp:attachment":[{"href":"https:\/\/www.bazarmerlin.com\/inicio\/wp-json\/wp\/v2\/media?parent=1445"}],"wp:term":[{"taxonomy":"product_cat","embeddable":true,"href":"https:\/\/www.bazarmerlin.com\/inicio\/wp-json\/wp\/v2\/product_cat?post=1445"},{"taxonomy":"product_tag","embeddable":true,"href":"https:\/\/www.bazarmerlin.com\/inicio\/wp-json\/wp\/v2\/product_tag?post=1445"}],"curies":[{"name":"wp","href":"https:\/\/api.w.org\/{rel}","templated":true}]}}