{"id":1514,"date":"2015-07-15T19:40:56","date_gmt":"2015-07-15T19:40:56","guid":{"rendered":"https:\/\/www.bazarmerlin.com\/inicio\/?post_type=product&#038;p=1514"},"modified":"2022-10-13T23:36:36","modified_gmt":"2022-10-13T23:36:36","slug":"sal-de-bano-de-violetas-armoniza-y-purifica","status":"publish","type":"product","link":"https:\/\/www.bazarmerlin.com\/inicio\/producto\/sal-de-bano-de-violetas-armoniza-y-purifica\/","title":{"rendered":"Sal De Ba\u00f1o De Violetas &#8211; Armoniza Y Purifica"},"content":{"rendered":"<p><strong>SAL DE BA\u00d1O VIOLETA<\/strong><\/p>\n<p>&nbsp;<\/p>\n<p>ARMONIZA TU PERSONA DE MALAS VIBRAS<\/p>\n<p>Para lograr purificar y preparar el cuerpo para la meditaci\u00f3n y balance arm\u00f3nico Ideal para ba\u00f1o o regar casa u oficina, eficaz para repeler malas vibras<\/p>\n<p>La sal es un elemento que nos es \u00fatil para armonizar y purificar de forma natural<\/p>\n<div>Contiene lo necesario para cortar da\u00f1os, hechizos, maldiciones, envidias o quitar bloqueos<\/div>\n<p>&nbsp;<\/p>\n<p>&nbsp;<\/p>\n<p><strong>BAZAR MERL\u00cdN<\/strong><br \/>\n<strong>El Lugar M\u00e1s M\u00edstico de Guadalajara<\/strong><br \/>\n<strong>ENVIAMOS A TODO M\u00c9XICO\u2026\u00a0<\/strong><\/p>\n<!-- AddThis Advanced Settings generic via filter on the_content --><!-- AddThis Share Buttons generic via filter on the_content -->","protected":false},"excerpt":{"rendered":"<p>SAL DE BA\u00d1O VIOLETA &nbsp; ARMONIZA TU PERSONA DE MALAS VIBRAS Para lograr purificar y preparar el cuerpo para la meditaci\u00f3n y balance arm\u00f3nico Ideal para ba\u00f1o o regar casa u oficina, eficaz para repeler malas vibras La sal es un elemento que nos es \u00fatil para armonizar y purificar de forma natural Contiene lo&hellip;<!-- AddThis Advanced Settings generic via filter on get_the_excerpt --><!-- AddThis Share Buttons generic via filter on get_the_excerpt --><\/p>\n","protected":false},"featured_media":10351,"template":"","meta":[],"product_cat":[14],"product_tag":[939,938],"_links":{"self":[{"href":"https:\/\/www.bazarmerlin.com\/inicio\/wp-json\/wp\/v2\/product\/1514"}],"collection":[{"href":"https:\/\/www.bazarmerlin.com\/inicio\/wp-json\/wp\/v2\/product"}],"about":[{"href":"https:\/\/www.bazarmerlin.com\/inicio\/wp-json\/wp\/v2\/types\/product"}],"wp:featuredmedia":[{"embeddable":true,"href":"https:\/\/www.bazarmerlin.com\/inicio\/wp-json\/wp\/v2\/media\/10351"}],"wp:attachment":[{"href":"https:\/\/www.bazarmerlin.com\/inicio\/wp-json\/wp\/v2\/media?parent=1514"}],"wp:term":[{"taxonomy":"product_cat","embeddable":true,"href":"https:\/\/www.bazarmerlin.com\/inicio\/wp-json\/wp\/v2\/product_cat?post=1514"},{"taxonomy":"product_tag","embeddable":true,"href":"https:\/\/www.bazarmerlin.com\/inicio\/wp-json\/wp\/v2\/product_tag?post=1514"}],"curies":[{"name":"wp","href":"https:\/\/api.w.org\/{rel}","templated":true}]}}