{"id":1530,"date":"2015-07-15T19:58:11","date_gmt":"2015-07-15T19:58:11","guid":{"rendered":"https:\/\/www.bazarmerlin.com\/inicio\/?post_type=product&#038;p=1530"},"modified":"2022-12-03T00:45:16","modified_gmt":"2022-12-03T00:45:16","slug":"aceite-espiritual-para-limpias-elimina-hechizos","status":"publish","type":"product","link":"https:\/\/www.bazarmerlin.com\/inicio\/producto\/aceite-espiritual-para-limpias-elimina-hechizos\/","title":{"rendered":"Aceite Espiritual Para Limpias &#8211; Elimina Hechizos"},"content":{"rendered":"<p><strong>ACEITE ESPIRITUAL PARA LIMPIAS,<\/strong><br \/>\n<strong>ELIMINA HECHIZOS SALACIONES, MALA SUERTE Y EMBRUJO<\/strong><\/p>\n<p>&nbsp;<\/p>\n<p>\u00dasalo todos los d\u00edas y veras como cambia tu suerte,<br \/>\nabri\u00e9ndote caminos al amor, dinero, salud y oportunidades.<\/p>\n<p>Elaborado con esencias de las siete hierbas m\u00e1s poderosas albahaca, eucalipto, pino, pirul, Romero, ruda y Santamar\u00eda<\/p>\n<p>utilizado para limpiar tu energ\u00eda \u00e1urica<\/p>\n<p>&nbsp;<\/p>\n<p>&nbsp;<\/p>\n<p><strong>BAZAR MERL\u00cdN\u00ae<\/strong><br \/>\n<strong>El Lugar M\u00e1s M\u00edstico de Guadalajara<\/strong><br \/>\n<strong>ENVIAMOS A TODO M\u00c9XICO<\/strong><\/p>\n<!-- AddThis Advanced Settings generic via filter on the_content --><!-- AddThis Share Buttons generic via filter on the_content -->","protected":false},"excerpt":{"rendered":"<p>ACEITE ESPIRITUAL PARA LIMPIAS, ELIMINA HECHIZOS SALACIONES, MALA SUERTE Y EMBRUJO &nbsp; \u00dasalo todos los d\u00edas y veras como cambia tu suerte, abri\u00e9ndote caminos al amor, dinero, salud y oportunidades. Elaborado con esencias de las siete hierbas m\u00e1s poderosas albahaca, eucalipto, pino, pirul, Romero, ruda y Santamar\u00eda utilizado para limpiar tu energ\u00eda \u00e1urica &nbsp; &nbsp;&hellip;<!-- AddThis Advanced Settings generic via filter on get_the_excerpt --><!-- AddThis Share Buttons generic via filter on get_the_excerpt --><\/p>\n","protected":false},"featured_media":9414,"template":"","meta":[],"product_cat":[20],"product_tag":[949,950],"_links":{"self":[{"href":"https:\/\/www.bazarmerlin.com\/inicio\/wp-json\/wp\/v2\/product\/1530"}],"collection":[{"href":"https:\/\/www.bazarmerlin.com\/inicio\/wp-json\/wp\/v2\/product"}],"about":[{"href":"https:\/\/www.bazarmerlin.com\/inicio\/wp-json\/wp\/v2\/types\/product"}],"wp:featuredmedia":[{"embeddable":true,"href":"https:\/\/www.bazarmerlin.com\/inicio\/wp-json\/wp\/v2\/media\/9414"}],"wp:attachment":[{"href":"https:\/\/www.bazarmerlin.com\/inicio\/wp-json\/wp\/v2\/media?parent=1530"}],"wp:term":[{"taxonomy":"product_cat","embeddable":true,"href":"https:\/\/www.bazarmerlin.com\/inicio\/wp-json\/wp\/v2\/product_cat?post=1530"},{"taxonomy":"product_tag","embeddable":true,"href":"https:\/\/www.bazarmerlin.com\/inicio\/wp-json\/wp\/v2\/product_tag?post=1530"}],"curies":[{"name":"wp","href":"https:\/\/api.w.org\/{rel}","templated":true}]}}