{"id":1543,"date":"2015-07-15T21:15:00","date_gmt":"2015-07-15T21:15:00","guid":{"rendered":"https:\/\/www.bazarmerlin.com\/inicio\/?post_type=product&#038;p=1543"},"modified":"2022-11-28T21:47:47","modified_gmt":"2022-11-28T21:47:47","slug":"perfume-patchouli-con-mirra-prosperidad-amor-proteccion","status":"publish","type":"product","link":"https:\/\/www.bazarmerlin.com\/inicio\/producto\/perfume-patchouli-con-mirra-prosperidad-amor-proteccion\/","title":{"rendered":"Perfume Patchouli Con Mirra &#8211; Prosperidad, Amor, Protecci\u00f3n"},"content":{"rendered":"<p><strong>PERFUME PATCHOULI CON MIRRA<\/strong><br \/>\n<strong>ATRAE \u00c9XITO.<\/strong><\/p>\n<p>&nbsp;<\/p>\n<p>100 MILILITROS.<\/p>\n<p>EL PODEROSO PERFUME DE PATCHOULI CON MIRRA TE AYUDAR\u00c1 A ATRAER A TU VIDA SUERTE, PROTECCI\u00d3N Y \u00c9XITO EN TODO .<\/p>\n<p>ANCESTRAL PERFUME DE PATCHOULI CON MIRRA El aroma de Patchouli con Mirra es pesado, fuerte y exquisito. Elaborado con extracto 100% natural y concentrado de la india. Exquisito aroma duradero, usado por hombres y mujeres que cambie su vida a \u00e9xito por el poder y magnetismo de la esencia.<\/p>\n<p>El patchouli con Mirra es una planta ancestral elaborada de las hojas de la planta de patchouly y fina corteza de Mirra. Posee un aroma muy fuerte con un ex\u00f3tico con un toque que recuerda a la fina madera de la INDIA.<\/p>\n<p>Esta exquisita esencia ayudar\u00e1 a equilibrar tu energ\u00eda y campo \u00e1urico abriendo caminos EN TODO LO QUE EMPRENDAS COMO \u00c9XITO, AMOR, DINERO, SALUD Y PROTECCI\u00d3N CONTRA CUALQUIER DA\u00d1O. Esto debido a su magnetismo que ayuda a activar la energ\u00eda de los chakras y equilibrar tu campo \u00e1urico.<\/p>\n<p>HECHO 100% ARTESANAL<\/p>\n<p>&nbsp;<\/p>\n<p>&nbsp;<\/p>\n<p><strong>BAZAR MERL\u00cdN<\/strong><br \/>\n<strong>El Lugar M\u00e1s M\u00edstico de Guadalajara<\/strong><br \/>\n<strong>ENVIAMOS A TODO M\u00c9XICO&#8230;<\/strong><\/p>\n<!-- AddThis Advanced Settings generic via filter on the_content --><!-- AddThis Share Buttons generic via filter on the_content -->","protected":false},"excerpt":{"rendered":"<p>PERFUME PATCHOULI CON MIRRA ATRAE \u00c9XITO. &nbsp; 100 MILILITROS. EL PODEROSO PERFUME DE PATCHOULI CON MIRRA TE AYUDAR\u00c1 A ATRAER A TU VIDA SUERTE, PROTECCI\u00d3N Y \u00c9XITO EN TODO . ANCESTRAL PERFUME DE PATCHOULI CON MIRRA El aroma de Patchouli con Mirra es pesado, fuerte y exquisito. Elaborado con extracto 100% natural y concentrado de&hellip;<!-- AddThis Advanced Settings generic via filter on get_the_excerpt --><!-- AddThis Share Buttons generic via filter on get_the_excerpt --><\/p>\n","protected":false},"featured_media":10841,"template":"","meta":[],"product_cat":[20],"product_tag":[56,956,132,57],"_links":{"self":[{"href":"https:\/\/www.bazarmerlin.com\/inicio\/wp-json\/wp\/v2\/product\/1543"}],"collection":[{"href":"https:\/\/www.bazarmerlin.com\/inicio\/wp-json\/wp\/v2\/product"}],"about":[{"href":"https:\/\/www.bazarmerlin.com\/inicio\/wp-json\/wp\/v2\/types\/product"}],"wp:featuredmedia":[{"embeddable":true,"href":"https:\/\/www.bazarmerlin.com\/inicio\/wp-json\/wp\/v2\/media\/10841"}],"wp:attachment":[{"href":"https:\/\/www.bazarmerlin.com\/inicio\/wp-json\/wp\/v2\/media?parent=1543"}],"wp:term":[{"taxonomy":"product_cat","embeddable":true,"href":"https:\/\/www.bazarmerlin.com\/inicio\/wp-json\/wp\/v2\/product_cat?post=1543"},{"taxonomy":"product_tag","embeddable":true,"href":"https:\/\/www.bazarmerlin.com\/inicio\/wp-json\/wp\/v2\/product_tag?post=1543"}],"curies":[{"name":"wp","href":"https:\/\/api.w.org\/{rel}","templated":true}]}}