{"id":1545,"date":"2015-07-15T21:19:06","date_gmt":"2015-07-15T21:19:06","guid":{"rendered":"https:\/\/www.bazarmerlin.com\/inicio\/?post_type=product&#038;p=1545"},"modified":"2022-12-08T21:56:55","modified_gmt":"2022-12-08T21:56:55","slug":"perfume-de-mirra-fortuna-y-proteccion","status":"publish","type":"product","link":"https:\/\/www.bazarmerlin.com\/inicio\/producto\/perfume-de-mirra-fortuna-y-proteccion\/","title":{"rendered":"Perfume De Mirra &#8211; Fortuna Y Protecci\u00f3n"},"content":{"rendered":"<h3><strong>PERFUME DE MIRRA<\/strong><br \/>\n<strong>FORTUNA Y PROTECCI\u00d3N<\/strong><\/h3>\n<p>&nbsp;<\/p>\n<p>100 M.L<\/p>\n<p>LA MIRRA es muy valorada desde la antig\u00fcedad, es una de las esencias m\u00e1gicas que nos proporcionan ARMONIA, ATRAE FORTUNA, y nos brindan PROTECCI\u00d3N,<\/p>\n<p>muy recomendable para la meditaci\u00f3n,<\/p>\n<p>y para que cada cosa que realices sea exitosa.<\/p>\n<p>\u00dasalo todos los d\u00edas y ver\u00e1s que toda esa mala suerte que ten\u00edas<br \/>\nse torna en energ\u00eda positiva.<\/p>\n<p>&nbsp;<\/p>\n<p>&nbsp;<\/p>\n<p><strong>BAZAR MERLIN<\/strong><br \/>\n<strong>El Lugar M\u00e1s M\u00edstico de Guadalajara<\/strong><br \/>\n<strong>ENVIAMOS A TODO M\u00c9XICO<\/strong><\/p>\n<!-- AddThis Advanced Settings generic via filter on the_content --><!-- AddThis Share Buttons generic via filter on the_content -->","protected":false},"excerpt":{"rendered":"<p>PERFUME DE MIRRA FORTUNA Y PROTECCI\u00d3N &nbsp; 100 M.L LA MIRRA es muy valorada desde la antig\u00fcedad, es una de las esencias m\u00e1gicas que nos proporcionan ARMONIA, ATRAE FORTUNA, y nos brindan PROTECCI\u00d3N, muy recomendable para la meditaci\u00f3n, y para que cada cosa que realices sea exitosa. \u00dasalo todos los d\u00edas y ver\u00e1s que toda&hellip;<!-- AddThis Advanced Settings generic via filter on get_the_excerpt --><!-- AddThis Share Buttons generic via filter on get_the_excerpt --><\/p>\n","protected":false},"featured_media":11019,"template":"","meta":[],"product_cat":[20],"product_tag":[958,957],"_links":{"self":[{"href":"https:\/\/www.bazarmerlin.com\/inicio\/wp-json\/wp\/v2\/product\/1545"}],"collection":[{"href":"https:\/\/www.bazarmerlin.com\/inicio\/wp-json\/wp\/v2\/product"}],"about":[{"href":"https:\/\/www.bazarmerlin.com\/inicio\/wp-json\/wp\/v2\/types\/product"}],"wp:featuredmedia":[{"embeddable":true,"href":"https:\/\/www.bazarmerlin.com\/inicio\/wp-json\/wp\/v2\/media\/11019"}],"wp:attachment":[{"href":"https:\/\/www.bazarmerlin.com\/inicio\/wp-json\/wp\/v2\/media?parent=1545"}],"wp:term":[{"taxonomy":"product_cat","embeddable":true,"href":"https:\/\/www.bazarmerlin.com\/inicio\/wp-json\/wp\/v2\/product_cat?post=1545"},{"taxonomy":"product_tag","embeddable":true,"href":"https:\/\/www.bazarmerlin.com\/inicio\/wp-json\/wp\/v2\/product_tag?post=1545"}],"curies":[{"name":"wp","href":"https:\/\/api.w.org\/{rel}","templated":true}]}}