{"id":1558,"date":"2015-07-15T21:35:41","date_gmt":"2015-07-15T21:35:41","guid":{"rendered":"https:\/\/www.bazarmerlin.com\/inicio\/?post_type=product&#038;p=1558"},"modified":"2023-08-19T00:52:07","modified_gmt":"2023-08-19T00:52:07","slug":"sal-de-bano-de-cereza-atrayente-de-amor-y-buenas-vibras","status":"publish","type":"product","link":"https:\/\/www.bazarmerlin.com\/inicio\/producto\/sal-de-bano-de-cereza-atrayente-de-amor-y-buenas-vibras\/","title":{"rendered":"Sal De Ba\u00f1o De Cereza &#8211; Atrayente De Amor Y Buenas Vibras"},"content":{"rendered":"<p><strong>Sal de Ba\u00f1o CEREZA Tranquilidad para tu persona<\/strong><\/p>\n<p>&nbsp;<\/p>\n<p>Fuerte estimulante y atrayente del AMOR, as\u00ed como de la ALEGR\u00cdA y BUENAS VIBRAS<\/p>\n<p>Para lograr purificar y preparar el cuerpo para la meditaci\u00f3n y balance rom\u00e1ntico<\/p>\n<p>S\u00f3lo enju\u00e1gate despu\u00e9s del ba\u00f1o por 7 d\u00edas con estas poderosas sales<\/p>\n<p>&#8211; del cuello para abajo &#8211; y logra mayor armon\u00eda en el amor.<\/p>\n<p>&nbsp;<\/p>\n<p>&nbsp;<\/p>\n<p><strong>BAZAR MERL\u00cdN<\/strong><br \/>\n<strong>El Lugar M\u00e1s M\u00edstico de Guadalajara<\/strong><br \/>\n<strong>ENVIAMOS A TODO M\u00c9XICO\u00a0<\/strong><\/p>\n<!-- AddThis Advanced Settings generic via filter on the_content --><!-- AddThis Share Buttons generic via filter on the_content -->","protected":false},"excerpt":{"rendered":"<p>Sal de Ba\u00f1o CEREZA Tranquilidad para tu persona &nbsp; Fuerte estimulante y atrayente del AMOR, as\u00ed como de la ALEGR\u00cdA y BUENAS VIBRAS Para lograr purificar y preparar el cuerpo para la meditaci\u00f3n y balance rom\u00e1ntico S\u00f3lo enju\u00e1gate despu\u00e9s del ba\u00f1o por 7 d\u00edas con estas poderosas sales &#8211; del cuello para abajo &#8211; y&hellip;<!-- AddThis Advanced Settings generic via filter on get_the_excerpt --><!-- AddThis Share Buttons generic via filter on get_the_excerpt --><\/p>\n","protected":false},"featured_media":10347,"template":"","meta":[],"product_cat":[14],"product_tag":[966,965],"_links":{"self":[{"href":"https:\/\/www.bazarmerlin.com\/inicio\/wp-json\/wp\/v2\/product\/1558"}],"collection":[{"href":"https:\/\/www.bazarmerlin.com\/inicio\/wp-json\/wp\/v2\/product"}],"about":[{"href":"https:\/\/www.bazarmerlin.com\/inicio\/wp-json\/wp\/v2\/types\/product"}],"wp:featuredmedia":[{"embeddable":true,"href":"https:\/\/www.bazarmerlin.com\/inicio\/wp-json\/wp\/v2\/media\/10347"}],"wp:attachment":[{"href":"https:\/\/www.bazarmerlin.com\/inicio\/wp-json\/wp\/v2\/media?parent=1558"}],"wp:term":[{"taxonomy":"product_cat","embeddable":true,"href":"https:\/\/www.bazarmerlin.com\/inicio\/wp-json\/wp\/v2\/product_cat?post=1558"},{"taxonomy":"product_tag","embeddable":true,"href":"https:\/\/www.bazarmerlin.com\/inicio\/wp-json\/wp\/v2\/product_tag?post=1558"}],"curies":[{"name":"wp","href":"https:\/\/api.w.org\/{rel}","templated":true}]}}