{"id":1616,"date":"2015-07-17T17:28:08","date_gmt":"2015-07-17T17:28:08","guid":{"rendered":"https:\/\/www.bazarmerlin.com\/inicio\/?post_type=product&#038;p=1616"},"modified":"2022-12-16T00:11:05","modified_gmt":"2022-12-16T00:11:05","slug":"veladora-jala-jala-para-jalar-dinero-amor-y-trabajo","status":"publish","type":"product","link":"https:\/\/www.bazarmerlin.com\/inicio\/producto\/veladora-jala-jala-para-jalar-dinero-amor-y-trabajo\/","title":{"rendered":"Veladora Jala Jala &#8211; Para Jalar Dinero, Amor Y Trabajo"},"content":{"rendered":"<h3><strong>PODEROSA VELADORA JALA JALA<\/strong><br \/>\n<strong>JALA JALA DINERO, AMOR, SALUD, FORTUNA Y PROSPERIDAD<\/strong><\/h3>\n<p>&nbsp;<\/p>\n<p>Veladora Jala Jala con aroma embriagante que se utiliza en TRABAJOS DE AMOR, ATRAER DINERO, SALUD, PROSPERIDAD Y FORTUNA.<\/p>\n<p>Por sus m\u00e1gicos efectos atrayentes hace que la prosperidad, la fortuna, el \u00e9xito y el amor (matrimonio para aquellas personas que est\u00e1n solteras) lleguen como atra\u00eddos por una fuerza magn\u00e9tica.<\/p>\n<p>Esta Veladora es un producto multiproposito ya que debido a que est\u00e1 elaborado con m\u00e1s de diez esencias como pachuli, canela y las rosas que son relacionadas con la ATRACCI\u00d3N DE LA BUENA SUERTE.<\/p>\n<p>\u00daselo diariamente para notar los MAGN\u00cdFICOS RESULTADOS en DINERO, AMOR, TRABAJO, SALUD Y PROSPERIDAD<\/p>\n<p>&nbsp;<\/p>\n<p>&nbsp;<\/p>\n<p><strong>BAZAR MERLIN<\/strong><br \/>\n<strong>El Lugar M\u00e1s M\u00edstico de Guadalajara<\/strong><br \/>\n<strong>ENVIAMOS A TODO M\u00c9XICO<\/strong><\/p>\n<!-- AddThis Advanced Settings generic via filter on the_content --><!-- AddThis Share Buttons generic via filter on the_content -->","protected":false},"excerpt":{"rendered":"<p>PODEROSA VELADORA JALA JALA JALA JALA DINERO, AMOR, SALUD, FORTUNA Y PROSPERIDAD &nbsp; Veladora Jala Jala con aroma embriagante que se utiliza en TRABAJOS DE AMOR, ATRAER DINERO, SALUD, PROSPERIDAD Y FORTUNA. Por sus m\u00e1gicos efectos atrayentes hace que la prosperidad, la fortuna, el \u00e9xito y el amor (matrimonio para aquellas personas que est\u00e1n solteras)&hellip;<!-- AddThis Advanced Settings generic via filter on get_the_excerpt --><!-- AddThis Share Buttons generic via filter on get_the_excerpt --><\/p>\n","protected":false},"featured_media":8211,"template":"","meta":[],"product_cat":[19],"product_tag":[1005,1004,1003],"_links":{"self":[{"href":"https:\/\/www.bazarmerlin.com\/inicio\/wp-json\/wp\/v2\/product\/1616"}],"collection":[{"href":"https:\/\/www.bazarmerlin.com\/inicio\/wp-json\/wp\/v2\/product"}],"about":[{"href":"https:\/\/www.bazarmerlin.com\/inicio\/wp-json\/wp\/v2\/types\/product"}],"wp:featuredmedia":[{"embeddable":true,"href":"https:\/\/www.bazarmerlin.com\/inicio\/wp-json\/wp\/v2\/media\/8211"}],"wp:attachment":[{"href":"https:\/\/www.bazarmerlin.com\/inicio\/wp-json\/wp\/v2\/media?parent=1616"}],"wp:term":[{"taxonomy":"product_cat","embeddable":true,"href":"https:\/\/www.bazarmerlin.com\/inicio\/wp-json\/wp\/v2\/product_cat?post=1616"},{"taxonomy":"product_tag","embeddable":true,"href":"https:\/\/www.bazarmerlin.com\/inicio\/wp-json\/wp\/v2\/product_tag?post=1616"}],"curies":[{"name":"wp","href":"https:\/\/api.w.org\/{rel}","templated":true}]}}