{"id":1620,"date":"2015-07-17T17:33:16","date_gmt":"2015-07-17T17:33:16","guid":{"rendered":"https:\/\/www.bazarmerlin.com\/inicio\/?post_type=product&#038;p=1620"},"modified":"2024-06-15T23:44:55","modified_gmt":"2024-06-15T23:44:55","slug":"perfume-raiz-de-ajedrea-buena-suerte-en-los-negocios","status":"publish","type":"product","link":"https:\/\/www.bazarmerlin.com\/inicio\/producto\/perfume-raiz-de-ajedrea-buena-suerte-en-los-negocios\/","title":{"rendered":"Perfume Raiz De Ajedrea &#8211; Buena Suerte En Negocios"},"content":{"rendered":"<h3><strong>PERFUME RA\u00cdZ DE AJEDREA<\/strong><br \/>\n<strong>BUENA SUERTE EN LOS NEGOCIOS<\/strong><br \/>\n<strong>PARA PROTECCI\u00d3N Y NEGOCIOS EXITOSOS.<\/strong><\/h3>\n<p>&nbsp;<\/p>\n<p>Ideal para que aquella persona dedicada al comercio ya sea ambulante o establecido.<br \/>\nSi el comerciante es ambulante puede usarlo en su persona y si el comerciante es establecido apl\u00edcalo en la caja del dinero.<\/p>\n<p>Este perfume esta elaborado con extractos de hierbas y aceites esenciales consagrado y ritualizado por medio de la alta magia, para que te ayude: contra hechicer\u00edas, envidias, negatividades, m\u00e1xima protecci\u00f3n en todo as\u00ed como a que te rinda el dinero, suerte en juegos de azar, atrae los buenos y exitosos negocios.<\/p>\n<p>Perfume fabricado por santeros.<\/p>\n<p>&nbsp;<\/p>\n<p>&nbsp;<\/p>\n<p><strong>BAZAR MERL\u00cdN\u00ae<\/strong><br \/>\n<strong>El Lugar M\u00e1s M\u00edstico de Guadalajara<\/strong><br \/>\n<strong>ENVIAMOS A TODO M\u00c9XICO<\/strong><\/p>\n<!-- AddThis Advanced Settings generic via filter on the_content --><!-- AddThis Share Buttons generic via filter on the_content -->","protected":false},"excerpt":{"rendered":"<p>PERFUME RA\u00cdZ DE AJEDREA BUENA SUERTE EN LOS NEGOCIOS PARA PROTECCI\u00d3N Y NEGOCIOS EXITOSOS. &nbsp; Ideal para que aquella persona dedicada al comercio ya sea ambulante o establecido. Si el comerciante es ambulante puede usarlo en su persona y si el comerciante es establecido apl\u00edcalo en la caja del dinero. Este perfume esta elaborado con&hellip;<!-- AddThis Advanced Settings generic via filter on get_the_excerpt --><!-- AddThis Share Buttons generic via filter on get_the_excerpt --><\/p>\n","protected":false},"featured_media":11038,"template":"","meta":[],"product_cat":[20],"product_tag":[1010,1009],"_links":{"self":[{"href":"https:\/\/www.bazarmerlin.com\/inicio\/wp-json\/wp\/v2\/product\/1620"}],"collection":[{"href":"https:\/\/www.bazarmerlin.com\/inicio\/wp-json\/wp\/v2\/product"}],"about":[{"href":"https:\/\/www.bazarmerlin.com\/inicio\/wp-json\/wp\/v2\/types\/product"}],"wp:featuredmedia":[{"embeddable":true,"href":"https:\/\/www.bazarmerlin.com\/inicio\/wp-json\/wp\/v2\/media\/11038"}],"wp:attachment":[{"href":"https:\/\/www.bazarmerlin.com\/inicio\/wp-json\/wp\/v2\/media?parent=1620"}],"wp:term":[{"taxonomy":"product_cat","embeddable":true,"href":"https:\/\/www.bazarmerlin.com\/inicio\/wp-json\/wp\/v2\/product_cat?post=1620"},{"taxonomy":"product_tag","embeddable":true,"href":"https:\/\/www.bazarmerlin.com\/inicio\/wp-json\/wp\/v2\/product_tag?post=1620"}],"curies":[{"name":"wp","href":"https:\/\/api.w.org\/{rel}","templated":true}]}}