{"id":1626,"date":"2015-07-17T17:40:23","date_gmt":"2015-07-17T17:40:23","guid":{"rendered":"https:\/\/www.bazarmerlin.com\/inicio\/?post_type=product&#038;p=1626"},"modified":"2022-09-28T21:26:21","modified_gmt":"2022-09-28T21:26:21","slug":"bano-de-plantas-para-romper-envidias-males-y-danos","status":"publish","type":"product","link":"https:\/\/www.bazarmerlin.com\/inicio\/producto\/bano-de-plantas-para-romper-envidias-males-y-danos\/","title":{"rendered":"Ba\u00f1o De Plantas Para Romper Envidias, Males Y Da\u00f1os"},"content":{"rendered":"<p><strong>BA\u00d1OS DE PLANTAS<\/strong><br \/>\n<em>PARA ROMPER MALEFICIOS Y DANOS<\/em><\/p>\n<p>&nbsp;<\/p>\n<p>Especial para contrarrestar Hechizos y proteger el Aura de la persona.<\/p>\n<p><em>MODO DE USO<\/em><br \/>\nPonga a hervir el contenido en 2 cuartos de agua, cuele la porci\u00f3n. Revuelve bien y vac\u00ede en media tina de agua y B\u00e1\u00f1ese con el Martes y Viernes.<\/p>\n<p>Tambi\u00e9n \u00fasese para Riego o Aromaterapia.<br \/>\nMezcla de Ingredientes Especiales<\/p>\n<p>&nbsp;<\/p>\n<p>&nbsp;<\/p>\n<p><strong>BAZAR\u00a0<\/strong><b>MERL\u00cdN<\/b><br \/>\n<strong>El Lugar M\u00e1s M\u00edstico de Guadalajara<\/strong><br \/>\n<strong>ENVIAMOS A TODO M\u00c9XICO\u2026<\/strong><\/p>\n<!-- AddThis Advanced Settings generic via filter on the_content --><!-- AddThis Share Buttons generic via filter on the_content -->","protected":false},"excerpt":{"rendered":"<p>BA\u00d1OS DE PLANTAS PARA ROMPER MALEFICIOS Y DANOS &nbsp; Especial para contrarrestar Hechizos y proteger el Aura de la persona. MODO DE USO Ponga a hervir el contenido en 2 cuartos de agua, cuele la porci\u00f3n. Revuelve bien y vac\u00ede en media tina de agua y B\u00e1\u00f1ese con el Martes y Viernes. Tambi\u00e9n \u00fasese para&hellip;<!-- AddThis Advanced Settings generic via filter on get_the_excerpt --><!-- AddThis Share Buttons generic via filter on get_the_excerpt --><\/p>\n","protected":false},"featured_media":10144,"template":"","meta":[],"product_cat":[14],"product_tag":[1014,1015],"_links":{"self":[{"href":"https:\/\/www.bazarmerlin.com\/inicio\/wp-json\/wp\/v2\/product\/1626"}],"collection":[{"href":"https:\/\/www.bazarmerlin.com\/inicio\/wp-json\/wp\/v2\/product"}],"about":[{"href":"https:\/\/www.bazarmerlin.com\/inicio\/wp-json\/wp\/v2\/types\/product"}],"wp:featuredmedia":[{"embeddable":true,"href":"https:\/\/www.bazarmerlin.com\/inicio\/wp-json\/wp\/v2\/media\/10144"}],"wp:attachment":[{"href":"https:\/\/www.bazarmerlin.com\/inicio\/wp-json\/wp\/v2\/media?parent=1626"}],"wp:term":[{"taxonomy":"product_cat","embeddable":true,"href":"https:\/\/www.bazarmerlin.com\/inicio\/wp-json\/wp\/v2\/product_cat?post=1626"},{"taxonomy":"product_tag","embeddable":true,"href":"https:\/\/www.bazarmerlin.com\/inicio\/wp-json\/wp\/v2\/product_tag?post=1626"}],"curies":[{"name":"wp","href":"https:\/\/api.w.org\/{rel}","templated":true}]}}