{"id":1655,"date":"2015-07-17T18:15:14","date_gmt":"2015-07-17T18:15:14","guid":{"rendered":"https:\/\/www.bazarmerlin.com\/inicio\/?post_type=product&#038;p=1655"},"modified":"2022-12-09T23:38:46","modified_gmt":"2022-12-09T23:38:46","slug":"perfume-rinde-dinero-atrae-fortuna-dinero-y-felicidad","status":"publish","type":"product","link":"https:\/\/www.bazarmerlin.com\/inicio\/producto\/perfume-rinde-dinero-atrae-fortuna-dinero-y-felicidad\/","title":{"rendered":"Perfume Rinde Dinero &#8211; Atrae Fortuna, Dinero Y Felicidad."},"content":{"rendered":"<h3><strong>LEGITIMO PERFUME RINDE DINERO<\/strong><\/h3>\n<p>&nbsp;<\/p>\n<p>ESTE PERFUME est\u00e1 preparado para atraer FELICIDAD, FORTUNA Y DINERO.<br \/>\nUsa este PERFUME todos los d\u00edas y ver\u00e1s c\u00f3mo las oportunidades en los NEGOCIOS, TRABAJOS BIEN REMUNERADOS Y GANANCIAS EN JUEGOS DE AZAR EMPIEZAN A LLEGAR R\u00c1PIDAMENTE<\/p>\n<p>EFICAZ PARA QUE LA ENERG\u00cdA VIBRE QUITANDO BLOQUEOS Y POSITIVAMENTE; CORTANDO TODA LA NEGATIVIDAD<br \/>\nPronto, los Esp\u00edritus de la Riqueza y la Fortuna vendr\u00e1n a usted!!!<\/p>\n<p>&nbsp;<\/p>\n<p>&nbsp;<\/p>\n<p><strong>BAZAR MERLIN\u00ae<\/strong><br \/>\n<strong>El Lugar M\u00e1s M\u00edstico de Guadalajara<\/strong><br \/>\n<strong>ENVIAMOS A TODO M\u00c9XICO<\/strong><\/p>\n<!-- AddThis Advanced Settings generic via filter on the_content --><!-- AddThis Share Buttons generic via filter on the_content -->","protected":false},"excerpt":{"rendered":"<p>LEGITIMO PERFUME RINDE DINERO &nbsp; ESTE PERFUME est\u00e1 preparado para atraer FELICIDAD, FORTUNA Y DINERO. Usa este PERFUME todos los d\u00edas y ver\u00e1s c\u00f3mo las oportunidades en los NEGOCIOS, TRABAJOS BIEN REMUNERADOS Y GANANCIAS EN JUEGOS DE AZAR EMPIEZAN A LLEGAR R\u00c1PIDAMENTE EFICAZ PARA QUE LA ENERG\u00cdA VIBRE QUITANDO BLOQUEOS Y POSITIVAMENTE; CORTANDO TODA LA&hellip;<!-- AddThis Advanced Settings generic via filter on get_the_excerpt --><!-- AddThis Share Buttons generic via filter on get_the_excerpt --><\/p>\n","protected":false},"featured_media":11041,"template":"","meta":[],"product_cat":[20],"product_tag":[1035,1036,1034],"_links":{"self":[{"href":"https:\/\/www.bazarmerlin.com\/inicio\/wp-json\/wp\/v2\/product\/1655"}],"collection":[{"href":"https:\/\/www.bazarmerlin.com\/inicio\/wp-json\/wp\/v2\/product"}],"about":[{"href":"https:\/\/www.bazarmerlin.com\/inicio\/wp-json\/wp\/v2\/types\/product"}],"wp:featuredmedia":[{"embeddable":true,"href":"https:\/\/www.bazarmerlin.com\/inicio\/wp-json\/wp\/v2\/media\/11041"}],"wp:attachment":[{"href":"https:\/\/www.bazarmerlin.com\/inicio\/wp-json\/wp\/v2\/media?parent=1655"}],"wp:term":[{"taxonomy":"product_cat","embeddable":true,"href":"https:\/\/www.bazarmerlin.com\/inicio\/wp-json\/wp\/v2\/product_cat?post=1655"},{"taxonomy":"product_tag","embeddable":true,"href":"https:\/\/www.bazarmerlin.com\/inicio\/wp-json\/wp\/v2\/product_tag?post=1655"}],"curies":[{"name":"wp","href":"https:\/\/api.w.org\/{rel}","templated":true}]}}