{"id":1672,"date":"2015-07-17T23:16:34","date_gmt":"2015-07-17T23:16:34","guid":{"rendered":"https:\/\/www.bazarmerlin.com\/inicio\/?post_type=product&#038;p=1672"},"modified":"2022-12-16T00:22:21","modified_gmt":"2022-12-16T00:22:21","slug":"veladora-quita-vicios-retira-malos-habitos","status":"publish","type":"product","link":"https:\/\/www.bazarmerlin.com\/inicio\/producto\/veladora-quita-vicios-retira-malos-habitos\/","title":{"rendered":"Veladora Quita Vicios &#8211; Retira Malos Habitos"},"content":{"rendered":"<h3><strong>VELADORA QUITA VICIOS<\/strong><\/h3>\n<p>&nbsp;<\/p>\n<p>CONSIGUE AQUELLO TAN ANHELADO, vive libre de todas ATADURAS, de VICIOS, persecuciones y coloca la vida en un lugar privilegiado.<br \/>\nQUITA VICIOS AYUDA A CAMBIAR LOS MALOS H\u00c1BITOS POR ACTITUDES POSITIVAS.<\/p>\n<p>Esta veladora act\u00faa sobre los planos del BIEN Y DEL MAL, formando procesos de nivelaci\u00f3n, y cambio de energ\u00edas.<br \/>\nEstos aspectos son:<\/p>\n<p>&#8211; Ayuda a la transformaci\u00f3n, al cambio, a deshacer, los lazos y ataduras que nos afligen.<br \/>\n&#8211; Alejan a las malas influencias.<br \/>\n&#8211; Estimula el sentido de la autoridad y la moral.<br \/>\n&#8211; Se usa con fines materiales y espirituales.<br \/>\n&#8211; En salud: procura \u00e9xito en tratamiento contra la drogadicci\u00f3n y el alcoholismo.<\/p>\n<p>Para retirar definitivamente de los VICIOS DEL JUEGO ,las DROGAS y el ALCOHOL en la persona o victima da\u00f1ada resolviendo as\u00ed cualquier problema por mas fuerte que sea.<\/p>\n<p>PRENDA LA VELA Y RECE TRES PADRES NUESTROS.<br \/>\nPERSINECE TODOS LOS D\u00cdAS.<\/p>\n<p>VELADORA QUITA VICIOS<\/p>\n<p>CONSIGUE AQUELLO TAN ANHELADO, vive libre de todas ATADURAS, de VICIOS, persecuciones y coloca la vida en un lugar privilegiado.<\/p>\n<p>&nbsp;<\/p>\n<p><strong>BAZAR MERLIN<\/strong><br \/>\n<strong>El Lugar M\u00e1s M\u00edstico de Guadalajara<\/strong><br \/>\n<strong>ENVIAMOS A TODO M\u00c9XICO<\/strong><\/p>\n<!-- AddThis Advanced Settings generic via filter on the_content --><!-- AddThis Share Buttons generic via filter on the_content -->","protected":false},"excerpt":{"rendered":"<p>VELADORA QUITA VICIOS &nbsp; CONSIGUE AQUELLO TAN ANHELADO, vive libre de todas ATADURAS, de VICIOS, persecuciones y coloca la vida en un lugar privilegiado. QUITA VICIOS AYUDA A CAMBIAR LOS MALOS H\u00c1BITOS POR ACTITUDES POSITIVAS. Esta veladora act\u00faa sobre los planos del BIEN Y DEL MAL, formando procesos de nivelaci\u00f3n, y cambio de energ\u00edas. Estos&hellip;<!-- AddThis Advanced Settings generic via filter on get_the_excerpt --><!-- AddThis Share Buttons generic via filter on get_the_excerpt --><\/p>\n","protected":false},"featured_media":8207,"template":"","meta":[],"product_cat":[19],"product_tag":[1045,1044],"_links":{"self":[{"href":"https:\/\/www.bazarmerlin.com\/inicio\/wp-json\/wp\/v2\/product\/1672"}],"collection":[{"href":"https:\/\/www.bazarmerlin.com\/inicio\/wp-json\/wp\/v2\/product"}],"about":[{"href":"https:\/\/www.bazarmerlin.com\/inicio\/wp-json\/wp\/v2\/types\/product"}],"wp:featuredmedia":[{"embeddable":true,"href":"https:\/\/www.bazarmerlin.com\/inicio\/wp-json\/wp\/v2\/media\/8207"}],"wp:attachment":[{"href":"https:\/\/www.bazarmerlin.com\/inicio\/wp-json\/wp\/v2\/media?parent=1672"}],"wp:term":[{"taxonomy":"product_cat","embeddable":true,"href":"https:\/\/www.bazarmerlin.com\/inicio\/wp-json\/wp\/v2\/product_cat?post=1672"},{"taxonomy":"product_tag","embeddable":true,"href":"https:\/\/www.bazarmerlin.com\/inicio\/wp-json\/wp\/v2\/product_tag?post=1672"}],"curies":[{"name":"wp","href":"https:\/\/api.w.org\/{rel}","templated":true}]}}