{"id":1674,"date":"2015-07-17T23:29:42","date_gmt":"2015-07-17T23:29:42","guid":{"rendered":"https:\/\/www.bazarmerlin.com\/inicio\/?post_type=product&#038;p=1674"},"modified":"2022-12-07T00:19:36","modified_gmt":"2022-12-07T00:19:36","slug":"poderoso-atrayente-ven-a-mi","status":"publish","type":"product","link":"https:\/\/www.bazarmerlin.com\/inicio\/producto\/poderoso-atrayente-ven-a-mi\/","title":{"rendered":"Spray Ven a Mi &#8211;  Atrayente Poderoso"},"content":{"rendered":"<p><strong>PODEROS ATRAYENTE SPRAY VEN A MI<\/strong><\/p>\n<p>&nbsp;<\/p>\n<p>Con f\u00e9 y constancia te permite alcanzar la felicidad que mereces!<\/p>\n<p>Este poderoso spray le ayudar\u00e1 para tener el poder de atraer a su ser amado y tenerlo con usted siempre fiel y controlado, encienda un vel\u00f3n con mucha f\u00e9.<\/p>\n<p>Esta preparado con elementos especiales que permiten potenciar los resultados y su consagraci\u00f3n por medio de hermanos de alta luz espiritual permite entregarte un producto altamente efectivo.<\/p>\n<p>Atr\u00e9vete a cambiar tu vida y disfrutar de todo lo que desea.<\/p>\n<p>Oraci\u00f3n:<\/p>\n<p>En el nombre de todos los que han amado y a\u00fan aman, yo te digo: ven a m\u00ed (menciona su nombre). Ven a m\u00ed, porque sin ti estoy en la oscuridad, porque t\u00fa alumbras mi vida. Ven a m\u00ed, que estoy al borde del desespero, porque te extra\u00f1o m\u00e1s cada d\u00eda. Ven a m\u00ed, porque eres mi amor verdadero, te necesito y t\u00fa me necesitas, seamos la felicidad.<\/p>\n<p>Esp\u00edritu del amor, te pido que hagas (nombre del ser amado) que sus noches me pertenezcan, que cuando duerma solo sue\u00f1e conmigo, que solo piense en m\u00ed en el d\u00eda y en la noche, que su coraz\u00f3n lata locamente por m\u00ed. En el nombre del amor verdadero, te pido que vengas a m\u00ed, ven a m\u00ed, amor adorado.<\/p>\n<p>&nbsp;<\/p>\n<p>&nbsp;<\/p>\n<p><strong>BAZAR MERL\u00cdN<\/strong><br \/>\n<strong>El Lugar M\u00e1s M\u00edstico de Guadalajara<\/strong><br \/>\n<strong>ENVIAMOS A TODO M\u00c9XICO\u2026<\/strong><\/p>\n<!-- AddThis Advanced Settings generic via filter on the_content --><!-- AddThis Share Buttons generic via filter on the_content -->","protected":false},"excerpt":{"rendered":"<p>PODEROS ATRAYENTE SPRAY VEN A MI &nbsp; Con f\u00e9 y constancia te permite alcanzar la felicidad que mereces! Este poderoso spray le ayudar\u00e1 para tener el poder de atraer a su ser amado y tenerlo con usted siempre fiel y controlado, encienda un vel\u00f3n con mucha f\u00e9. Esta preparado con elementos especiales que permiten potenciar&hellip;<!-- AddThis Advanced Settings generic via filter on get_the_excerpt --><!-- AddThis Share Buttons generic via filter on get_the_excerpt --><\/p>\n","protected":false},"featured_media":10989,"template":"","meta":[],"product_cat":[14],"product_tag":[1047,1046],"_links":{"self":[{"href":"https:\/\/www.bazarmerlin.com\/inicio\/wp-json\/wp\/v2\/product\/1674"}],"collection":[{"href":"https:\/\/www.bazarmerlin.com\/inicio\/wp-json\/wp\/v2\/product"}],"about":[{"href":"https:\/\/www.bazarmerlin.com\/inicio\/wp-json\/wp\/v2\/types\/product"}],"wp:featuredmedia":[{"embeddable":true,"href":"https:\/\/www.bazarmerlin.com\/inicio\/wp-json\/wp\/v2\/media\/10989"}],"wp:attachment":[{"href":"https:\/\/www.bazarmerlin.com\/inicio\/wp-json\/wp\/v2\/media?parent=1674"}],"wp:term":[{"taxonomy":"product_cat","embeddable":true,"href":"https:\/\/www.bazarmerlin.com\/inicio\/wp-json\/wp\/v2\/product_cat?post=1674"},{"taxonomy":"product_tag","embeddable":true,"href":"https:\/\/www.bazarmerlin.com\/inicio\/wp-json\/wp\/v2\/product_tag?post=1674"}],"curies":[{"name":"wp","href":"https:\/\/api.w.org\/{rel}","templated":true}]}}