{"id":183,"date":"2015-06-23T18:18:01","date_gmt":"2015-06-23T18:18:01","guid":{"rendered":"https:\/\/www.bazarmerlin.com\/inicio\/?post_type=product&#038;p=183"},"modified":"2022-12-27T00:17:39","modified_gmt":"2022-12-27T00:17:39","slug":"pendulo-aventurina-rojo-3-cm-incluye-manual-de-uso","status":"publish","type":"product","link":"https:\/\/www.bazarmerlin.com\/inicio\/producto\/pendulo-aventurina-rojo-3-cm-incluye-manual-de-uso\/","title":{"rendered":"Pendulo Aventurina Rojo &#8211; 3 Cm Incluye Manual De Uso"},"content":{"rendered":"<p><strong>P\u00c9NDULO CUARZO AVENTURINA ROJA &#8211; 3 CM<\/strong><\/p>\n<p>&nbsp;<\/p>\n<p>-Incluye Libro de Uso<\/p>\n<p>LA AVENTURINA ROJA es la piedra de la prosperidad. Nos devuelve al pasado, a nuestras ra\u00edces, ya sea a nivel espiritual o emocional, para sanar aquellas cosas que han crecido mal, y darles una nueva base estable que nos proporcione bienestar y nos lleve a un estado de plenitud con la seguridad de que en lo m\u00e1s profundo todo arraiga correctamente.<\/p>\n<p>Como todas las aventurinas es una gran filtradora, disipa la bruma energ\u00e9tica y absorbe las radiaciones electromagn\u00e9ticas de pantallas, televisores, tel\u00e9fonos, etc.<\/p>\n<p>Unifica el cuerpo intelectual y emocional, y calma la irritaci\u00f3n, ense\u00f1ando a nuestro coraz\u00f3n a mediar sobre el chakra del poder, y a controlar nuestra energ\u00eda de una forma calma y suavizada.<\/p>\n<p>Funcionalidades: Uso Universal apto para cualquier tipo de medici\u00f3n. Ideal para el trabajo del profesional en prospecciones generales as\u00ed como la detecciones de: tele radiestesia, planos, personas, objetos, minerales, yacimientos arqueol\u00f3gicos, diagn\u00f3sticos y aplicaciones en terapias alternativas y geobiolog\u00eda.<\/p>\n<p>&nbsp;<\/p>\n<p>&nbsp;<\/p>\n<p><strong>BAZAR MERLIN\u00ae<\/strong><br \/>\n<strong>El Lugar M\u00e1s M\u00edstico de Guadalajara<\/strong><br \/>\n<strong>ENVIAMOS A TODO M\u00c9XICO<\/strong><\/p>\n<!-- AddThis Advanced Settings generic via filter on the_content --><!-- AddThis Share Buttons generic via filter on the_content -->","protected":false},"excerpt":{"rendered":"<p>P\u00c9NDULO CUARZO AVENTURINA ROJA &#8211; 3 CM &nbsp; -Incluye Libro de Uso LA AVENTURINA ROJA es la piedra de la prosperidad. Nos devuelve al pasado, a nuestras ra\u00edces, ya sea a nivel espiritual o emocional, para sanar aquellas cosas que han crecido mal, y darles una nueva base estable que nos proporcione bienestar y nos&hellip;<!-- AddThis Advanced Settings generic via filter on get_the_excerpt --><!-- AddThis Share Buttons generic via filter on get_the_excerpt --><\/p>\n","protected":false},"featured_media":11256,"template":"","meta":[],"product_cat":[21],"product_tag":[447],"_links":{"self":[{"href":"https:\/\/www.bazarmerlin.com\/inicio\/wp-json\/wp\/v2\/product\/183"}],"collection":[{"href":"https:\/\/www.bazarmerlin.com\/inicio\/wp-json\/wp\/v2\/product"}],"about":[{"href":"https:\/\/www.bazarmerlin.com\/inicio\/wp-json\/wp\/v2\/types\/product"}],"wp:featuredmedia":[{"embeddable":true,"href":"https:\/\/www.bazarmerlin.com\/inicio\/wp-json\/wp\/v2\/media\/11256"}],"wp:attachment":[{"href":"https:\/\/www.bazarmerlin.com\/inicio\/wp-json\/wp\/v2\/media?parent=183"}],"wp:term":[{"taxonomy":"product_cat","embeddable":true,"href":"https:\/\/www.bazarmerlin.com\/inicio\/wp-json\/wp\/v2\/product_cat?post=183"},{"taxonomy":"product_tag","embeddable":true,"href":"https:\/\/www.bazarmerlin.com\/inicio\/wp-json\/wp\/v2\/product_tag?post=183"}],"curies":[{"name":"wp","href":"https:\/\/api.w.org\/{rel}","templated":true}]}}