{"id":1837,"date":"2015-07-21T17:27:57","date_gmt":"2015-07-21T17:27:57","guid":{"rendered":"https:\/\/www.bazarmerlin.com\/inicio\/?post_type=product&#038;p=1837"},"modified":"2022-12-19T23:56:41","modified_gmt":"2022-12-19T23:56:41","slug":"la-biblia-de-los-cristales-volumen-1","status":"publish","type":"product","link":"https:\/\/www.bazarmerlin.com\/inicio\/producto\/la-biblia-de-los-cristales-volumen-1\/","title":{"rendered":"La Biblia De Los Cristales Volumen 1"},"content":{"rendered":"<p><strong>LA BIBLIA DE LOS CRISTALES VOLUMEN 1<\/strong><\/p>\n<p>&nbsp;<\/p>\n<p>Gu\u00eda definitiva de los cristales. Caracter\u00edsticas de m\u00e1s de 200 cristales.<\/p>\n<p>La biblia de los cristales abarca tanto las principales gemas actualmente disponibles como los cristales que han sido descubiertos recientemente. Bellamente ilustrada, \u00e9sta es una gu\u00eda completa sobre los cristales, su morfolog\u00eda, su cromatismo y sus diversas aplicaciones. Su forma y presentaci\u00f3n hacen de ella una gu\u00eda \u00fanica en su g\u00e9nero, permitiendo encontrar de manera inmediata cualquier tipo de cristal, as\u00ed como toda la informaci\u00f3n relativa a sus propiedades esot\u00e9ricas (efectos espirituales, mentales, psicol\u00f3gicos, emocionales y f\u00edsicos) y terap\u00e9uticas, lo que la convierte en una referencia indispensable para todas aquellas personas amantes de los cristales. Esta obra viene avalada por la dilatada experiencia de la autora en este campo -m\u00e1s de treinta a\u00f1os-, y a\u00fana el saber tradicional y contempor\u00e1neo relativo al conocimiento de los cristales, Judy Hall es, adem\u00e1s, autora de &#8220;The Illustrated Guide to Crystals&#8221; y &#8220;The Crystals User&#8217;s Handbook&#8221;.<\/p>\n<p>&nbsp;<\/p>\n<p>&nbsp;<\/p>\n<p><strong>BAZAR MERLIN<\/strong><br \/>\n<strong>El Lugar M\u00e1s M\u00edstico de Guadalajara<\/strong><br \/>\n<strong>ENVIAMOS A TODO M\u00c9XICO<\/strong><\/p>\n<!-- AddThis Advanced Settings generic via filter on the_content --><!-- AddThis Share Buttons generic via filter on the_content -->","protected":false},"excerpt":{"rendered":"<p>LA BIBLIA DE LOS CRISTALES VOLUMEN 1 &nbsp; Gu\u00eda definitiva de los cristales. Caracter\u00edsticas de m\u00e1s de 200 cristales. La biblia de los cristales abarca tanto las principales gemas actualmente disponibles como los cristales que han sido descubiertos recientemente. Bellamente ilustrada, \u00e9sta es una gu\u00eda completa sobre los cristales, su morfolog\u00eda, su cromatismo y sus&hellip;<!-- AddThis Advanced Settings generic via filter on get_the_excerpt --><!-- AddThis Share Buttons generic via filter on get_the_excerpt --><\/p>\n","protected":false},"featured_media":11161,"template":"","meta":[],"product_cat":[13],"product_tag":[1102],"_links":{"self":[{"href":"https:\/\/www.bazarmerlin.com\/inicio\/wp-json\/wp\/v2\/product\/1837"}],"collection":[{"href":"https:\/\/www.bazarmerlin.com\/inicio\/wp-json\/wp\/v2\/product"}],"about":[{"href":"https:\/\/www.bazarmerlin.com\/inicio\/wp-json\/wp\/v2\/types\/product"}],"wp:featuredmedia":[{"embeddable":true,"href":"https:\/\/www.bazarmerlin.com\/inicio\/wp-json\/wp\/v2\/media\/11161"}],"wp:attachment":[{"href":"https:\/\/www.bazarmerlin.com\/inicio\/wp-json\/wp\/v2\/media?parent=1837"}],"wp:term":[{"taxonomy":"product_cat","embeddable":true,"href":"https:\/\/www.bazarmerlin.com\/inicio\/wp-json\/wp\/v2\/product_cat?post=1837"},{"taxonomy":"product_tag","embeddable":true,"href":"https:\/\/www.bazarmerlin.com\/inicio\/wp-json\/wp\/v2\/product_tag?post=1837"}],"curies":[{"name":"wp","href":"https:\/\/api.w.org\/{rel}","templated":true}]}}