{"id":1845,"date":"2015-07-21T17:47:46","date_gmt":"2015-07-21T17:47:46","guid":{"rendered":"https:\/\/www.bazarmerlin.com\/inicio\/?post_type=product&#038;p=1845"},"modified":"2022-12-19T23:01:49","modified_gmt":"2022-12-19T23:01:49","slug":"la-biblia-de-la-astrologia-china-guia-completa","status":"publish","type":"product","link":"https:\/\/www.bazarmerlin.com\/inicio\/producto\/la-biblia-de-la-astrologia-china-guia-completa\/","title":{"rendered":"La Biblia de la Astrolog\u00eda China &#8211; Guia Completa"},"content":{"rendered":"<p><strong>LA BIBLIA DE LA ASTROLOG\u00cdA CHINA &#8211; GUIA COMPLETA<\/strong><\/p>\n<p>&nbsp;<\/p>\n<p>Esta gu\u00eda completa te aporta todo lo que necesitas conocer acerca de la astrolog\u00eda china: describe los doce animales del zod\u00edaco, te ense\u00f1a a calcular el signo correspondiente a tu a\u00f1o y te brinda un an\u00e1lisis muy detallado de tu carta astrol\u00f3gica basado en la hora, el d\u00eda y el mes de tu nacimiento. \u00c9ste es el libro id\u00f3neo para quien desee mejorar su comprensi\u00f3n de la astrolog\u00eda china, pues ofrece consejos pr\u00e1cticos sobre c\u00f3mo desarrollar el hor\u00f3scopo y brinda valiosa informaci\u00f3n para aplicar los conocimientos adquiridos (por ejemplo, en medicina tradicional china y en Feng shui). Derek Walters es una eminente autoridad en el conocimiento de la historia y la pr\u00e1ctica de la astrolog\u00eda china. Asiste frecuentemente a congresos en China, imparte conferencias sobre el tema y es autor de una serie de libros muy divulgados, entre los que se incluye &#8220;The Secrets of Chinese Astrology&#8221;.<\/p>\n<p>&nbsp;<\/p>\n<p>&nbsp;<\/p>\n<p>&nbsp;<\/p>\n<p><strong>BAZAR MERLIN<\/strong><br \/>\n<strong>El Lugar M\u00e1s M\u00edstico de Guadalajara<\/strong><br \/>\n<strong>ENVIAMOS A TODO M\u00c9XICO<\/strong><\/p>\n<!-- AddThis Advanced Settings generic via filter on the_content --><!-- AddThis Share Buttons generic via filter on the_content -->","protected":false},"excerpt":{"rendered":"<p>LA BIBLIA DE LA ASTROLOG\u00cdA CHINA &#8211; GUIA COMPLETA &nbsp; Esta gu\u00eda completa te aporta todo lo que necesitas conocer acerca de la astrolog\u00eda china: describe los doce animales del zod\u00edaco, te ense\u00f1a a calcular el signo correspondiente a tu a\u00f1o y te brinda un an\u00e1lisis muy detallado de tu carta astrol\u00f3gica basado en la&hellip;<!-- AddThis Advanced Settings generic via filter on get_the_excerpt --><!-- AddThis Share Buttons generic via filter on get_the_excerpt --><\/p>\n","protected":false},"featured_media":11153,"template":"","meta":[],"product_cat":[13],"product_tag":[1105,1104],"_links":{"self":[{"href":"https:\/\/www.bazarmerlin.com\/inicio\/wp-json\/wp\/v2\/product\/1845"}],"collection":[{"href":"https:\/\/www.bazarmerlin.com\/inicio\/wp-json\/wp\/v2\/product"}],"about":[{"href":"https:\/\/www.bazarmerlin.com\/inicio\/wp-json\/wp\/v2\/types\/product"}],"wp:featuredmedia":[{"embeddable":true,"href":"https:\/\/www.bazarmerlin.com\/inicio\/wp-json\/wp\/v2\/media\/11153"}],"wp:attachment":[{"href":"https:\/\/www.bazarmerlin.com\/inicio\/wp-json\/wp\/v2\/media?parent=1845"}],"wp:term":[{"taxonomy":"product_cat","embeddable":true,"href":"https:\/\/www.bazarmerlin.com\/inicio\/wp-json\/wp\/v2\/product_cat?post=1845"},{"taxonomy":"product_tag","embeddable":true,"href":"https:\/\/www.bazarmerlin.com\/inicio\/wp-json\/wp\/v2\/product_tag?post=1845"}],"curies":[{"name":"wp","href":"https:\/\/api.w.org\/{rel}","templated":true}]}}