{"id":325,"date":"2015-06-24T19:57:00","date_gmt":"2015-06-24T19:57:00","guid":{"rendered":"https:\/\/www.bazarmerlin.com\/inicio\/?post_type=product&#038;p=325"},"modified":"2022-11-30T23:37:21","modified_gmt":"2022-11-30T23:37:21","slug":"rtn-cirio-retira-trabajos-negros-con-este-poderoso-cirio","status":"publish","type":"product","link":"https:\/\/www.bazarmerlin.com\/inicio\/producto\/rtn-cirio-retira-trabajos-negros-con-este-poderoso-cirio\/","title":{"rendered":"Velon Rtn &#8211; Retira Trabajos Negros, Brujeria Y Da\u00f1os"},"content":{"rendered":"<p><strong>PODEROSO VELON RTN<\/strong><br \/>\n<strong>Retira Trabajo Negro Y Toda Brujer\u00eda<\/strong><\/p>\n<p>&nbsp;<\/p>\n<p>VEL\u00d3N RTN, QUITA TODO TIPO DE TRABAJO DE BRUJER\u00cdA Y HECHICER\u00cdA.<\/p>\n<p>VEL\u00d3N RTN El esta elaborado con extracto 100% natural y concentrado de alta magia<br \/>\npara que tu vida cambie a \u00e9xito por el poder de este VEL\u00d3N<\/p>\n<p>Que te ayudara a quitar todo tipo de trabajo de magia negra como brujer\u00eda, por su calidad y preparaci\u00f3n la puedes usar en tu casa o negocio prendelo con mucha fe y tu vida cambiara de una vez por todo.<\/p>\n<p>Este poderoso VEL\u00d3N esta elaborado totalmente a mano y preparado especialmente para ti bajo un ritual muy poderoso de activaci\u00f3n y de verdadera alta magia.<\/p>\n<p>&nbsp;<\/p>\n<p>&nbsp;<\/p>\n<p><strong>BAZAR MERLIN<\/strong><br \/>\n<strong>El Lugar M\u00e1s M\u00edstico de Guadalajara<\/strong><br \/>\n<strong>ENVIAMOS A TODO M\u00c9XICO<\/strong><\/p>\n<!-- AddThis Advanced Settings generic via filter on the_content --><!-- AddThis Share Buttons generic via filter on the_content -->","protected":false},"excerpt":{"rendered":"<p>PODEROSO VELON RTN Retira Trabajo Negro Y Toda Brujer\u00eda &nbsp; VEL\u00d3N RTN, QUITA TODO TIPO DE TRABAJO DE BRUJER\u00cdA Y HECHICER\u00cdA. VEL\u00d3N RTN El esta elaborado con extracto 100% natural y concentrado de alta magia para que tu vida cambie a \u00e9xito por el poder de este VEL\u00d3N Que te ayudara a quitar todo tipo&hellip;<!-- AddThis Advanced Settings generic via filter on get_the_excerpt --><!-- AddThis Share Buttons generic via filter on get_the_excerpt --><\/p>\n","protected":false},"featured_media":10907,"template":"","meta":[],"product_cat":[19],"product_tag":[483,482,481],"_links":{"self":[{"href":"https:\/\/www.bazarmerlin.com\/inicio\/wp-json\/wp\/v2\/product\/325"}],"collection":[{"href":"https:\/\/www.bazarmerlin.com\/inicio\/wp-json\/wp\/v2\/product"}],"about":[{"href":"https:\/\/www.bazarmerlin.com\/inicio\/wp-json\/wp\/v2\/types\/product"}],"wp:featuredmedia":[{"embeddable":true,"href":"https:\/\/www.bazarmerlin.com\/inicio\/wp-json\/wp\/v2\/media\/10907"}],"wp:attachment":[{"href":"https:\/\/www.bazarmerlin.com\/inicio\/wp-json\/wp\/v2\/media?parent=325"}],"wp:term":[{"taxonomy":"product_cat","embeddable":true,"href":"https:\/\/www.bazarmerlin.com\/inicio\/wp-json\/wp\/v2\/product_cat?post=325"},{"taxonomy":"product_tag","embeddable":true,"href":"https:\/\/www.bazarmerlin.com\/inicio\/wp-json\/wp\/v2\/product_tag?post=325"}],"curies":[{"name":"wp","href":"https:\/\/api.w.org\/{rel}","templated":true}]}}