{"id":3375,"date":"2015-08-01T18:37:41","date_gmt":"2015-08-01T18:37:41","guid":{"rendered":"https:\/\/www.bazarmerlin.com\/inicio\/?post_type=product&#038;p=3375"},"modified":"2022-10-14T23:13:10","modified_gmt":"2022-10-14T23:13:10","slug":"3375","status":"publish","type":"product","link":"https:\/\/www.bazarmerlin.com\/inicio\/producto\/3375\/","title":{"rendered":"Taz\u00f3n O Cuenco Tibetano &#8211; 13 Cm Importado &#8211; En 7 Metales"},"content":{"rendered":"<p><strong>Taz\u00f3n O Cuenco Tibetano En 7 Metales &#8211; Importado &#8211;<\/strong><br \/>\n<strong>Tama\u00f1o De 13 Cms<\/strong><\/p>\n<p>&nbsp;<\/p>\n<p>Cuenco tibetano realizado en la India bajo supervisi\u00f3n de monjes tibetanos. Estos cuencos se conocen como cuencos cantores porque son capaces de sostener el sonido por un rato largo gracias a que est\u00e1n hechos de una aleaci\u00f3n de 7 metales alqu\u00edmicos.<\/p>\n<p>Originalmente de Asia, hoy en d\u00eda se utilizan en todo el mundo para apoyar la pr\u00e1ctica de la meditaci\u00f3n, para terapia o para armonizar y eliminar malas vibras en un espacio y dentro de uno mismo.<\/p>\n<p>Este cuenco mide aproximadamente un di\u00e1metro de 13 CMS aproximadamente. Viene con un palo r\u00fastico para sonarlo. En el costado exterior del cuenco viene pintado un mantra budistas. Cada pieza es diferente por ser hecha a mano son \u00fanicas y no existen 2 piezas iguales dando a conocer la calidad artesanal de la misma.<\/p>\n<p>NOTA IMPORTANTE: Debido a que su terminado es artesanal, puede haber peque\u00f1as diferencias en el acabado o pintado. Esto lejos de verse como una imperfecci\u00f3n se considera una caracter\u00edstica principal del trabajo artesanal y hace de cada pieza un trabajo \u00fanico. Esto NO compromete la calidad del sonido.<\/p>\n<p>VEA LAS FOTOS PARA SABER COMO MEDIR UN CUENCO Y COMO ES SU FABRICACI\u00d3N ARTESANAL.<\/p>\n<p>DI\u00c1METRO DE 13 CMS<\/p>\n<p>&nbsp;<\/p>\n<p>&nbsp;<\/p>\n<p><strong>BAZAR\u00a0<\/strong><b>MERL\u00cdN<\/b><br \/>\n<strong>El Lugar M\u00e1s M\u00edstico de Guadalajara<\/strong><br \/>\n<strong>ENVIAMOS A TODO M\u00c9XICO\u2026<\/strong><\/p>\n<!-- AddThis Advanced Settings generic via filter on the_content --><!-- AddThis Share Buttons generic via filter on the_content -->","protected":false},"excerpt":{"rendered":"<p>Taz\u00f3n O Cuenco Tibetano En 7 Metales &#8211; Importado &#8211; Tama\u00f1o De 13 Cms &nbsp; Cuenco tibetano realizado en la India bajo supervisi\u00f3n de monjes tibetanos. Estos cuencos se conocen como cuencos cantores porque son capaces de sostener el sonido por un rato largo gracias a que est\u00e1n hechos de una aleaci\u00f3n de 7 metales&hellip;<!-- AddThis Advanced Settings generic via filter on get_the_excerpt --><!-- AddThis Share Buttons generic via filter on get_the_excerpt --><\/p>\n","protected":false},"featured_media":10373,"template":"","meta":[],"product_cat":[14],"product_tag":[1120,1118],"_links":{"self":[{"href":"https:\/\/www.bazarmerlin.com\/inicio\/wp-json\/wp\/v2\/product\/3375"}],"collection":[{"href":"https:\/\/www.bazarmerlin.com\/inicio\/wp-json\/wp\/v2\/product"}],"about":[{"href":"https:\/\/www.bazarmerlin.com\/inicio\/wp-json\/wp\/v2\/types\/product"}],"wp:featuredmedia":[{"embeddable":true,"href":"https:\/\/www.bazarmerlin.com\/inicio\/wp-json\/wp\/v2\/media\/10373"}],"wp:attachment":[{"href":"https:\/\/www.bazarmerlin.com\/inicio\/wp-json\/wp\/v2\/media?parent=3375"}],"wp:term":[{"taxonomy":"product_cat","embeddable":true,"href":"https:\/\/www.bazarmerlin.com\/inicio\/wp-json\/wp\/v2\/product_cat?post=3375"},{"taxonomy":"product_tag","embeddable":true,"href":"https:\/\/www.bazarmerlin.com\/inicio\/wp-json\/wp\/v2\/product_tag?post=3375"}],"curies":[{"name":"wp","href":"https:\/\/api.w.org\/{rel}","templated":true}]}}