{"id":353,"date":"2015-06-25T18:41:50","date_gmt":"2015-06-25T18:41:50","guid":{"rendered":"https:\/\/www.bazarmerlin.com\/inicio\/?post_type=product&#038;p=353"},"modified":"2023-01-11T23:13:18","modified_gmt":"2023-01-11T23:13:18","slug":"incienso-de-los-7-arcangeles-2-cajas-con-6-paquetes-c-caja","status":"publish","type":"product","link":"https:\/\/www.bazarmerlin.com\/inicio\/producto\/incienso-de-los-7-arcangeles-2-cajas-con-6-paquetes-c-caja\/","title":{"rendered":"Incienso De Los 7 Arcangeles -2 Cajas Con 6 Paquetes C\/ Caja"},"content":{"rendered":"<p><strong>INCIENSO DE LOS 7 ARC\u00c1NGELES 2 CAJAS DE 6 PAQUETE CADA UNA<\/strong><\/p>\n<p>&nbsp;<\/p>\n<p>Incienso de invocaci\u00f3n de los 7 Arc\u00e1ngeles: Miguel, Jofiel, Gabriel, Rafael, Uriel, Zadkiel y Samuel.<\/p>\n<p>Incienso de Los 7 arc\u00e1ngeles.<\/p>\n<p>Varitas de incienso de alta calidad importadas de la India, que atraen alegr\u00eda al coraz\u00f3n y lo agradable de manantiales ex\u00f3ticos para un consejo sincero, ayudar a calmar la mente, equilibrar tu energ\u00eda y visualizar cosas fant\u00e1sticas.<\/p>\n<p>El incienso ha sido siempre una parte de los rituales y tradiciones de antig\u00fcedad desde la India. Significa m\u00e1s que un solo color una fragancia o una Flama, ya que ayuda a conectarnos con el se\u00f1or divino, equilibra nuestra energ\u00eda, a nuestra vida d\u00eda a d\u00eda, ayuda abrir caminos en todo lo que emprendas y atraer el \u00e9xito a tu vida y a la de tus seres queridos debido a que equilibra sus chakras y retira cualquier energ\u00eda negativa del lugar que se coloca y prende con mucha fe.<\/p>\n<p>&nbsp;<\/p>\n<p>&nbsp;<\/p>\n<p><strong>BAZAR MERLIN<\/strong><br \/>\n<strong>El Lugar M\u00e1s M\u00edstico de Guadalajara<\/strong><br \/>\n<strong>ENVIAMOS A TODO M\u00c9XICO<\/strong><\/p>\n<!-- AddThis Advanced Settings generic via filter on the_content --><!-- AddThis Share Buttons generic via filter on the_content -->","protected":false},"excerpt":{"rendered":"<p>INCIENSO DE LOS 7 ARC\u00c1NGELES 2 CAJAS DE 6 PAQUETE CADA UNA &nbsp; Incienso de invocaci\u00f3n de los 7 Arc\u00e1ngeles: Miguel, Jofiel, Gabriel, Rafael, Uriel, Zadkiel y Samuel. Incienso de Los 7 arc\u00e1ngeles. Varitas de incienso de alta calidad importadas de la India, que atraen alegr\u00eda al coraz\u00f3n y lo agradable de manantiales ex\u00f3ticos para&hellip;<!-- AddThis Advanced Settings generic via filter on get_the_excerpt --><!-- AddThis Share Buttons generic via filter on get_the_excerpt --><\/p>\n","protected":false},"featured_media":11484,"template":"","meta":[],"product_cat":[274],"product_tag":[493,491],"_links":{"self":[{"href":"https:\/\/www.bazarmerlin.com\/inicio\/wp-json\/wp\/v2\/product\/353"}],"collection":[{"href":"https:\/\/www.bazarmerlin.com\/inicio\/wp-json\/wp\/v2\/product"}],"about":[{"href":"https:\/\/www.bazarmerlin.com\/inicio\/wp-json\/wp\/v2\/types\/product"}],"wp:featuredmedia":[{"embeddable":true,"href":"https:\/\/www.bazarmerlin.com\/inicio\/wp-json\/wp\/v2\/media\/11484"}],"wp:attachment":[{"href":"https:\/\/www.bazarmerlin.com\/inicio\/wp-json\/wp\/v2\/media?parent=353"}],"wp:term":[{"taxonomy":"product_cat","embeddable":true,"href":"https:\/\/www.bazarmerlin.com\/inicio\/wp-json\/wp\/v2\/product_cat?post=353"},{"taxonomy":"product_tag","embeddable":true,"href":"https:\/\/www.bazarmerlin.com\/inicio\/wp-json\/wp\/v2\/product_tag?post=353"}],"curies":[{"name":"wp","href":"https:\/\/api.w.org\/{rel}","templated":true}]}}