{"id":3708,"date":"2015-08-06T18:16:35","date_gmt":"2015-08-06T18:16:35","guid":{"rendered":"https:\/\/www.bazarmerlin.com\/inicio\/?post_type=product&#038;p=3708"},"modified":"2023-01-09T23:41:41","modified_gmt":"2023-01-09T23:41:41","slug":"tratado-ilustrado-de-terapia-con-ventosas","status":"publish","type":"product","link":"https:\/\/www.bazarmerlin.com\/inicio\/producto\/tratado-ilustrado-de-terapia-con-ventosas\/","title":{"rendered":"Tratado Ilustrado De Terapia Con Ventosas"},"content":{"rendered":"<p><strong>LIBRO TERAPIA CON VENTOSAS.<\/strong><\/p>\n<p>&nbsp;<\/p>\n<p>Dentro de la Medicina Tradicional Mexicana, la t\u00e9cnica de ventosas es usada de manera emp\u00edrica, su uso se ha transmitido de manera oral, siendo utilizada principalmente para patolog\u00edas musculares.<\/p>\n<p>La Medicina Tradicional China la ha transmitido de manera sistematizada, es de utilidad en diversos padecimientos los cuales el presente titulo expone, tiene bases s\u00f3lidas en los libros chinos antiguos as\u00ed como en los libros que sirven de apoyo en la actualidad en los centros de atenci\u00f3n a la salud en la Rep\u00fablica Popular de China y que ahora son traducidos al espa\u00f1ol y plasmados en la presente obra, la cual abarca las experiencias cl\u00ednicas en las especialidades de Medicinas Interna, Cirug\u00eda, Ginecolog\u00eda, Pediatr\u00eda, Ortopedia y Traumatolog\u00eda, as\u00ed como en Otorrinolaringolog\u00eda y Dermatolog\u00eda, etc.<\/p>\n<p>Tratando de esta manera m\u00e1s de cien enfermedades. Contiene esquemas que ilustran el uso de esta t\u00e9cnica en la pr\u00e1ctica cl\u00ednica.<\/p>\n<p>N\u00famero de P\u00e1ginas 199.<\/p>\n<p>&nbsp;<\/p>\n<p>&nbsp;<\/p>\n<p><strong>BAZAR MERLIN<\/strong><br \/>\n<strong>El Lugar M\u00e1s M\u00edstico de Guadalajara<\/strong><br \/>\n<strong>ENVIAMOS A TODO M\u00c9XICO <\/strong><\/p>\n<!-- AddThis Advanced Settings generic via filter on the_content --><!-- AddThis Share Buttons generic via filter on the_content -->","protected":false},"excerpt":{"rendered":"<p>LIBRO TERAPIA CON VENTOSAS. &nbsp; Dentro de la Medicina Tradicional Mexicana, la t\u00e9cnica de ventosas es usada de manera emp\u00edrica, su uso se ha transmitido de manera oral, siendo utilizada principalmente para patolog\u00edas musculares. La Medicina Tradicional China la ha transmitido de manera sistematizada, es de utilidad en diversos padecimientos los cuales el presente titulo&hellip;<!-- AddThis Advanced Settings generic via filter on get_the_excerpt --><!-- AddThis Share Buttons generic via filter on get_the_excerpt --><\/p>\n","protected":false},"featured_media":11449,"template":"","meta":[],"product_cat":[16],"product_tag":[1152],"_links":{"self":[{"href":"https:\/\/www.bazarmerlin.com\/inicio\/wp-json\/wp\/v2\/product\/3708"}],"collection":[{"href":"https:\/\/www.bazarmerlin.com\/inicio\/wp-json\/wp\/v2\/product"}],"about":[{"href":"https:\/\/www.bazarmerlin.com\/inicio\/wp-json\/wp\/v2\/types\/product"}],"wp:featuredmedia":[{"embeddable":true,"href":"https:\/\/www.bazarmerlin.com\/inicio\/wp-json\/wp\/v2\/media\/11449"}],"wp:attachment":[{"href":"https:\/\/www.bazarmerlin.com\/inicio\/wp-json\/wp\/v2\/media?parent=3708"}],"wp:term":[{"taxonomy":"product_cat","embeddable":true,"href":"https:\/\/www.bazarmerlin.com\/inicio\/wp-json\/wp\/v2\/product_cat?post=3708"},{"taxonomy":"product_tag","embeddable":true,"href":"https:\/\/www.bazarmerlin.com\/inicio\/wp-json\/wp\/v2\/product_tag?post=3708"}],"curies":[{"name":"wp","href":"https:\/\/api.w.org\/{rel}","templated":true}]}}