{"id":3729,"date":"2015-08-06T18:38:15","date_gmt":"2015-08-06T18:38:15","guid":{"rendered":"https:\/\/www.bazarmerlin.com\/inicio\/?post_type=product&#038;p=3729"},"modified":"2023-01-06T21:55:14","modified_gmt":"2023-01-06T21:55:14","slug":"la-biblia-de-las-plantas-medicinales-y-curativas","status":"publish","type":"product","link":"https:\/\/www.bazarmerlin.com\/inicio\/producto\/la-biblia-de-las-plantas-medicinales-y-curativas\/","title":{"rendered":"La Biblia De Las Plantas Medicinales Y Curativas"},"content":{"rendered":"<p><strong>LA BIBLIA DE LAS PLANTAS MEDICINALES Y CURATIVAS<\/strong><\/p>\n<p>&nbsp;<\/p>\n<p>Descubre m\u00e1s de cien plantas curativas de distintas partes del mundo a trav\u00e9s de esta gu\u00eda excepcional, que te informa de las descripciones, las partes utilizadas, la historia y las principales propiedades terap\u00e9uticas de cada una de ellas.<\/p>\n<p>Desde el hip\u00e9rico, la salvia, la camomila y plantas comestibles como las uvas y las fresas, hasta las energ\u00edas sanadoras de flores y \u00e1rboles, este libro te servir\u00e1 como un manual extraordinario para aprovecharte de sus propiedades terap\u00e9uticas y sus aplicaciones sanadoras, o para conocer las necesarias precauciones.<\/p>\n<p>Hallar\u00e1s igualmente plantas sagradas para la sanaci\u00f3n espiritual y esencias florales para las dolencias comunes y los problemas emocionales.<\/p>\n<p>&nbsp;<\/p>\n<p>&nbsp;<\/p>\n<p><strong>BAZAR MERL\u00cdN\u00ae<\/strong><br \/>\n<strong>El Lugar M\u00e1s M\u00edstico de Guadalajara<\/strong><br \/>\n<strong>ENVIAMOS A TODO M\u00c9XICO<\/strong><\/p>\n<!-- AddThis Advanced Settings generic via filter on the_content --><!-- AddThis Share Buttons generic via filter on the_content -->","protected":false},"excerpt":{"rendered":"<p>LA BIBLIA DE LAS PLANTAS MEDICINALES Y CURATIVAS &nbsp; Descubre m\u00e1s de cien plantas curativas de distintas partes del mundo a trav\u00e9s de esta gu\u00eda excepcional, que te informa de las descripciones, las partes utilizadas, la historia y las principales propiedades terap\u00e9uticas de cada una de ellas. Desde el hip\u00e9rico, la salvia, la camomila y&hellip;<!-- AddThis Advanced Settings generic via filter on get_the_excerpt --><!-- AddThis Share Buttons generic via filter on get_the_excerpt --><\/p>\n","protected":false},"featured_media":11401,"template":"","meta":[],"product_cat":[16],"product_tag":[1155],"_links":{"self":[{"href":"https:\/\/www.bazarmerlin.com\/inicio\/wp-json\/wp\/v2\/product\/3729"}],"collection":[{"href":"https:\/\/www.bazarmerlin.com\/inicio\/wp-json\/wp\/v2\/product"}],"about":[{"href":"https:\/\/www.bazarmerlin.com\/inicio\/wp-json\/wp\/v2\/types\/product"}],"wp:featuredmedia":[{"embeddable":true,"href":"https:\/\/www.bazarmerlin.com\/inicio\/wp-json\/wp\/v2\/media\/11401"}],"wp:attachment":[{"href":"https:\/\/www.bazarmerlin.com\/inicio\/wp-json\/wp\/v2\/media?parent=3729"}],"wp:term":[{"taxonomy":"product_cat","embeddable":true,"href":"https:\/\/www.bazarmerlin.com\/inicio\/wp-json\/wp\/v2\/product_cat?post=3729"},{"taxonomy":"product_tag","embeddable":true,"href":"https:\/\/www.bazarmerlin.com\/inicio\/wp-json\/wp\/v2\/product_tag?post=3729"}],"curies":[{"name":"wp","href":"https:\/\/api.w.org\/{rel}","templated":true}]}}