{"id":389,"date":"2015-06-26T17:38:44","date_gmt":"2015-06-26T17:38:44","guid":{"rendered":"https:\/\/www.bazarmerlin.com\/inicio\/?post_type=product&#038;p=389"},"modified":"2022-10-12T21:50:44","modified_gmt":"2022-10-12T21:50:44","slug":"poderoso-spray-doble-suerte-rapida-atrae-amor-y-exito","status":"publish","type":"product","link":"https:\/\/www.bazarmerlin.com\/inicio\/producto\/poderoso-spray-doble-suerte-rapida-atrae-amor-y-exito\/","title":{"rendered":"Poderoso Spray Doble Suerte R\u00e1pida \/ Atrae Amor Y \u00c9xito"},"content":{"rendered":"<p><strong>PARA EL AMOR, TRABAJO, DINERO Y SALUD.<\/strong><br \/>\n<strong>APL\u00cdCALO DIARIO Y LOGRA \u00c9XITO EN TODOS LOS ASPECTOS.<\/strong><\/p>\n<p>&nbsp;<\/p>\n<p>Modo de Uso:<\/p>\n<p>Apl\u00edcalo en las 4 esquinas de tu casa o negocio para quitar todo lo malo y<br \/>\natraer toda la pureza y buena vibra, haci\u00e9ndonos sentir mucho mejor y notando el cambio en nuestro entorno.<\/p>\n<p>Para aplicarlo en la persona o sobre uno mismo se debe rociar arriba de la cabeza, ya que eso ayudara a limpiar el Aura.<\/p>\n<p>Efectivo Contra Hechizos, trabajos de Brujer\u00eda, Bloqueos y<br \/>\nMala Suerte en General.<\/p>\n<p>UTIL\u00cdCELO SIEMPRE Y H\u00c1GALO CON MUCHA FE.<\/p>\n<p>&nbsp;<\/p>\n<p>&nbsp;<\/p>\n<p>&nbsp;<\/p>\n<p><b>BAZAR MERL\u00cdN\u00ae<\/b><br \/>\n<strong>El Lugar M\u00e1s M\u00edstico de Guadalajara<\/strong><br \/>\n<strong>ENVIAMOS A TODO M\u00c9XICO&#8230;<\/strong><\/p>\n<!-- AddThis Advanced Settings generic via filter on the_content --><!-- AddThis Share Buttons generic via filter on the_content -->","protected":false},"excerpt":{"rendered":"<p>PARA EL AMOR, TRABAJO, DINERO Y SALUD. APL\u00cdCALO DIARIO Y LOGRA \u00c9XITO EN TODOS LOS ASPECTOS. &nbsp; Modo de Uso: Apl\u00edcalo en las 4 esquinas de tu casa o negocio para quitar todo lo malo y atraer toda la pureza y buena vibra, haci\u00e9ndonos sentir mucho mejor y notando el cambio en nuestro entorno. Para&hellip;<!-- AddThis Advanced Settings generic via filter on get_the_excerpt --><!-- AddThis Share Buttons generic via filter on get_the_excerpt --><\/p>\n","protected":false},"featured_media":10319,"template":"","meta":[],"product_cat":[14],"product_tag":[518,517],"_links":{"self":[{"href":"https:\/\/www.bazarmerlin.com\/inicio\/wp-json\/wp\/v2\/product\/389"}],"collection":[{"href":"https:\/\/www.bazarmerlin.com\/inicio\/wp-json\/wp\/v2\/product"}],"about":[{"href":"https:\/\/www.bazarmerlin.com\/inicio\/wp-json\/wp\/v2\/types\/product"}],"wp:featuredmedia":[{"embeddable":true,"href":"https:\/\/www.bazarmerlin.com\/inicio\/wp-json\/wp\/v2\/media\/10319"}],"wp:attachment":[{"href":"https:\/\/www.bazarmerlin.com\/inicio\/wp-json\/wp\/v2\/media?parent=389"}],"wp:term":[{"taxonomy":"product_cat","embeddable":true,"href":"https:\/\/www.bazarmerlin.com\/inicio\/wp-json\/wp\/v2\/product_cat?post=389"},{"taxonomy":"product_tag","embeddable":true,"href":"https:\/\/www.bazarmerlin.com\/inicio\/wp-json\/wp\/v2\/product_tag?post=389"}],"curies":[{"name":"wp","href":"https:\/\/api.w.org\/{rel}","templated":true}]}}