{"id":4061,"date":"2015-08-11T16:46:31","date_gmt":"2015-08-11T16:46:31","guid":{"rendered":"https:\/\/www.bazarmerlin.com\/inicio\/?post_type=product&#038;p=4061"},"modified":"2022-12-01T23:01:33","modified_gmt":"2022-12-01T23:01:33","slug":"colonia-corta-maldad-retira-dano-brujeria-y-enemigos","status":"publish","type":"product","link":"https:\/\/www.bazarmerlin.com\/inicio\/producto\/colonia-corta-maldad-retira-dano-brujeria-y-enemigos\/","title":{"rendered":"Colonia Corta Maldad &#8211; Retira Da\u00f1o Brujer\u00eda Y Enemigos"},"content":{"rendered":"<p><strong>LOCI\u00d3N M\u00cdSTICA CORTA MALDAD<\/strong><\/p>\n<p>&nbsp;<\/p>\n<p>-CORTA TODO DA\u00d1O APLIC\u00c1NDOTE ESTA PODEROSA LOCI\u00d3N ALREDEDOR DE TU CUERPO-<\/p>\n<p>Si fracasas en todo lo que emprendes, tienes MALA SUERTE en TU VIDA Y NO SABES POR QUE?<br \/>\n*seguramente eres victima de alg\u00fan da\u00f1o o brujer\u00eda.*<\/p>\n<p>Aplica esta poderosa Loci\u00f3n CORTA MALDAD, que te ayudara a quitar todo mal que estuviera en tu PERSONA O CASA, de forma r\u00e1pida y eficaz.<\/p>\n<p>Modo de uso:<br \/>\nAplicala en tu persona alrededor de tu CUERPO.<\/p>\n<p>&nbsp;<\/p>\n<p>&nbsp;<\/p>\n<p><strong>BAZAR MERLIN\u00ae<\/strong><br \/>\n<strong>El Lugar M\u00e1s M\u00edstico de Guadalajara<\/strong><br \/>\n<strong>ENVIAMOS A TODO M\u00c9XICO&#8230;<\/strong><\/p>\n<!-- AddThis Advanced Settings generic via filter on the_content --><!-- AddThis Share Buttons generic via filter on the_content -->","protected":false},"excerpt":{"rendered":"<p>LOCI\u00d3N M\u00cdSTICA CORTA MALDAD &nbsp; -CORTA TODO DA\u00d1O APLIC\u00c1NDOTE ESTA PODEROSA LOCI\u00d3N ALREDEDOR DE TU CUERPO- Si fracasas en todo lo que emprendes, tienes MALA SUERTE en TU VIDA Y NO SABES POR QUE? *seguramente eres victima de alg\u00fan da\u00f1o o brujer\u00eda.* Aplica esta poderosa Loci\u00f3n CORTA MALDAD, que te ayudara a quitar todo mal&hellip;<!-- AddThis Advanced Settings generic via filter on get_the_excerpt --><!-- AddThis Share Buttons generic via filter on get_the_excerpt --><\/p>\n","protected":false},"featured_media":10930,"template":"","meta":[],"product_cat":[20],"product_tag":[1195,1196],"_links":{"self":[{"href":"https:\/\/www.bazarmerlin.com\/inicio\/wp-json\/wp\/v2\/product\/4061"}],"collection":[{"href":"https:\/\/www.bazarmerlin.com\/inicio\/wp-json\/wp\/v2\/product"}],"about":[{"href":"https:\/\/www.bazarmerlin.com\/inicio\/wp-json\/wp\/v2\/types\/product"}],"wp:featuredmedia":[{"embeddable":true,"href":"https:\/\/www.bazarmerlin.com\/inicio\/wp-json\/wp\/v2\/media\/10930"}],"wp:attachment":[{"href":"https:\/\/www.bazarmerlin.com\/inicio\/wp-json\/wp\/v2\/media?parent=4061"}],"wp:term":[{"taxonomy":"product_cat","embeddable":true,"href":"https:\/\/www.bazarmerlin.com\/inicio\/wp-json\/wp\/v2\/product_cat?post=4061"},{"taxonomy":"product_tag","embeddable":true,"href":"https:\/\/www.bazarmerlin.com\/inicio\/wp-json\/wp\/v2\/product_tag?post=4061"}],"curies":[{"name":"wp","href":"https:\/\/api.w.org\/{rel}","templated":true}]}}