{"id":4073,"date":"2015-08-11T17:05:04","date_gmt":"2015-08-11T17:05:04","guid":{"rendered":"https:\/\/www.bazarmerlin.com\/inicio\/?post_type=product&#038;p=4073"},"modified":"2022-12-09T23:47:39","modified_gmt":"2022-12-09T23:47:39","slug":"perfume-rosas-con-miel-atrae-el-amor-y-pareja-magicamente","status":"publish","type":"product","link":"https:\/\/www.bazarmerlin.com\/inicio\/producto\/perfume-rosas-con-miel-atrae-el-amor-y-pareja-magicamente\/","title":{"rendered":"Perfume Rosas Con Miel &#8211; Atrae El Amor Y Pareja M\u00e1gicamente"},"content":{"rendered":"<h3><strong>PERFUME DE ROSAS CON MIEL ENAMORA A TU PAREJA.<\/strong><\/h3>\n<p>&nbsp;<\/p>\n<p>PARA ATRAER Y CONSERVAR PAREJA<\/p>\n<p>ATRAE EL AMOR COMO UN PODEROSO IM\u00c1N.<\/p>\n<p>Este poderoso perfume ayuda atraer el amor de nuestras vidas de una manera r\u00e1pida y muy efectiva, ya que equilibrando nuestro energ\u00eda y equilibrando tu campo \u00e1urico como tus chakras<br \/>\nesto ayudar\u00e1 a que te limpies de una manera muy sencilla sana y como Poderosa.<\/p>\n<p>Garantizando para que cambies esa mala suerte en el \u00e9xito Ya que no habr\u00e1 persona que se te resiste a ti por el poder de este perfume elaborado con extractos 100% naturales.<\/p>\n<p>Aplicarla en tu cuerpo despu\u00e9s del ba\u00f1o o en cualquier momento.<\/p>\n<p>CAMBIA DE MANERA R\u00c1PIDA Y EFECTIVA TU CAMPO \u00c1URICO.<\/p>\n<p>EL PERFUME DE ROSAS CON MIEL UNE FUERTEMENTE LOS LAZOS AMOROSOS DE QUIEN LO USA Y ENVUELVE DE ROMANCE LA RELACI\u00d3N.<\/p>\n<p>&nbsp;<\/p>\n<p>&nbsp;<\/p>\n<p><strong>BAZAR MERLIN<\/strong><br \/>\n<strong>El Lugar M\u00e1s M\u00edstico de Guadalajara<\/strong><br \/>\n<strong>ENVIAMOS A TODO M\u00c9XICO<\/strong><\/p>\n<!-- AddThis Advanced Settings generic via filter on the_content --><!-- AddThis Share Buttons generic via filter on the_content -->","protected":false},"excerpt":{"rendered":"<p>PERFUME DE ROSAS CON MIEL ENAMORA A TU PAREJA. &nbsp; PARA ATRAER Y CONSERVAR PAREJA ATRAE EL AMOR COMO UN PODEROSO IM\u00c1N. Este poderoso perfume ayuda atraer el amor de nuestras vidas de una manera r\u00e1pida y muy efectiva, ya que equilibrando nuestro energ\u00eda y equilibrando tu campo \u00e1urico como tus chakras esto ayudar\u00e1 a&hellip;<!-- AddThis Advanced Settings generic via filter on get_the_excerpt --><!-- AddThis Share Buttons generic via filter on get_the_excerpt --><\/p>\n","protected":false},"featured_media":11043,"template":"","meta":[],"product_cat":[20],"product_tag":[1201,1200],"_links":{"self":[{"href":"https:\/\/www.bazarmerlin.com\/inicio\/wp-json\/wp\/v2\/product\/4073"}],"collection":[{"href":"https:\/\/www.bazarmerlin.com\/inicio\/wp-json\/wp\/v2\/product"}],"about":[{"href":"https:\/\/www.bazarmerlin.com\/inicio\/wp-json\/wp\/v2\/types\/product"}],"wp:featuredmedia":[{"embeddable":true,"href":"https:\/\/www.bazarmerlin.com\/inicio\/wp-json\/wp\/v2\/media\/11043"}],"wp:attachment":[{"href":"https:\/\/www.bazarmerlin.com\/inicio\/wp-json\/wp\/v2\/media?parent=4073"}],"wp:term":[{"taxonomy":"product_cat","embeddable":true,"href":"https:\/\/www.bazarmerlin.com\/inicio\/wp-json\/wp\/v2\/product_cat?post=4073"},{"taxonomy":"product_tag","embeddable":true,"href":"https:\/\/www.bazarmerlin.com\/inicio\/wp-json\/wp\/v2\/product_tag?post=4073"}],"curies":[{"name":"wp","href":"https:\/\/api.w.org\/{rel}","templated":true}]}}