{"id":4109,"date":"2015-08-11T17:45:04","date_gmt":"2015-08-11T17:45:04","guid":{"rendered":"https:\/\/www.bazarmerlin.com\/inicio\/?post_type=product&#038;p=4109"},"modified":"2022-10-13T21:28:46","modified_gmt":"2022-10-13T21:28:46","slug":"prisma-swarovski-20-mm-para-armonizaracios-feng-shui","status":"publish","type":"product","link":"https:\/\/www.bazarmerlin.com\/inicio\/producto\/prisma-swarovski-20-mm-para-armonizaracios-feng-shui\/","title":{"rendered":"Prisma Swarovski &#8211; 20 mm &#8211; Para Armonizaracios Feng Shui."},"content":{"rendered":"<p><strong>Prismas de Cristal Facetado<\/strong><br \/>\n<strong>MEDIDA 20 mm.<\/strong><\/p>\n<p>&nbsp;<\/p>\n<p>Para Feng Shui &#8211; Armoniza tu negocio o Hogar !!!<\/p>\n<p>Estas esferas de cristal facetado se utilizan ampliamente en el feng shui, los cristales convierten la luz solar en un arcoiris de colores. Las esferas son para esparcir el Chi o energ\u00eda en forma armoniosa por todo el ambiente y se indican especialmente en el sudoeste (\u00e1rea del matrimonio) por su afinidad con el elemento Tierra.<\/p>\n<p>Feng Shui es un arte milenario que utiliza cristales en diferentes colores para armonizar la energ\u00eda de la habitaci\u00f3n y oficina. Seg\u00fan el BAGUA, un oct\u00e1gono que se utiliza para clasificar las diferentes zonas de la casa, oficina o habitaci\u00f3n, cada color tiene un sitio y un efecto correspondiente. Principalmente se usan los cristales en ventanas y corredores largos donde se requiere manejar la energ\u00eda para que no se pierda.<\/p>\n<p>PRISMAS DE LA MEJOR CALIDAD.<\/p>\n<p>\u00bfC\u00d3MO FUNCIONAN?<\/p>\n<p>La esfera de cristal se coloca justo arriba de la cortina , sobre la mitad de la ventana, permitiendo que la luz solar al ingresar por la ventana se refleje en ella. Esto produce un peque\u00f1o arco iris que proyecta una luz muy beneficiosa para el chi del hogar.La forma de ubicarlas es muy sencilla:deben ser colocadas en habitaciones donde la ventana es m\u00e1s grande que la puerta, dado que la puerta representa a lo padres y la ventana los hijos , para evitar las peleas entre las dos partes esta podr\u00eda ser una de las soluciones.<\/p>\n<p>Dir\u00e1s que esto es muy supersticioso, pues no , si crees en que existe un chi personal ( tu energ\u00eda vital) y esta se altera por determinadas acciones, este chi tambi\u00e9n se desequilibra con los objetos mal ubicados a nuestro alrededor.<\/p>\n<p>Tambi\u00e9n en los comedores , donde esta ubicada la mesa, si es atravesada por una viga , coloca sobre ella una esfera de cristal (con un peque\u00f1o clavo) .En pasillos o corredores de habitaciones para que el chi circule y no se quede atascado.En el agua de la riqueza para potenciar los efectos de tu fuente o acuario si puedes justo arriba.<\/p>\n<p>Te recomiendo que cuando realices la limpieza profunda de tu hogar, las saque y las laves con agua fr\u00eda, tambi\u00e9n si deseas las puedes dejar en agua fr\u00eda con sal a la luz de la luna . ( para energizar como a las piedras de cuarzo blanco).<\/p>\n<p>&nbsp;<\/p>\n<p>&nbsp;<\/p>\n<p><strong>BAZAR MERLIN\u00ae<\/strong><br \/>\n<strong>El Lugar M\u00e1s M\u00edstico de Guadalajara<\/strong><br \/>\n<strong>ENVIAMOS A TODO M\u00c9XICO&#8230;<\/strong><\/p>\n<!-- AddThis Advanced Settings generic via filter on the_content --><!-- AddThis Share Buttons generic via filter on the_content -->","protected":false},"excerpt":{"rendered":"<p>Prismas de Cristal Facetado MEDIDA 20 mm. &nbsp; Para Feng Shui &#8211; Armoniza tu negocio o Hogar !!! Estas esferas de cristal facetado se utilizan ampliamente en el feng shui, los cristales convierten la luz solar en un arcoiris de colores. Las esferas son para esparcir el Chi o energ\u00eda en forma armoniosa por todo&hellip;<!-- AddThis Advanced Settings generic via filter on get_the_excerpt --><!-- AddThis Share Buttons generic via filter on get_the_excerpt --><\/p>\n","protected":false},"featured_media":8319,"template":"","meta":[],"product_cat":[14],"product_tag":[1219,1214],"_links":{"self":[{"href":"https:\/\/www.bazarmerlin.com\/inicio\/wp-json\/wp\/v2\/product\/4109"}],"collection":[{"href":"https:\/\/www.bazarmerlin.com\/inicio\/wp-json\/wp\/v2\/product"}],"about":[{"href":"https:\/\/www.bazarmerlin.com\/inicio\/wp-json\/wp\/v2\/types\/product"}],"wp:featuredmedia":[{"embeddable":true,"href":"https:\/\/www.bazarmerlin.com\/inicio\/wp-json\/wp\/v2\/media\/8319"}],"wp:attachment":[{"href":"https:\/\/www.bazarmerlin.com\/inicio\/wp-json\/wp\/v2\/media?parent=4109"}],"wp:term":[{"taxonomy":"product_cat","embeddable":true,"href":"https:\/\/www.bazarmerlin.com\/inicio\/wp-json\/wp\/v2\/product_cat?post=4109"},{"taxonomy":"product_tag","embeddable":true,"href":"https:\/\/www.bazarmerlin.com\/inicio\/wp-json\/wp\/v2\/product_tag?post=4109"}],"curies":[{"name":"wp","href":"https:\/\/api.w.org\/{rel}","templated":true}]}}