{"id":4223,"date":"2015-08-12T16:39:49","date_gmt":"2015-08-12T16:39:49","guid":{"rendered":"https:\/\/www.bazarmerlin.com\/inicio\/?post_type=product&#038;p=4223"},"modified":"2022-12-03T00:00:04","modified_gmt":"2022-12-03T00:00:04","slug":"perfume-contra-danos-para-retirar-malas-energias-y-chismes","status":"publish","type":"product","link":"https:\/\/www.bazarmerlin.com\/inicio\/producto\/perfume-contra-danos-para-retirar-malas-energias-y-chismes\/","title":{"rendered":"Locion Contra Da\u00f1os &#8211; Retira Malas Energ\u00edas Y Chismes"},"content":{"rendered":"<p><strong>PERFUME CONTRA DA\u00d1OS<\/strong><\/p>\n<p>&nbsp;<\/p>\n<p>Perfume esot\u00e9rico que se utiliza para retirar malas energias provenientes de sentimientos malignos como la envidia, chisme, rencores y odios.<\/p>\n<p>Este PERFUME esta elaborado con esencias misticas especialmente para cortar de tajo cualquier TRABAJO NEGRO.<\/p>\n<p>Librate de todas estas molestias purificandote a ti y a tu casa \u00f3 trabajo.<\/p>\n<p>Oracion: Yo te suplico Jesus amoroso, Due\u00f1o de la salud que por la virtud de tu santo nombre y por la eficacia de este jabon, me liberes de los dolores y tribulaciones que me atormentan te pido que bendigas este recinto y a todos los que en el habitamos dandonos salud, suerte y proteccion contra todo mal. AMEN<\/p>\n<p>&nbsp;<\/p>\n<p>&nbsp;<\/p>\n<p><strong>BAZAR MERLIN<\/strong><br \/>\n<strong>El Lugar M\u00e1s M\u00edstico de Guadalajara<\/strong><br \/>\n<strong>ENVIAMOS A TODO M\u00c9XICO\u2026<\/strong><\/p>\n<!-- AddThis Advanced Settings generic via filter on the_content --><!-- AddThis Share Buttons generic via filter on the_content -->","protected":false},"excerpt":{"rendered":"<p>PERFUME CONTRA DA\u00d1OS &nbsp; Perfume esot\u00e9rico que se utiliza para retirar malas energias provenientes de sentimientos malignos como la envidia, chisme, rencores y odios. Este PERFUME esta elaborado con esencias misticas especialmente para cortar de tajo cualquier TRABAJO NEGRO. Librate de todas estas molestias purificandote a ti y a tu casa \u00f3 trabajo. Oracion: Yo&hellip;<!-- AddThis Advanced Settings generic via filter on get_the_excerpt --><!-- AddThis Share Buttons generic via filter on get_the_excerpt --><\/p>\n","protected":false},"featured_media":10951,"template":"","meta":[],"product_cat":[20],"product_tag":[1235,1236],"_links":{"self":[{"href":"https:\/\/www.bazarmerlin.com\/inicio\/wp-json\/wp\/v2\/product\/4223"}],"collection":[{"href":"https:\/\/www.bazarmerlin.com\/inicio\/wp-json\/wp\/v2\/product"}],"about":[{"href":"https:\/\/www.bazarmerlin.com\/inicio\/wp-json\/wp\/v2\/types\/product"}],"wp:featuredmedia":[{"embeddable":true,"href":"https:\/\/www.bazarmerlin.com\/inicio\/wp-json\/wp\/v2\/media\/10951"}],"wp:attachment":[{"href":"https:\/\/www.bazarmerlin.com\/inicio\/wp-json\/wp\/v2\/media?parent=4223"}],"wp:term":[{"taxonomy":"product_cat","embeddable":true,"href":"https:\/\/www.bazarmerlin.com\/inicio\/wp-json\/wp\/v2\/product_cat?post=4223"},{"taxonomy":"product_tag","embeddable":true,"href":"https:\/\/www.bazarmerlin.com\/inicio\/wp-json\/wp\/v2\/product_tag?post=4223"}],"curies":[{"name":"wp","href":"https:\/\/api.w.org\/{rel}","templated":true}]}}