{"id":4241,"date":"2015-08-12T16:57:07","date_gmt":"2015-08-12T16:57:07","guid":{"rendered":"https:\/\/www.bazarmerlin.com\/inicio\/?post_type=product&#038;p=4241"},"modified":"2022-10-21T22:01:06","modified_gmt":"2022-10-21T22:01:06","slug":"runas-en-semillas-para-adivinacion-incluye-manual-de-uso","status":"publish","type":"product","link":"https:\/\/www.bazarmerlin.com\/inicio\/producto\/runas-en-semillas-para-adivinacion-incluye-manual-de-uso\/","title":{"rendered":"Runas En Semillas Para Adivinaci\u00f3n &#8211; Incluye Manual De Uso"},"content":{"rendered":"<p><strong>\u00a0RUNAS VIKINGAS GRABADAS EN SEMILLAS\u00a0<\/strong><\/p>\n<p>&nbsp;<\/p>\n<p>25 RUNAS HECHAS EN SEMILLA Y GRABADAS A MANO,<br \/>\nINCLUYE: BOLSA DE TELA, MANUAL CON SIGNIFICADO DE CADA UNA Y TIRADAS.<\/p>\n<p>UN MEDIO SENCILLO Y EFICAZ PARA CONSULTAR EL FUTURO Y TOMAR DECISIONES CORRECTAS.<\/p>\n<p>Runas Finamente Grabadas Totalmente A Mano<\/p>\n<p>Las Runas Como Muchos Or\u00e1culos Y Mancias, Tienen El Prop\u00f3sito De Aconsejarnos Y Advertimos, A Trav\u00e9s De Sus Predicciones, Para Tomar La Decisi\u00f3n Correcta Para Alcanzar El \u00c9xito De Nuestras Vidas&#8230;<\/p>\n<p>RUNAS DE SEMILLA HECHAS TOTALMENTE A MANO.<\/p>\n<p>&#8211;CALIDAD DE IMPORTACI\u00d3N&#8211;<\/p>\n<p>NOTA: LA FORMA DEL MORRAL COMO GRABADO DEL MORRAL PUEDE VARIAR DE ACUERDO A EXISTENCIA.<\/p>\n<p>&nbsp;<\/p>\n<p>&nbsp;<\/p>\n<p><strong>BAZAR MERL\u00cdN<\/strong><br \/>\n<strong>El Lugar M\u00e1s M\u00edstico de Guadalajara<\/strong><br \/>\n<strong>ENVIAMOS A TODO M\u00c9XICO<\/strong><\/p>\n<!-- AddThis Advanced Settings generic via filter on the_content --><!-- AddThis Share Buttons generic via filter on the_content -->","protected":false},"excerpt":{"rendered":"<p>\u00a0RUNAS VIKINGAS GRABADAS EN SEMILLAS\u00a0 &nbsp; 25 RUNAS HECHAS EN SEMILLA Y GRABADAS A MANO, INCLUYE: BOLSA DE TELA, MANUAL CON SIGNIFICADO DE CADA UNA Y TIRADAS. UN MEDIO SENCILLO Y EFICAZ PARA CONSULTAR EL FUTURO Y TOMAR DECISIONES CORRECTAS. Runas Finamente Grabadas Totalmente A Mano Las Runas Como Muchos Or\u00e1culos Y Mancias, Tienen El&hellip;<!-- AddThis Advanced Settings generic via filter on get_the_excerpt --><!-- AddThis Share Buttons generic via filter on get_the_excerpt --><\/p>\n","protected":false},"featured_media":10487,"template":"","meta":[],"product_cat":[15],"product_tag":[1248,1247],"_links":{"self":[{"href":"https:\/\/www.bazarmerlin.com\/inicio\/wp-json\/wp\/v2\/product\/4241"}],"collection":[{"href":"https:\/\/www.bazarmerlin.com\/inicio\/wp-json\/wp\/v2\/product"}],"about":[{"href":"https:\/\/www.bazarmerlin.com\/inicio\/wp-json\/wp\/v2\/types\/product"}],"wp:featuredmedia":[{"embeddable":true,"href":"https:\/\/www.bazarmerlin.com\/inicio\/wp-json\/wp\/v2\/media\/10487"}],"wp:attachment":[{"href":"https:\/\/www.bazarmerlin.com\/inicio\/wp-json\/wp\/v2\/media?parent=4241"}],"wp:term":[{"taxonomy":"product_cat","embeddable":true,"href":"https:\/\/www.bazarmerlin.com\/inicio\/wp-json\/wp\/v2\/product_cat?post=4241"},{"taxonomy":"product_tag","embeddable":true,"href":"https:\/\/www.bazarmerlin.com\/inicio\/wp-json\/wp\/v2\/product_tag?post=4241"}],"curies":[{"name":"wp","href":"https:\/\/api.w.org\/{rel}","templated":true}]}}