{"id":4265,"date":"2015-08-12T17:17:59","date_gmt":"2015-08-12T17:17:59","guid":{"rendered":"https:\/\/www.bazarmerlin.com\/inicio\/?post_type=product&#038;p=4265"},"modified":"2022-11-29T23:03:43","modified_gmt":"2022-11-29T23:03:43","slug":"velon-7-mechas-rojo-para-amarres-endulzamientos-y-dominio","status":"publish","type":"product","link":"https:\/\/www.bazarmerlin.com\/inicio\/producto\/velon-7-mechas-rojo-para-amarres-endulzamientos-y-dominio\/","title":{"rendered":"Velon 7 Mechas Rojo &#8211; Para Amarres, Endulzamientos Y Dominio"},"content":{"rendered":"<p><strong>VEL\u00d3N 7 MECHAS ROJO<\/strong><br \/>\n<strong>PODEROSO PARA AMARRES, ENDULZAMIENTOS Y DOMINIOS<\/strong><\/p>\n<p>&nbsp;<\/p>\n<p>Este vel\u00f3n de 7 mechas te ayuda para trabajos de: Amarres, Amor, Endulzamientos, Amansamientos, Atracci\u00f3n, dominio y sexo.<\/p>\n<p>Para potenciarla se ocupa aceite yo puedo m\u00e1s que t\u00fa O Aceite Ven a Mi, p\u00e9talos de Rosa y polvo Ven a m\u00ed. Una vez se haya consumido el vel\u00f3n, toma los restos y<br \/>\nenti\u00e9rralos en una maceta.<\/p>\n<p>FORMA DE USO:<br \/>\nEscribir sobre el vel\u00f3n con ayuda de un palillo, el nombre de la persona a beneficiar, siendo escrito de arriba-abajo, Luego si lo desea puede potenciar el vel\u00f3n, y habiendo colocado el nombre, ponte el vel\u00f3n con el aceite utilizando la mano derecha de arriba-abajo, Esparza la hierba correspondiente por encima del vel\u00f3n, y por \u00faltimo el polvo.<\/p>\n<p>Una vez terminado dej\u00e9 reposar una hora para que absorba las cualidades de los productos. Transcurriendo este tiempo col\u00f3quelo sobre una cazuela de barro y enci\u00e9ndelo con una cerilla, No olvides seguir unas normas de seguridad siempre que enciende velas.<\/p>\n<p>Encienda la mecha que se encuentran en lo m\u00e1s alto del vel\u00f3n.<br \/>\nUna vez que se encuentra incandescente repetir la oraci\u00f3n EL RITUAL SE PUEDE REPETIR transcurridos 21 d\u00edas, esto es con el fin de obtener un mejor resultado pero siempre, seg\u00fan la ley divina, se debe efectuar en n\u00famero impares, es decir, que si decides potenciar el trabajo con una repetici\u00f3n, estar\u00e1 obligado a repetirla por tercera vez.<br \/>\nAs\u00ed lograr\u00e1 obtener el mayor \u00e9xito.<\/p>\n<p>EL VEL\u00d3N INCLUYE ORACI\u00d3N PARA REALIZAR TU TRABAJO.<\/p>\n<p>&nbsp;<\/p>\n<p>&nbsp;<\/p>\n<p><strong>BAZAR MERL\u00cdN<\/strong><br \/>\n<strong>El Lugar M\u00e1s M\u00edstico de Guadalajara<\/strong><br \/>\n<strong>ENVIAMOS A TODO M\u00c9XICO<\/strong><\/p>\n<!-- AddThis Advanced Settings generic via filter on the_content --><!-- AddThis Share Buttons generic via filter on the_content -->","protected":false},"excerpt":{"rendered":"<p>VEL\u00d3N 7 MECHAS ROJO PODEROSO PARA AMARRES, ENDULZAMIENTOS Y DOMINIOS &nbsp; Este vel\u00f3n de 7 mechas te ayuda para trabajos de: Amarres, Amor, Endulzamientos, Amansamientos, Atracci\u00f3n, dominio y sexo. Para potenciarla se ocupa aceite yo puedo m\u00e1s que t\u00fa O Aceite Ven a Mi, p\u00e9talos de Rosa y polvo Ven a m\u00ed. Una vez se&hellip;<!-- AddThis Advanced Settings generic via filter on get_the_excerpt --><!-- AddThis Share Buttons generic via filter on get_the_excerpt --><\/p>\n","protected":false},"featured_media":10886,"template":"","meta":[],"product_cat":[19],"product_tag":[1261,1260,1259],"_links":{"self":[{"href":"https:\/\/www.bazarmerlin.com\/inicio\/wp-json\/wp\/v2\/product\/4265"}],"collection":[{"href":"https:\/\/www.bazarmerlin.com\/inicio\/wp-json\/wp\/v2\/product"}],"about":[{"href":"https:\/\/www.bazarmerlin.com\/inicio\/wp-json\/wp\/v2\/types\/product"}],"wp:featuredmedia":[{"embeddable":true,"href":"https:\/\/www.bazarmerlin.com\/inicio\/wp-json\/wp\/v2\/media\/10886"}],"wp:attachment":[{"href":"https:\/\/www.bazarmerlin.com\/inicio\/wp-json\/wp\/v2\/media?parent=4265"}],"wp:term":[{"taxonomy":"product_cat","embeddable":true,"href":"https:\/\/www.bazarmerlin.com\/inicio\/wp-json\/wp\/v2\/product_cat?post=4265"},{"taxonomy":"product_tag","embeddable":true,"href":"https:\/\/www.bazarmerlin.com\/inicio\/wp-json\/wp\/v2\/product_tag?post=4265"}],"curies":[{"name":"wp","href":"https:\/\/api.w.org\/{rel}","templated":true}]}}