{"id":4277,"date":"2015-08-12T17:31:56","date_gmt":"2015-08-12T17:31:56","guid":{"rendered":"https:\/\/www.bazarmerlin.com\/inicio\/?post_type=product&#038;p=4277"},"modified":"2024-07-19T22:56:39","modified_gmt":"2024-07-19T22:56:39","slug":"cirio-arrasa-brujeriaa-rompe-negatividad-y-abre-caminos","status":"publish","type":"product","link":"https:\/\/www.bazarmerlin.com\/inicio\/producto\/cirio-arrasa-brujeriaa-rompe-negatividad-y-abre-caminos\/","title":{"rendered":"Vel\u00f3n Arrasa Brujer\u00eda &#8211; Rompe Negatividad Y Abre Caminos"},"content":{"rendered":"<p><strong>PODEROSO VEL\u00d3N ARRASA BRUJER\u00cdA<\/strong><br \/>\n<strong>QUITA TODO TIPO DE TRABAJO DE HECHICER\u00cdA.<\/strong><\/p>\n<p>&nbsp;<\/p>\n<p>VEL\u00d3N ARRASA BRUJER\u00cdA Te ayudara a quitar todo tipo de trabajo de magia negra o brujer\u00eda. Por su preparaci\u00f3n te ayuda a derribar cualquier trabajo y abrir caminos en tu casa o negocio para equilibrar tu energ\u00eda.<\/p>\n<p>Destruye cualquier clase de malas vibraciones, brujer\u00eda, maleficios, mal de ojo o magia oscura que exista contra ti ayud\u00e1ndote del gran poder de este Velon Arrasa Brujer\u00eda, Rompe Magias ritualizada.<\/p>\n<p>Este vel\u00f3n m\u00e1gico se convertir\u00e1 en tu mejor aliado para hacer frente a toda clase de brujer\u00eda, hechizos, magia o maleficios que puedan estar utilizando en tu contra.<\/p>\n<p>Tan solo deber\u00e1s seguir las instrucciones y leer la oraci\u00f3n que incluye este vel\u00f3n m\u00e1gico de para conseguir terminar con toda la brujer\u00eda y hechizos que puedan estar utilizando en tu contra para perjudicarte y hacerte da\u00f1o, sea por el motivo que sea (envidia, venganza, etc.).<\/p>\n<p>Arrasa con todos los hechizos y magia negra que te afectan negativamente y est\u00e1n destrozando poco a poco tu vida, y ap\u00f3yate en el poder que te ofrece este vel\u00f3n m\u00e1gico para poder hacer frente eficazmente a todas las fuerzas del mal que te acechan con el objetivo de hacerte da\u00f1o y destruirte.<\/p>\n<p>BENEFICIOS DE ESTE VELON PARA ARRASAR BRUJERIA:<\/p>\n<p>Lograr\u00e1s romper y arrasar eficazmente toda clase de hechizos,<br \/>\nbrujer\u00eda o magia negra que haya sido utilizada para hacerte da\u00f1o<br \/>\nConseguir\u00e1s crear un halo o aura protectora que impedir\u00e1 que la brujer\u00eda que hagan en tu contra pueda tener efecto alguno<\/p>\n<p>Volver\u00e1s a vivir tranquilamente y sin miedo a que los hechizos de brujer\u00eda de tus enemigos puedan volver a afectarte negativamente en tu vida<\/p>\n<p>Este vel\u00f3n esta elaborado totalmente a mano y preparado especialmente para ti bajo un ritual muy poderoso de activaci\u00f3n y de verdadera alta magia.<\/p>\n<p>&nbsp;<\/p>\n<p>&nbsp;<\/p>\n<p><strong>BAZAR MERLIN<\/strong><br \/>\n<strong>El Lugar M\u00e1s M\u00edstico de Guadalajara<\/strong><br \/>\n<strong>ENVIAMOS A TODO M\u00c9XICO\u2026<\/strong><\/p>\n<!-- AddThis Advanced Settings generic via filter on the_content --><!-- AddThis Share Buttons generic via filter on the_content -->","protected":false},"excerpt":{"rendered":"<p>PODEROSO VEL\u00d3N ARRASA BRUJER\u00cdA QUITA TODO TIPO DE TRABAJO DE HECHICER\u00cdA. &nbsp; VEL\u00d3N ARRASA BRUJER\u00cdA Te ayudara a quitar todo tipo de trabajo de magia negra o brujer\u00eda. Por su preparaci\u00f3n te ayuda a derribar cualquier trabajo y abrir caminos en tu casa o negocio para equilibrar tu energ\u00eda. Destruye cualquier clase de malas vibraciones,&hellip;<!-- AddThis Advanced Settings generic via filter on get_the_excerpt --><!-- AddThis Share Buttons generic via filter on get_the_excerpt --><\/p>\n","protected":false},"featured_media":8402,"template":"","meta":[],"product_cat":[19],"product_tag":[1268,1269],"_links":{"self":[{"href":"https:\/\/www.bazarmerlin.com\/inicio\/wp-json\/wp\/v2\/product\/4277"}],"collection":[{"href":"https:\/\/www.bazarmerlin.com\/inicio\/wp-json\/wp\/v2\/product"}],"about":[{"href":"https:\/\/www.bazarmerlin.com\/inicio\/wp-json\/wp\/v2\/types\/product"}],"wp:featuredmedia":[{"embeddable":true,"href":"https:\/\/www.bazarmerlin.com\/inicio\/wp-json\/wp\/v2\/media\/8402"}],"wp:attachment":[{"href":"https:\/\/www.bazarmerlin.com\/inicio\/wp-json\/wp\/v2\/media?parent=4277"}],"wp:term":[{"taxonomy":"product_cat","embeddable":true,"href":"https:\/\/www.bazarmerlin.com\/inicio\/wp-json\/wp\/v2\/product_cat?post=4277"},{"taxonomy":"product_tag","embeddable":true,"href":"https:\/\/www.bazarmerlin.com\/inicio\/wp-json\/wp\/v2\/product_tag?post=4277"}],"curies":[{"name":"wp","href":"https:\/\/api.w.org\/{rel}","templated":true}]}}