{"id":4299,"date":"2015-08-12T17:55:30","date_gmt":"2015-08-12T17:55:30","guid":{"rendered":"https:\/\/www.bazarmerlin.com\/inicio\/?post_type=product&#038;p=4299"},"modified":"2022-11-09T22:03:02","modified_gmt":"2022-11-09T22:03:02","slug":"octagono-de-semillas-para-la-atraccion-de-la-prosperidad","status":"publish","type":"product","link":"https:\/\/www.bazarmerlin.com\/inicio\/producto\/octagono-de-semillas-para-la-atraccion-de-la-prosperidad\/","title":{"rendered":"Oct\u00e1gono De Semillas Para La Atracci\u00f3n De La Prosperidad Chico."},"content":{"rendered":"<p><strong>OCT\u00c1GONO DE SEMILLAS DE LA ABUNDANCIA Y PROSPERIDAD CHICO<\/strong><\/p>\n<p>&nbsp;<\/p>\n<p>MEDIDA 9 CM DI\u00c1METRO<\/p>\n<p>Oct\u00e1gono fabricado artesanal mente con semillas ritualizadas y consagradas para atraer a su casa, negocio, oficina y su persona,<br \/>\nAbundancia y Prosperidad.<\/p>\n<p>El Oct\u00e1gono est\u00e1 ritualizado y activado con alta magia. Para atraer: abundancia, prosperidad, y suerte en los negocios. Corta envidias y negatividades hacia su casa, negocio y a su persona ya que esta reforzado con la figura del poderoso pentagrama o tetragramat\u00f3n.<\/p>\n<p>&nbsp;<\/p>\n<p><strong>BAZAR MERL\u00cdN<\/strong><br \/>\n<strong>El Lugar M\u00e1s M\u00edstico de Guadalajara<\/strong><br \/>\n<strong>ENVIAMOS A TODO M\u00c9XICO<\/strong><\/p>\n<!-- AddThis Advanced Settings generic via filter on the_content --><!-- AddThis Share Buttons generic via filter on the_content -->","protected":false},"excerpt":{"rendered":"<p>OCT\u00c1GONO DE SEMILLAS DE LA ABUNDANCIA Y PROSPERIDAD CHICO &nbsp; MEDIDA 9 CM DI\u00c1METRO Oct\u00e1gono fabricado artesanal mente con semillas ritualizadas y consagradas para atraer a su casa, negocio, oficina y su persona, Abundancia y Prosperidad. El Oct\u00e1gono est\u00e1 ritualizado y activado con alta magia. Para atraer: abundancia, prosperidad, y suerte en los negocios. Corta&hellip;<!-- AddThis Advanced Settings generic via filter on get_the_excerpt --><!-- AddThis Share Buttons generic via filter on get_the_excerpt --><\/p>\n","protected":false},"featured_media":10698,"template":"","meta":[],"product_cat":[12],"product_tag":[1278],"_links":{"self":[{"href":"https:\/\/www.bazarmerlin.com\/inicio\/wp-json\/wp\/v2\/product\/4299"}],"collection":[{"href":"https:\/\/www.bazarmerlin.com\/inicio\/wp-json\/wp\/v2\/product"}],"about":[{"href":"https:\/\/www.bazarmerlin.com\/inicio\/wp-json\/wp\/v2\/types\/product"}],"wp:featuredmedia":[{"embeddable":true,"href":"https:\/\/www.bazarmerlin.com\/inicio\/wp-json\/wp\/v2\/media\/10698"}],"wp:attachment":[{"href":"https:\/\/www.bazarmerlin.com\/inicio\/wp-json\/wp\/v2\/media?parent=4299"}],"wp:term":[{"taxonomy":"product_cat","embeddable":true,"href":"https:\/\/www.bazarmerlin.com\/inicio\/wp-json\/wp\/v2\/product_cat?post=4299"},{"taxonomy":"product_tag","embeddable":true,"href":"https:\/\/www.bazarmerlin.com\/inicio\/wp-json\/wp\/v2\/product_tag?post=4299"}],"curies":[{"name":"wp","href":"https:\/\/api.w.org\/{rel}","templated":true}]}}