{"id":4346,"date":"2015-08-13T17:00:11","date_gmt":"2015-08-13T17:00:11","guid":{"rendered":"https:\/\/www.bazarmerlin.com\/inicio\/?post_type=product&#038;p=4346"},"modified":"2023-01-10T01:04:26","modified_gmt":"2023-01-10T01:04:26","slug":"locion-de-coco-para-rosear-en-tu-aura-abre-caminos","status":"publish","type":"product","link":"https:\/\/www.bazarmerlin.com\/inicio\/producto\/locion-de-coco-para-rosear-en-tu-aura-abre-caminos\/","title":{"rendered":"Locion De Coco &#8211; Corta Mala Suerte &#8211; Limpia Y Quita Da\u00f1os"},"content":{"rendered":"<p><strong>LOCI\u00d3N DE COCO<\/strong><br \/>\n<strong>CORTA DE TAJO TODA ESA MALA SUERTE!<\/strong><\/p>\n<p>&nbsp;<\/p>\n<p>\u00bfLa mala suerte te persigue?, \u00bfte va mal econ\u00f3micamente?, \u00bfhay fracasos en el amor o pleitos muy constantes con tu pareja?<\/p>\n<p>UTILIZALA PARA ATRAER OPORTUNIDADES, DINERO, ENERG\u00cdA POSITIVA Y ABUNDANCIA<\/p>\n<p>Al aplicar esta loci\u00f3n, romper\u00e1s todo lo negativo, adem\u00e1s te ayuda a abrir caminos<br \/>\nen EL AMOR, LOS NEGOCIOS Y PR\u00c1CTICAMENTE TODO\u2026<\/p>\n<p>&nbsp;<\/p>\n<p>&nbsp;<\/p>\n<p><strong>BAZAR MERLIN<\/strong><br \/>\n<strong>El Lugar M\u00e1s M\u00edstico de Guadalajara<\/strong><br \/>\n<strong>ENVIAMOS A TODO M\u00c9XICO<\/strong><\/p>\n<!-- AddThis Advanced Settings generic via filter on the_content --><!-- AddThis Share Buttons generic via filter on the_content -->","protected":false},"excerpt":{"rendered":"<p>LOCI\u00d3N DE COCO CORTA DE TAJO TODA ESA MALA SUERTE! &nbsp; \u00bfLa mala suerte te persigue?, \u00bfte va mal econ\u00f3micamente?, \u00bfhay fracasos en el amor o pleitos muy constantes con tu pareja? UTILIZALA PARA ATRAER OPORTUNIDADES, DINERO, ENERG\u00cdA POSITIVA Y ABUNDANCIA Al aplicar esta loci\u00f3n, romper\u00e1s todo lo negativo, adem\u00e1s te ayuda a abrir caminos&hellip;<!-- AddThis Advanced Settings generic via filter on get_the_excerpt --><!-- AddThis Share Buttons generic via filter on get_the_excerpt --><\/p>\n","protected":false},"featured_media":9415,"template":"","meta":[],"product_cat":[20],"product_tag":[1297],"_links":{"self":[{"href":"https:\/\/www.bazarmerlin.com\/inicio\/wp-json\/wp\/v2\/product\/4346"}],"collection":[{"href":"https:\/\/www.bazarmerlin.com\/inicio\/wp-json\/wp\/v2\/product"}],"about":[{"href":"https:\/\/www.bazarmerlin.com\/inicio\/wp-json\/wp\/v2\/types\/product"}],"wp:featuredmedia":[{"embeddable":true,"href":"https:\/\/www.bazarmerlin.com\/inicio\/wp-json\/wp\/v2\/media\/9415"}],"wp:attachment":[{"href":"https:\/\/www.bazarmerlin.com\/inicio\/wp-json\/wp\/v2\/media?parent=4346"}],"wp:term":[{"taxonomy":"product_cat","embeddable":true,"href":"https:\/\/www.bazarmerlin.com\/inicio\/wp-json\/wp\/v2\/product_cat?post=4346"},{"taxonomy":"product_tag","embeddable":true,"href":"https:\/\/www.bazarmerlin.com\/inicio\/wp-json\/wp\/v2\/product_tag?post=4346"}],"curies":[{"name":"wp","href":"https:\/\/api.w.org\/{rel}","templated":true}]}}