{"id":4516,"date":"2015-08-14T17:43:48","date_gmt":"2015-08-14T17:43:48","guid":{"rendered":"https:\/\/www.bazarmerlin.com\/inicio\/?post_type=product&#038;p=4516"},"modified":"2022-12-24T00:27:24","modified_gmt":"2022-12-24T00:27:24","slug":"yi-ching-libro-de-las-mutaciones-richard-wilhelm","status":"publish","type":"product","link":"https:\/\/www.bazarmerlin.com\/inicio\/producto\/yi-ching-libro-de-las-mutaciones-richard-wilhelm\/","title":{"rendered":"Yi Ching &#8211; Libro De Las Mutaciones &#8211; Richard Wilhelm"},"content":{"rendered":"<p><strong>YI CHING.<\/strong><br \/>\n<strong>RICHARD WILHELM<\/strong><\/p>\n<p>&nbsp;<\/p>\n<p>\u201cNada es permanente. Solo el cambio es permanente\u201d, dec\u00eda el Viejo Her\u00e1clito hace dos mil quinientos a\u00f1os. Y vivimos a\u00fan bajo el signo del cambio. El Yi Ching comprende 64 hexagramas, acompa\u00f1ados de su interpretaci\u00f3n general. Estos hexagramas se empleaban en la antigua China para predecir el futuro y dar consejos pr\u00e1cticos sobre la vida. Seg\u00fan los chinos, que usaban el libro miles de a\u00f1os antes del nacimiento de Her\u00e1clito, este texto sirve para prever toda situaci\u00f3n vital posible y es, de alg\u00fan modo, una gu\u00eda completa de las relaciones humanas. Confucio estimaba de tal modo el Yi Ching que lo llamaba \u201cel libro perfecto\u201d y lo utilizaba con frecuencia en su escuela. Son muy famosas las anotaciones que precisamente Confucio hizo al libro.<\/p>\n<p>Tambi\u00e9n el tao\u00edsmo, por ejemplo, recibi\u00f3 la influencia de Yi Ching, con su visi\u00f3n de equilibrio en la naturaleza, los opuestos yin (l\u00edneas cerradas) y yang (l\u00edneas abiertas), la importancia concedida a la humanidad, la sinceridad y la moderaci\u00f3n. Casi todos los estudiosos coinciden en que el Yi Ching \u201clibro de las mutaciones\u201d (del cambio) o \u201clibro de los consejos\u201d, fue escrito en la Edad Cl\u00e1sica de China (siglos XV a III antes de Cristo), pero lo m\u00e1s probable es que su contenido original provenga del siglo XI antes de nuestra Era, lo que convierte en uno de los cinco libros m\u00e1s antiguos del mundo. Seg\u00fan la vieja leyenda, los ocho trigramas de los cuales surgieron los 64 hexagramas fueron descubiertos por el emperador Fu Hsi, (alrededor del 2800 antes de Cristo) que los vio inscritos en el caparaz\u00f3n de una tortuga.<\/p>\n<p>Fu Hsi se suele representar en imagen con una tortuga a sus pies. Se atribuye a s\u00ed mismo la invenci\u00f3n de la escritura y la del calendario. Otra leyenda afirma que King Wen (1231-1135, antes de Cristo) escribi\u00f3 el Yi Ching cuando esa preso por \u00f3rdenes de Chou Hsin, el \u00faltimo de la dinast\u00eda Shang. Sabemos que King Wen escribi\u00f3 res\u00famenes de los hexagramas y que su hijo Chou Kung (1211-1175 antes de Cristo), primer emperador de la dinast\u00eda Chou, escribi\u00f3 acerca de la significaci\u00f3n de cada una de las l\u00edneas del hexagrama.<\/p>\n<p>Medidas 11.5 x 16.5 \/ 4\u201d x 6\u201d. N\u00famero de P\u00e1ginas 284.<\/p>\n<p>LIBRO ORIGINAL<\/p>\n<p>&nbsp;<\/p>\n<p>&nbsp;<\/p>\n<p><strong>BAZAR MERLIN<\/strong><br \/>\n<strong>El Lugar M\u00e1s M\u00edstico de Guadalajara<\/strong><br \/>\n<strong>ENVIAMOS A TODO M\u00c9XICO<\/strong><\/p>\n<!-- AddThis Advanced Settings generic via filter on the_content --><!-- AddThis Share Buttons generic via filter on the_content -->","protected":false},"excerpt":{"rendered":"<p>YI CHING. RICHARD WILHELM &nbsp; \u201cNada es permanente. Solo el cambio es permanente\u201d, dec\u00eda el Viejo Her\u00e1clito hace dos mil quinientos a\u00f1os. Y vivimos a\u00fan bajo el signo del cambio. El Yi Ching comprende 64 hexagramas, acompa\u00f1ados de su interpretaci\u00f3n general. Estos hexagramas se empleaban en la antigua China para predecir el futuro y dar&hellip;<!-- AddThis Advanced Settings generic via filter on get_the_excerpt --><!-- AddThis Share Buttons generic via filter on get_the_excerpt --><\/p>\n","protected":false},"featured_media":11252,"template":"","meta":[],"product_cat":[13],"product_tag":[1344,1345,1343],"_links":{"self":[{"href":"https:\/\/www.bazarmerlin.com\/inicio\/wp-json\/wp\/v2\/product\/4516"}],"collection":[{"href":"https:\/\/www.bazarmerlin.com\/inicio\/wp-json\/wp\/v2\/product"}],"about":[{"href":"https:\/\/www.bazarmerlin.com\/inicio\/wp-json\/wp\/v2\/types\/product"}],"wp:featuredmedia":[{"embeddable":true,"href":"https:\/\/www.bazarmerlin.com\/inicio\/wp-json\/wp\/v2\/media\/11252"}],"wp:attachment":[{"href":"https:\/\/www.bazarmerlin.com\/inicio\/wp-json\/wp\/v2\/media?parent=4516"}],"wp:term":[{"taxonomy":"product_cat","embeddable":true,"href":"https:\/\/www.bazarmerlin.com\/inicio\/wp-json\/wp\/v2\/product_cat?post=4516"},{"taxonomy":"product_tag","embeddable":true,"href":"https:\/\/www.bazarmerlin.com\/inicio\/wp-json\/wp\/v2\/product_tag?post=4516"}],"curies":[{"name":"wp","href":"https:\/\/api.w.org\/{rel}","templated":true}]}}