{"id":4698,"date":"2015-08-18T20:19:58","date_gmt":"2015-08-18T20:19:58","guid":{"rendered":"https:\/\/www.bazarmerlin.com\/inicio\/?post_type=product&#038;p=4698"},"modified":"2022-12-13T23:53:43","modified_gmt":"2022-12-13T23:53:43","slug":"anillo-con-mantra-om-desbloquear-y-abrir-caminos-en-plata","status":"publish","type":"product","link":"https:\/\/www.bazarmerlin.com\/inicio\/producto\/anillo-con-mantra-om-desbloquear-y-abrir-caminos-en-plata\/","title":{"rendered":"Anillo Con Mantra Om En Plata &#8211; Desbloquea Y Abre Caminos"},"content":{"rendered":"<h3><strong>ANILLO CON MANTRA\u00a0 OM<\/strong><br \/>\nCON PLATA .925<\/h3>\n<p>&nbsp;<\/p>\n<p>La s\u00edlaba &#8220;OM&#8221; cuya letra s\u00e1nscrita est\u00e1 representada por el s\u00edmbolo que se encuentra en la parte superior derecha de la p\u00e1gina, representa, para el Yoga, la vibraci\u00f3n primordial de todo el Universo.<\/p>\n<p>Es un concepto abstracto, pero an\u00e1logamente a la teor\u00eda moderna del Big Bang o estallido primordial del Universo, &#8220;OM&#8221; es la vibraci\u00f3n original de donde proviene toda la creaci\u00f3n.<\/p>\n<p>En s\u00ed, &#8220;OM&#8221; es una vibraci\u00f3n, cuya interpretaci\u00f3n audible se traduce en &#8220;Om&#8221;. Es el mantra o sonido m\u00e1s poderoso de todos los mantras. Por medio de la meditaci\u00f3n en &#8220;Om&#8221; el Yogui alcanza el estado de liberaci\u00f3n o &#8220;moksha&#8221;.<\/p>\n<p>Se utiliza como un poderoso sonido abstracto (sin objeto de representaci\u00f3n) en la meditaci\u00f3n.<\/p>\n<p>Por medio de la repetici\u00f3n mental de la s\u00edlaba &#8220;Om&#8221; la mente se va volviendo cada vez m\u00e1s firme y estable, sus olas se calman y se deja traslucir el fondo del oc\u00e9ano de paz y felicidad infinita o &#8220;ananda&#8221;.<\/p>\n<p>Sus vibraciones brindan un flujo positivo de vibraciones que se sienten en todo el cuerpo, estimulando particularmente la glandula hip\u00f3fisis.<\/p>\n<p>En el sistema Y\u00f3guico este poderoso mantra o sonido m\u00edstico es el &#8220;bija&#8221; o semilla del chakra aj\u00f1a, y por medio de su repetici\u00f3n mental y la fijaci\u00f3n de la mente en este chakra es activado, quedando la mente suspendida.<\/p>\n<p>Las corrientes vitales dejan de funcionar de forma dual, se disuelve la ilusi\u00f3n de separatividad e individualidad.<\/p>\n<p>El Yogui se vuelve como una taza sumergida en el oc\u00e9ano, llena por dentro y por fuera de agua.<\/p>\n<p>&nbsp;<\/p>\n<p>Estado de Despertar: Estado de conciencia, la mente y el yo estan activos, percibiendo el mundo material.<\/p>\n<p>Estado de Sue\u00f1o Profundo: Es el estar completamente inconciente de todo.<\/p>\n<p>Estado Transcendental: de conciencia pura, de conexi\u00f3n con la divinidad, un estado de paz y felicidad suprema. Velo de Maya, Estado de ignorancia e ilusi\u00f3n que nos mantiene desconectado de nuestra divinidad interior y nos hace creer que estamos desligados de todos y del todo.<\/p>\n<p>Estado de Vigilia: Se esta dormido, pero los sentidos est\u00e1n activos.<\/p>\n<p>&nbsp;<\/p>\n<p>&nbsp;<\/p>\n<p><strong>BAZAR MERLIN<\/strong><br \/>\n<strong>El Lugar M\u00e1s M\u00edstico de Guadalajara<\/strong><br \/>\n<strong>ENVIAMOS A TODO M\u00c9XICO&#8230;<\/strong><\/p>\n<!-- AddThis Advanced Settings generic via filter on the_content --><!-- AddThis Share Buttons generic via filter on the_content -->","protected":false},"excerpt":{"rendered":"<p>ANILLO CON MANTRA\u00a0 OM CON PLATA .925 &nbsp; La s\u00edlaba &#8220;OM&#8221; cuya letra s\u00e1nscrita est\u00e1 representada por el s\u00edmbolo que se encuentra en la parte superior derecha de la p\u00e1gina, representa, para el Yoga, la vibraci\u00f3n primordial de todo el Universo. Es un concepto abstracto, pero an\u00e1logamente a la teor\u00eda moderna del Big Bang o&hellip;<!-- AddThis Advanced Settings generic via filter on get_the_excerpt --><!-- AddThis Share Buttons generic via filter on get_the_excerpt --><\/p>\n","protected":false},"featured_media":11070,"template":"","meta":[],"product_cat":[23],"product_tag":[1362,1363],"_links":{"self":[{"href":"https:\/\/www.bazarmerlin.com\/inicio\/wp-json\/wp\/v2\/product\/4698"}],"collection":[{"href":"https:\/\/www.bazarmerlin.com\/inicio\/wp-json\/wp\/v2\/product"}],"about":[{"href":"https:\/\/www.bazarmerlin.com\/inicio\/wp-json\/wp\/v2\/types\/product"}],"wp:featuredmedia":[{"embeddable":true,"href":"https:\/\/www.bazarmerlin.com\/inicio\/wp-json\/wp\/v2\/media\/11070"}],"wp:attachment":[{"href":"https:\/\/www.bazarmerlin.com\/inicio\/wp-json\/wp\/v2\/media?parent=4698"}],"wp:term":[{"taxonomy":"product_cat","embeddable":true,"href":"https:\/\/www.bazarmerlin.com\/inicio\/wp-json\/wp\/v2\/product_cat?post=4698"},{"taxonomy":"product_tag","embeddable":true,"href":"https:\/\/www.bazarmerlin.com\/inicio\/wp-json\/wp\/v2\/product_tag?post=4698"}],"curies":[{"name":"wp","href":"https:\/\/api.w.org\/{rel}","templated":true}]}}