{"id":487,"date":"2015-06-29T18:43:51","date_gmt":"2015-06-29T18:43:51","guid":{"rendered":"https:\/\/www.bazarmerlin.com\/inicio\/?post_type=product&#038;p=487"},"modified":"2022-10-21T23:14:35","modified_gmt":"2022-10-21T23:14:35","slug":"el-tarot-de-las-hadas-incluye-78-cartas-y-manual-completo","status":"publish","type":"product","link":"https:\/\/www.bazarmerlin.com\/inicio\/producto\/el-tarot-de-las-hadas-incluye-78-cartas-y-manual-completo\/","title":{"rendered":"Tarot De Las Hadas &#8211; 78 Cartas Y Libro Completo"},"content":{"rendered":"<p><strong>TAROT DE LAS HADAS<\/strong><br \/>\n<strong>78 BELLAS CARTAS Y LIBRO MANUAL.<\/strong><\/p>\n<p>&nbsp;<\/p>\n<p>Imagina que est\u00e1s en un jard\u00edn olvidado del mundo. Mientras la hierba se estremece y te susurra sus secretos, las hermosas flores se mecen delicadamente con la brisa.<\/p>\n<p>Un sendero serpenteante te invita a ir m\u00e1s all\u00e1 y a penetrar en el encantado universo de las hadas, los elfos, las ninfas y los gnomos. El sendero te invita tambi\u00e9n a descubrir la magia y las infinitas posibilidades que tienes en tu vida.<\/p>\n<p>De manera agradable y divertida, con este sorprendente tarot aprender\u00e1s a conectarte directamente con el mundo de los esp\u00edritus de la naturaleza. El estuche incluye 78 cartas con encantadores dise\u00f1os de la renombrada pintora Linda Ravenscroft y un precioso libro de la especialista Barbara Moore.<\/p>\n<p>&nbsp;<\/p>\n<p>&nbsp;<\/p>\n<p><strong>BAZAR MERLIN<\/strong><br \/>\n<strong>El Lugar M\u00e1s M\u00edstico de Guadalajara<\/strong><br \/>\n<strong>ENVIAMOS A TODO M\u00c9XICO<\/strong><\/p>\n<!-- AddThis Advanced Settings generic via filter on the_content --><!-- AddThis Share Buttons generic via filter on the_content -->","protected":false},"excerpt":{"rendered":"<p>TAROT DE LAS HADAS 78 BELLAS CARTAS Y LIBRO MANUAL. &nbsp; Imagina que est\u00e1s en un jard\u00edn olvidado del mundo. Mientras la hierba se estremece y te susurra sus secretos, las hermosas flores se mecen delicadamente con la brisa. Un sendero serpenteante te invita a ir m\u00e1s all\u00e1 y a penetrar en el encantado universo&hellip;<!-- AddThis Advanced Settings generic via filter on get_the_excerpt --><!-- AddThis Share Buttons generic via filter on get_the_excerpt --><\/p>\n","protected":false},"featured_media":10500,"template":"","meta":[],"product_cat":[15],"product_tag":[576],"_links":{"self":[{"href":"https:\/\/www.bazarmerlin.com\/inicio\/wp-json\/wp\/v2\/product\/487"}],"collection":[{"href":"https:\/\/www.bazarmerlin.com\/inicio\/wp-json\/wp\/v2\/product"}],"about":[{"href":"https:\/\/www.bazarmerlin.com\/inicio\/wp-json\/wp\/v2\/types\/product"}],"wp:featuredmedia":[{"embeddable":true,"href":"https:\/\/www.bazarmerlin.com\/inicio\/wp-json\/wp\/v2\/media\/10500"}],"wp:attachment":[{"href":"https:\/\/www.bazarmerlin.com\/inicio\/wp-json\/wp\/v2\/media?parent=487"}],"wp:term":[{"taxonomy":"product_cat","embeddable":true,"href":"https:\/\/www.bazarmerlin.com\/inicio\/wp-json\/wp\/v2\/product_cat?post=487"},{"taxonomy":"product_tag","embeddable":true,"href":"https:\/\/www.bazarmerlin.com\/inicio\/wp-json\/wp\/v2\/product_tag?post=487"}],"curies":[{"name":"wp","href":"https:\/\/api.w.org\/{rel}","templated":true}]}}