{"id":492,"date":"2015-06-29T18:50:36","date_gmt":"2015-06-29T18:50:36","guid":{"rendered":"https:\/\/www.bazarmerlin.com\/inicio\/?post_type=product&#038;p=492"},"modified":"2022-10-24T22:07:11","modified_gmt":"2022-10-24T22:07:11","slug":"tarot-egipcio-de-saint-germain-con-manual-para-aprender-facil","status":"publish","type":"product","link":"https:\/\/www.bazarmerlin.com\/inicio\/producto\/tarot-egipcio-de-saint-germain-con-manual-para-aprender-facil\/","title":{"rendered":"Tarot Egipcio De Saint Germain Con Libro Para Aprender Facil"},"content":{"rendered":"<p><strong>TAROT EGIPCIO DE SAINT GERMAIN CON LIBRO PARA APRENDER FACIL<\/strong><\/p>\n<p>&nbsp;<\/p>\n<p>El largo camino hacia la Tierra Prometida fue acompa\u00f1ado por el Gran Ser del que se habla desde los lejanos d\u00edas de la Atl\u00e1ntida, cuando el hoy Maestro Ascendido Saint Germain, y representante del Se\u00f1or C\u00f3smico del S\u00e9ptimo Rayo en nuestro planeta, era un alto sacerdote del Templo de los Misterios en Poseid\u00f3n, la capital del Imperio de la Atl\u00e1ntida.<\/p>\n<p>Tras la cat\u00e1strofe ya prevista, llevaron el conocimiento eterno al continente africano y crearon Egipto, que fue durante miles de a\u00f1os el depositario de ese conocimiento.<\/p>\n<p>Para recordar los nefastos resultados que, cegados por el Poder del Mundo, los seres humanos produjeron en la Atl\u00e1ntida, los ancestrales sacerdotes iniciados crearon un sencillo juego basado en 22 n\u00fameros sagrados, con s\u00edmbolos que ligasen los dos \u00f3rganos que distinguen al Homo Sapiens \u2014el cerebro y las manos\u2014, y le agregaron una Esfinge numerol\u00f3gica que permitiese infinitas combinaciones de juegos y entretenimientos para estimular la capacidad de concentraci\u00f3n.<\/p>\n<p>&nbsp;<\/p>\n<p>&nbsp;<\/p>\n<p><strong>BAZAR MERLIN<\/strong><br \/>\n<strong>El Lugar M\u00e1s M\u00edstico de Guadalajara<\/strong><br \/>\n<strong>ENVIAMOS A TODO M\u00c9XICO\u2026<\/strong><\/p>\n<!-- AddThis Advanced Settings generic via filter on the_content --><!-- AddThis Share Buttons generic via filter on the_content -->","protected":false},"excerpt":{"rendered":"<p>TAROT EGIPCIO DE SAINT GERMAIN CON LIBRO PARA APRENDER FACIL &nbsp; El largo camino hacia la Tierra Prometida fue acompa\u00f1ado por el Gran Ser del que se habla desde los lejanos d\u00edas de la Atl\u00e1ntida, cuando el hoy Maestro Ascendido Saint Germain, y representante del Se\u00f1or C\u00f3smico del S\u00e9ptimo Rayo en nuestro planeta, era un&hellip;<!-- AddThis Advanced Settings generic via filter on get_the_excerpt --><!-- AddThis Share Buttons generic via filter on get_the_excerpt --><\/p>\n","protected":false},"featured_media":10542,"template":"","meta":[],"product_cat":[15],"product_tag":[580],"_links":{"self":[{"href":"https:\/\/www.bazarmerlin.com\/inicio\/wp-json\/wp\/v2\/product\/492"}],"collection":[{"href":"https:\/\/www.bazarmerlin.com\/inicio\/wp-json\/wp\/v2\/product"}],"about":[{"href":"https:\/\/www.bazarmerlin.com\/inicio\/wp-json\/wp\/v2\/types\/product"}],"wp:featuredmedia":[{"embeddable":true,"href":"https:\/\/www.bazarmerlin.com\/inicio\/wp-json\/wp\/v2\/media\/10542"}],"wp:attachment":[{"href":"https:\/\/www.bazarmerlin.com\/inicio\/wp-json\/wp\/v2\/media?parent=492"}],"wp:term":[{"taxonomy":"product_cat","embeddable":true,"href":"https:\/\/www.bazarmerlin.com\/inicio\/wp-json\/wp\/v2\/product_cat?post=492"},{"taxonomy":"product_tag","embeddable":true,"href":"https:\/\/www.bazarmerlin.com\/inicio\/wp-json\/wp\/v2\/product_tag?post=492"}],"curies":[{"name":"wp","href":"https:\/\/api.w.org\/{rel}","templated":true}]}}