{"id":5075,"date":"2015-08-27T18:03:42","date_gmt":"2015-08-27T18:03:42","guid":{"rendered":"https:\/\/www.bazarmerlin.com\/inicio\/?post_type=product&#038;p=5075"},"modified":"2024-02-03T04:53:40","modified_gmt":"2024-02-03T04:53:40","slug":"1500-significados-para-interpretar-tus-suenos","status":"publish","type":"product","link":"https:\/\/www.bazarmerlin.com\/inicio\/producto\/1500-significados-para-interpretar-tus-suenos\/","title":{"rendered":"1500 Significados Para Interpretar Tus Sue\u00f1os"},"content":{"rendered":"<h3><strong>NUEVO DICCIONARIO DE LOS SUE\u00d1OS<\/strong><br \/>\n<strong>500 Significados Para Interpretar Tus Sue\u00f1os<\/strong><\/h3>\n<p>&nbsp;<\/p>\n<p>Mucho antes de que la ciencia se interesara en averiguar por qu\u00e9 motivo los hombres duermen y sue\u00f1an, la humanidad ya estaba preocupada por interpretar el significado de las im\u00e1genes on\u00edricas. Prueba de ello es que se han encontrado documentos muy significativos sobre interpretaci\u00f3n de los sue\u00f1os, cuyo origen data de m\u00e1s de 6.000 a\u00f1os. Para muchas civilizaciones, la capacidad de so\u00f1ar era un don que pose\u00edan los hombres, pues permit\u00eda que los Dioses se comunicaran con ellos.<\/p>\n<p>&nbsp;<\/p>\n<p>&nbsp;<\/p>\n<p><strong>BAZAR MERLIN\u00ae<\/strong><br \/>\n<strong>El Lugar M\u00e1s M\u00edstico de Guadalajara<\/strong><br \/>\n<strong>ENVIAMOS A TODO M\u00c9XICO<\/strong><\/p>\n<!-- AddThis Advanced Settings generic via filter on the_content --><!-- AddThis Share Buttons generic via filter on the_content -->","protected":false},"excerpt":{"rendered":"<p>NUEVO DICCIONARIO DE LOS SUE\u00d1OS 500 Significados Para Interpretar Tus Sue\u00f1os &nbsp; Mucho antes de que la ciencia se interesara en averiguar por qu\u00e9 motivo los hombres duermen y sue\u00f1an, la humanidad ya estaba preocupada por interpretar el significado de las im\u00e1genes on\u00edricas. Prueba de ello es que se han encontrado documentos muy significativos sobre&hellip;<!-- AddThis Advanced Settings generic via filter on get_the_excerpt --><!-- AddThis Share Buttons generic via filter on get_the_excerpt --><\/p>\n","protected":false},"featured_media":11080,"template":"","meta":[],"product_cat":[13],"product_tag":[1366],"_links":{"self":[{"href":"https:\/\/www.bazarmerlin.com\/inicio\/wp-json\/wp\/v2\/product\/5075"}],"collection":[{"href":"https:\/\/www.bazarmerlin.com\/inicio\/wp-json\/wp\/v2\/product"}],"about":[{"href":"https:\/\/www.bazarmerlin.com\/inicio\/wp-json\/wp\/v2\/types\/product"}],"wp:featuredmedia":[{"embeddable":true,"href":"https:\/\/www.bazarmerlin.com\/inicio\/wp-json\/wp\/v2\/media\/11080"}],"wp:attachment":[{"href":"https:\/\/www.bazarmerlin.com\/inicio\/wp-json\/wp\/v2\/media?parent=5075"}],"wp:term":[{"taxonomy":"product_cat","embeddable":true,"href":"https:\/\/www.bazarmerlin.com\/inicio\/wp-json\/wp\/v2\/product_cat?post=5075"},{"taxonomy":"product_tag","embeddable":true,"href":"https:\/\/www.bazarmerlin.com\/inicio\/wp-json\/wp\/v2\/product_tag?post=5075"}],"curies":[{"name":"wp","href":"https:\/\/api.w.org\/{rel}","templated":true}]}}