{"id":5169,"date":"2015-08-31T18:24:31","date_gmt":"2015-08-31T18:24:31","guid":{"rendered":"https:\/\/www.bazarmerlin.com\/inicio\/?post_type=product&#038;p=5169"},"modified":"2023-01-06T22:19:01","modified_gmt":"2023-01-06T22:19:01","slug":"la-biblia-de-los-chakras-para-trabajarlos-y-activarlos","status":"publish","type":"product","link":"https:\/\/www.bazarmerlin.com\/inicio\/producto\/la-biblia-de-los-chakras-para-trabajarlos-y-activarlos\/","title":{"rendered":"La Biblia De Los Chakras &#8211; Para Trabajarlos Y Activarlos"},"content":{"rendered":"<p><strong>LA BIBLIA DE LOS CHAKRAS<\/strong><br \/>\n<strong>PARA TRABAJARLOS Y ACTIVARLOS<\/strong><\/p>\n<p>&nbsp;<\/p>\n<p>&nbsp;<\/p>\n<p>La Biblia de los chakras te ofrece toda la informaci\u00f3n que necesitas conocer para trabajar con los chakras, aut\u00e9nticas ruedas de energ\u00eda coporal. Aporta tambi\u00e9n explicaciones muy precisas sobre las auras, la energ\u00eda sutil y el equilibrio de los chakras, y conocer\u00e1s los or\u00edgenes de estos \u00faltimos seg\u00fan la tradici\u00f3n india.<\/p>\n<p>Cada uno de los siete chakras principales dispone de un cap\u00edtulo espec\u00edfico con instrucciones detalladas sobre c\u00f3mo activarlos, calmarlos y equilibrarlos, adem\u00e1s de interesantes explicaciones sobre las posturas de yoga que contribuyen a adquirir conciencia de los chakras y a estimular el flujo de energ\u00eda a trav\u00e9s del cuerpo.<\/p>\n<p>Este libro incorpora, adem\u00e1s, interesante informaci\u00f3n sobre la historia de los chakras en otras tradiciones, datos sobre chakras recientemente descubiertos y explicaciones sobre avanzadas t\u00e9cnicas de sanaci\u00f3n. Gracias a esta obra podr\u00e1s alcanzar nuevos niveles de salud, bienestar y desarrollo espiritual.<\/p>\n<p>Este libro comienza con una descripci\u00f3n de los chakras y las sutiles bioenerg\u00eds presentes en el interior y en el exterior de nuestro cuerpo, en general conocidas como &#8220;estratos&#8221; o &#8220;capas&#8221; del aura.<\/p>\n<p>A continuaci\u00f3n, aporta informaci\u00f3n detallada sobre cada uno de los siete chakras principales, sus correspondencias en el cuerpo f\u00edsico y una serie de t\u00e9cnicas para equilibrar la energ\u00eda de la fuerza vital mediante ejercicios de respiraci\u00f3n y visualizaci\u00f3n. Tambi\u00e9n se exploran los or\u00edgenes de los chakras en la tradici\u00f3n india y se los vincula a la pr\u00e1ctica del yoga en la actualidad.<\/p>\n<p>Los chakras resultan fundamentales para comprender la sanaci\u00f3n hol\u00edstica, y estas siete secciones del libro incluyen sencillas instrucciones para el empleo de cristales, colores, sonidos, aromaterapia y varios otros m\u00e9todos de autosanaci\u00f3n muy eficaces, que aportan importante informaci\u00f3n para principiantes, sanadores y practicantes por igual. Las \u00faltimas secciones del libro exploran los chakras m\u00e1s recientemente descubiertos. Todos los chakras son analizados en el contex<\/p>\n<p>&nbsp;<\/p>\n<p>&nbsp;<\/p>\n<p>&nbsp;<\/p>\n<p><strong>BAZAR MERL\u00cdN\u00ae<\/strong><br \/>\n<strong>El Lugar M\u00e1s M\u00edstico de Guadalajara<\/strong><br \/>\n<strong>ENVIAMOS A TODO M\u00c9XICO<\/strong><\/p>\n<!-- AddThis Advanced Settings generic via filter on the_content --><!-- AddThis Share Buttons generic via filter on the_content -->","protected":false},"excerpt":{"rendered":"<p>LA BIBLIA DE LOS CHAKRAS PARA TRABAJARLOS Y ACTIVARLOS &nbsp; &nbsp; La Biblia de los chakras te ofrece toda la informaci\u00f3n que necesitas conocer para trabajar con los chakras, aut\u00e9nticas ruedas de energ\u00eda coporal. Aporta tambi\u00e9n explicaciones muy precisas sobre las auras, la energ\u00eda sutil y el equilibrio de los chakras, y conocer\u00e1s los or\u00edgenes&hellip;<!-- AddThis Advanced Settings generic via filter on get_the_excerpt --><!-- AddThis Share Buttons generic via filter on get_the_excerpt --><\/p>\n","protected":false},"featured_media":11405,"template":"","meta":[],"product_cat":[16],"product_tag":[1381,1382],"_links":{"self":[{"href":"https:\/\/www.bazarmerlin.com\/inicio\/wp-json\/wp\/v2\/product\/5169"}],"collection":[{"href":"https:\/\/www.bazarmerlin.com\/inicio\/wp-json\/wp\/v2\/product"}],"about":[{"href":"https:\/\/www.bazarmerlin.com\/inicio\/wp-json\/wp\/v2\/types\/product"}],"wp:featuredmedia":[{"embeddable":true,"href":"https:\/\/www.bazarmerlin.com\/inicio\/wp-json\/wp\/v2\/media\/11405"}],"wp:attachment":[{"href":"https:\/\/www.bazarmerlin.com\/inicio\/wp-json\/wp\/v2\/media?parent=5169"}],"wp:term":[{"taxonomy":"product_cat","embeddable":true,"href":"https:\/\/www.bazarmerlin.com\/inicio\/wp-json\/wp\/v2\/product_cat?post=5169"},{"taxonomy":"product_tag","embeddable":true,"href":"https:\/\/www.bazarmerlin.com\/inicio\/wp-json\/wp\/v2\/product_tag?post=5169"}],"curies":[{"name":"wp","href":"https:\/\/api.w.org\/{rel}","templated":true}]}}