{"id":5238,"date":"2015-08-31T19:46:14","date_gmt":"2015-08-31T19:46:14","guid":{"rendered":"https:\/\/www.bazarmerlin.com\/inicio\/?post_type=product&#038;p=5238"},"modified":"2022-12-21T00:03:10","modified_gmt":"2022-12-21T00:03:10","slug":"libro-de-san-cono-mejore-y-gane-en-los-juegos-de-azar","status":"publish","type":"product","link":"https:\/\/www.bazarmerlin.com\/inicio\/producto\/libro-de-san-cono-mejore-y-gane-en-los-juegos-de-azar\/","title":{"rendered":"Libro De San Cono \/ Mejore Y Gane En Los Juegos De Azar"},"content":{"rendered":"<p><strong>LIBRO DE SAN CONO<\/strong><br \/>\n<strong>N\u00daMEROS DE SUERTE DE ACUERDO A TUS SUE\u00d1OS PARA GANAR EN LOS JUEGOS DE AZAR.<\/strong><\/p>\n<p>&nbsp;<\/p>\n<p>Este gran libro te dir\u00e1 qu\u00e9 n\u00fameros jugar en juegos de azar de acuerdo a tu sue\u00f1o.<\/p>\n<p>Este gran libro incluye:<\/p>\n<p>*Influencia de la luna en los sue\u00f1os.<br \/>\n*Diccionario Kabal\u00edstico<br \/>\n*Tabla de los colores en los sue\u00f1os.<br \/>\n*Oraci\u00f3n de San Cono San Cono y los n\u00fameros<br \/>\n*Y mucho m\u00e1s&#8230;<\/p>\n<p>&#8212;SAN CONO&#8212;<\/p>\n<p>ESTE GRAN LIBRO TE DIR\u00c1 CON QU\u00c9 N\u00daMEROS JUGAR EN LOS JUEGOS DE AZAR DE ACUERDO A TUS SUE\u00d1OS.<\/p>\n<p>&nbsp;<\/p>\n<p>&nbsp;<\/p>\n<p><strong>BAZAR MERLIN<\/strong><br \/>\n<strong>El Lugar M\u00e1s M\u00edstico de Guadalajara<\/strong><br \/>\n<strong>ENVIAMOS A TODO M\u00c9XIC<\/strong><\/p>\n<!-- AddThis Advanced Settings generic via filter on the_content --><!-- AddThis Share Buttons generic via filter on the_content -->","protected":false},"excerpt":{"rendered":"<p>LIBRO DE SAN CONO N\u00daMEROS DE SUERTE DE ACUERDO A TUS SUE\u00d1OS PARA GANAR EN LOS JUEGOS DE AZAR. &nbsp; Este gran libro te dir\u00e1 qu\u00e9 n\u00fameros jugar en juegos de azar de acuerdo a tu sue\u00f1o. Este gran libro incluye: *Influencia de la luna en los sue\u00f1os. *Diccionario Kabal\u00edstico *Tabla de los colores en&hellip;<!-- AddThis Advanced Settings generic via filter on get_the_excerpt --><!-- AddThis Share Buttons generic via filter on get_the_excerpt --><\/p>\n","protected":false},"featured_media":11191,"template":"","meta":[],"product_cat":[13],"product_tag":[1390,1391],"_links":{"self":[{"href":"https:\/\/www.bazarmerlin.com\/inicio\/wp-json\/wp\/v2\/product\/5238"}],"collection":[{"href":"https:\/\/www.bazarmerlin.com\/inicio\/wp-json\/wp\/v2\/product"}],"about":[{"href":"https:\/\/www.bazarmerlin.com\/inicio\/wp-json\/wp\/v2\/types\/product"}],"wp:featuredmedia":[{"embeddable":true,"href":"https:\/\/www.bazarmerlin.com\/inicio\/wp-json\/wp\/v2\/media\/11191"}],"wp:attachment":[{"href":"https:\/\/www.bazarmerlin.com\/inicio\/wp-json\/wp\/v2\/media?parent=5238"}],"wp:term":[{"taxonomy":"product_cat","embeddable":true,"href":"https:\/\/www.bazarmerlin.com\/inicio\/wp-json\/wp\/v2\/product_cat?post=5238"},{"taxonomy":"product_tag","embeddable":true,"href":"https:\/\/www.bazarmerlin.com\/inicio\/wp-json\/wp\/v2\/product_tag?post=5238"}],"curies":[{"name":"wp","href":"https:\/\/api.w.org\/{rel}","templated":true}]}}